000
CXUS55 KSEW 032343
CF6UIL
PRELIMINARY LOCAL CLIMATOLOGICAL DATA (WS FORM: F-6)
STATION: QUILLAYUTE WA AIRPORT
MONTH: NOVEMBER
YEAR: 2023
LATITUDE: 47 57 N
LONGITUDE: 124 33 W
TEMPERATURE IN F: :PCPN: SNOW: WIND :SUNSHINE: SKY :PK WND
================================================================================
1 2 3 4 5 6A 6B 7 8 9 10 11 12 13 14 15 16 17 18
12Z AVG MX 2MIN
DY MAX MIN AVG DEP HDD CDD WTR SNW DPTH SPD SPD DIR MIN PSBL S-S WX SPD DR
================================================================================
1 60 44 52 5 13 0 1.60 M M 5.8 16 150 M M 9 1 30 180
2 61 54 58 11 7 0 1.88 M M 9.0 20 250 M M 10 18 35 200
3 62 51 57 10 8 0 1.33 M M 5.7 18 150 M M 7 1 34 150
4 62 56 59 12 6 0 0.88 M M 10.7 21 180 M M 10 18 42 180
5 58 51 55 9 10 0 0.94 M M 6.1 18 190 M M 9 18 31 180
6 59 49 54 8 11 0 0.37 M M 2.8 10 310 M M 9 1 17 140
7 57 44 51 5 14 0 0.02 M M 6.4 16 300 M M 6 31 280
8 54 44 49 3 16 0 0.08 M M 3.0 9 140 M M 8 1 14 160
9 51 42 47 1 18 0 0.58 M M 4.6 20 240 M M 5 8 31 230
10 57 43 50 4 15 0 1.89 M M 7.8 22 190 M M 9 18 41 190
11 57 45 51 6 14 0 0.47 M M 8.7 28 260 M M 8 18 43 220
12 53 46 50 5 15 0 0.65 M M 4.8 13 140 M M 9 18 21 140
13 56 34 45 0 20 0 0.07 M M 2.0 8 240 M M 3 18 10 250
14 55 31 43 -2 22 0 0.00 M M 2.6 8 360 M M 0 8 13 350
15 52 31 42 -3 23 0 0.00 M M 3.7 10 360 M M 3 13 360
16 53 31 42 -2 23 0 0.00 M M 2.2 7 80 M M 0 18 10 90
17 56 32 44 0 21 0 0.00 M M 1.8 9 60 M M 0 8 13 60
18 55 35 45 1 20 0 0.81 M M 4.3 21 260 M M 6 1 29 260
19 54 42 48 4 17 0 0.13 M M 6.8 24 260 M M 7 36 260
20 54 38 46 2 19 0 0.00 M M 5.1 10 50 M M 1 14 40
21 59 38 49 5 16 0 0.66 M M 3.7 14 180 M M 4 1 25 160
22 55 34 45 1 20 0 0.00 M M 2.0 9 330 M M 6 128 14 330
23 53 31 42 -1 23 0 0.00 M M 7.5 21 50 M M 1 30 50
24 53 28 41 -2 24 0 0.00 M M 2.2 7 80 M M 0 10 90
25 53 29 41 -2 24 0 0.00 M M 1.7 7 100 M M 0 10 80
26 56 28 42 -1 23 0 0.00 M M 1.1 6 10 M M 0 9 90
27 57 28 43 0 22 0 0.00 M M 0.5 5 80 M M 0 18 8 90
28 52 27 40 -3 25 0 0.00 M M 0.5 6 80 M M 0 18 9 70
29 46 31 39 -3 26 0 T M M 1.1 7 80 M M 10 11 90
30 46 40 43 1 22 0 0.43 M M 3.9 10 140 M M 10 1 15 80
================================================================================
SM 1656 1157 537 0 12.79 M 128.1 M 150
================================================================================
AV 55.2 38.6 4.3 FASTST M M 5 MAX(MPH)
MISC ----> 28 260 43 220
================================================================================
NOTES:
# LAST OF SEVERAL OCCURRENCES
COLUMN 17 PEAK WIND IN M.P.H.
PRELIMINARY LOCAL CLIMATOLOGICAL DATA (WS FORM: F-6) , PAGE 2
STATION: QUILLAYUTE WA AIRPORT
MONTH: NOVEMBER
YEAR: 2023
LATITUDE: 47 57 N
LONGITUDE: 124 33 W
[TEMPERATURE DATA] [PRECIPITATION DATA] SYMBOLS USED IN COLUMN 16
AVERAGE MONTHLY: 46.9 TOTAL FOR MONTH: 12.79 1 = FOG OR MIST
DPTR FM NORMAL: 2.2 DPTR FM NORMAL: -2.47 2 = FOG REDUCING VISIBILITY
HIGHEST: 62 ON 4, 3 GRTST 24HR 3.39 ON 1- 2 TO 1/4 MILE OR LESS
LOWEST: 27 ON 28 3 = THUNDER
SNOW, ICE PELLETS, HAIL 4 = ICE PELLETS
TOTAL MONTH: M 5 = HAIL
GRTST 24HR M ON M 6 = FREEZING RAIN OR DRIZZLE
GRTST DEPTH: M ON M 7 = DUSTSTORM OR SANDSTORM:
VSBY 1/2 MILE OR LESS
8 = SMOKE OR HAZE
[NO. OF DAYS WITH] [WEATHER - DAYS WITH] 9 = BLOWING SNOW
X = TORNADO
MAX 32 OR BELOW: 0 0.01 INCH OR MORE: 17
MAX 90 OR ABOVE: 0 0.10 INCH OR MORE: 14
MIN 32 OR BELOW: 11 0.50 INCH OR MORE: 10
MIN 0 OR BELOW: 0 1.00 INCH OR MORE: 4
[HDD (BASE 65) ]
TOTAL THIS MO. 537 CLEAR (SCALE 0-3) 10
DPTR FM NORMAL -73 PTCLDY (SCALE 4-7) 11
TOTAL FM JUL 1 1093 CLOUDY (SCALE 8-10) 9
DPTR FM NORMAL -552
[CDD (BASE 65) ]
TOTAL THIS MO. 0
DPTR FM NORMAL 0 [PRESSURE DATA]
TOTAL FM JAN 1 116 HIGHEST SLP 30.52 ON 19
DPTR FM NORMAL 94 LOWEST SLP 29.45 ON 6
[REMARKS]
#FINAL-11-23#
CORRECTED