000
CXUS55 KSEW 010930
CF6UIL
PRELIMINARY LOCAL CLIMATOLOGICAL DATA (WS FORM: F-6)
STATION: QUILLAYUTE WA AIRPORT
MONTH: AUGUST
YEAR: 2023
LATITUDE: 47 57 N
LONGITUDE: 124 33 W
TEMPERATURE IN F: :PCPN: SNOW: WIND :SUNSHINE: SKY :PK WND
================================================================================
1 2 3 4 5 6A 6B 7 8 9 10 11 12 13 14 15 16 17 18
12Z AVG MX 2MIN
DY MAX MIN AVG DEP HDD CDD WTR SNW DPTH SPD SPD DIR MIN PSBL S-S WX SPD DR
================================================================================
1 77 54 66 6 0 1 0.00 M M 5.5 14 320 M M 2 12 21 290
2 77 51 64 4 1 0 0.00 M M 5.0 14 290 M M 3 21 290
3 77 57 67 7 0 2 0.00 M M 4.5 13 310 M M 5 20 320
4 78 55 67 7 0 2 0.00 M M 5.4 14 320 M M 4 18 21 280
5 75 62 69 9 0 4 0.00 M M 3.9 10 290 M M 7 18 14 280
6 74 63 69 9 0 4 0.05 M M 3.6 10 240 M M 10 1 15 310
7 76 61 69 9 0 4 0.03 M M 3.2 15 270 M M 9 18 20 260
8 75 63 69 9 0 4 0.09 M M 3.6 14 260 M M 8 1 18 260
9 70 63 67 7 0 2 0.50 M M 3.5 14 280 M M 10 18 17 280
10 74 57 66 6 0 1 0.03 M M 2.8 13 240 M M 9 1 18 240
11 76 51 64 4 1 0 0.00 M M 4.4 15 260 M M 1 8 24 260
12 78 56 67 7 0 2 0.00 M M 5.5 17 330 M M 2 24 320
13 97 59 78 18 0 13 0.00 M M 5.1 16 320 M M 0 25 320
14 M 60 M M M M 0.00 M M M 14 330 M M 0 20 330
15 93 61 77 17 0 12 0.00 M M 4.2 14 240 M M 0 18 280
16 86 60 73 13 0 8 0.00 M M 3.9 10 240 M M 2 12 14 210
17 69 53 61 1 4 0 0.00 M M 3.9 14 250 M M 7 12 19 270
18 70 47 59 -1 6 0 0.00 M M 5.1 14 290 M M 2 1 21 340
19 84 44 64 4 1 0 0.00 M M 5.5 20 330 M M 3 18 30 340
20 79 48 64 4 1 0 0.00 M M 3.1 17 290 M M 9 8 23 320
21 70 46 58 -2 7 0 0.00 M M 4.4 16 270 M M 5 18 21 280
22 73 49 61 1 4 0 0.05 M M 3.8 14 220 M M 6 23 210
23 69 51 60 0 5 0 0.00 M M 2.1 13 270 M M 8 128 15 250
24 85 48 67 7 0 2 0.00 M M 4.8 14 10 M M 2 128 23 60
25 80 59 70 10 0 5 T M M 3.0 9 70 M M 2 18 14 60
26 76 55 66 6 0 1 0.00 M M 3.4 14 220 M M 4 128 19 220
27 70 58 64 4 1 0 0.00 M M 3.8 10 250 M M 10 18 15 200
28 69 62 66 7 0 1 0.00 M M 2.7 14 270 M M 10 18 17 260
29 75 55 65 6 0 0 0.00 M M 3.7 13 250 M M 7 1 18 220
30 75 62 69 10 0 4 0.12 M M 3.2 12 240 M M 9 18 23 250
31 74 55 65 6 0 0 0.28 M M 5.6 16 340 M M 6 1 22 340
================================================================================
SM 2301 1725 31 72 1.15 M 122.2 M 162
================================================================================
AV 76.7 55.6 4.1 FASTST M M 5 MAX(MPH)
MISC ----> 20 330 30 340
================================================================================
NOTES:
# LAST OF SEVERAL OCCURRENCES
COLUMN 17 PEAK WIND IN M.P.H.
PRELIMINARY LOCAL CLIMATOLOGICAL DATA (WS FORM: F-6) , PAGE 2
STATION: QUILLAYUTE WA AIRPORT
MONTH: AUGUST
YEAR: 2023
LATITUDE: 47 57 N
LONGITUDE: 124 33 W
[TEMPERATURE DATA] [PRECIPITATION DATA] SYMBOLS USED IN COLUMN 16
AVERAGE MONTHLY: 66.2 TOTAL FOR MONTH: 1.15 1 = FOG OR MIST
DPTR FM NORMAL: 6.2 DPTR FM NORMAL: -1.49 2 = FOG REDUCING VISIBILITY
HIGHEST: 97 ON 13 GRTST 24HR 0.59 ON 8- 9 TO 1/4 MILE OR LESS
LOWEST: 44 ON 19 3 = THUNDER
SNOW, ICE PELLETS, HAIL 4 = ICE PELLETS
TOTAL MONTH: M 5 = HAIL
GRTST 24HR M ON M 6 = FREEZING RAIN OR DRIZZLE
GRTST DEPTH: M ON M 7 = DUSTSTORM OR SANDSTORM:
VSBY 1/2 MILE OR LESS
8 = SMOKE OR HAZE
[NO. OF DAYS WITH] [WEATHER - DAYS WITH] 9 = BLOWING SNOW
X = TORNADO
MAX 32 OR BELOW: 0 0.01 INCH OR MORE: 8
MAX 90 OR ABOVE: 2 0.10 INCH OR MORE: 3
MIN 32 OR BELOW: 0 0.50 INCH OR MORE: 1
MIN 0 OR BELOW: 0 1.00 INCH OR MORE: 0
[HDD (BASE 65) ]
TOTAL THIS MO. 31 CLEAR (SCALE 0-3) 12
DPTR FM NORMAL -132 PTCLDY (SCALE 4-7) 9
TOTAL FM JUL 1 101 CLOUDY (SCALE 8-10) 10
DPTR FM NORMAL -247
[CDD (BASE 65) ]
TOTAL THIS MO. 72
DPTR FM NORMAL 64 [PRESSURE DATA]
TOTAL FM JAN 1 106 HIGHEST SLP M ON M
DPTR FM NORMAL 87 LOWEST SLP 29.83 ON 31
[REMARKS]
#FINAL-08-23#