000
CXUS53 KLSX 020913
CLSUIN
CLIMATE REPORT
NATIONAL WEATHER SERVICE ST LOUIS MO
413 AM CDT TUE JUN 02 2020
...................................
...THE QUINCY IL CLIMATE SUMMARY FOR THE SEASON, FROM
3/1/2020 TO 5/31/2020...
CLIMATE NORMAL PERIOD 1981 TO 2010
CLIMATE RECORD PERIOD 1901 TO 2020
WEATHER OBSERVED NORMAL DEPART LAST YEAR`S
VALUE DATE(S) VALUE FROM VALUE
NORMAL
..............................................................
TEMPERATURE (F)
RECORD
HIGH 103 05/30/1934
LOW -13 03/05/1960
HIGHEST 87 05/24 MM MM
LOWEST 28 04/10 MM MM
04/14
AVG. MAXIMUM 61.7 62.5 -0.8
AVG. MINIMUM 43.0 42.8 0.2
MEAN 52.3 52.6 -0.3
DAYS MAX >= 90 0
DAYS MAX <= 32 0
DAYS MAX >= 100 0
DAYS MIN <= 32 17
DAYS MIN <= 0 0
PRECIPITATION (INCHES)
RECORD
MAXIMUM 25.78 1973
MINIMUM 4.20 1956
TOTALS 11.32 10.69 0.63
DAYS >= .01 39
DAYS >= .10 27
DAYS >= .50 8
DAYS >= 1.00 1
GREATEST
24 HR. TOTAL 1.67 05/14 TO 05/15
DEGREE DAYS
HEATING TOTAL 1210 1224 -14
SINCE 7/1 5361 5566 -205
COOLING TOTAL 71 86 -15
SINCE 1/1 71 86 -15
..............................................................
WIND (MPH)
HIGHEST WIND SPEED/DIRECTION 45/300 DATE 04/08
HIGHEST GUST SPEED/DIRECTION 60/300 DATE 04/08
WEATHER CONDITIONS. NUMBER OF DAYS WITH
THUNDERSTORM 17 HAIL 0
FOG W/VIS <= 1/4 MILE 7
- INDICATES NEGATIVE NUMBERS.
R INDICATES RECORD WAS SET OR TIED.
MM INDICATES DATA IS MISSING.
T INDICATES TRACE AMOUNT.
$$