000
CXUS56 KEKA 011330
CF6UKI
PRELIMINARY LOCAL CLIMATOLOGICAL DATA (WS FORM: F-6)
STATION: UKIAH CA
MONTH: JANUARY
YEAR: 2024
LATITUDE: 39 7 N
LONGITUDE: 123 12 W
TEMPERATURE IN F: :PCPN: SNOW: WIND :SUNSHINE: SKY :PK WND
================================================================================
1 2 3 4 5 6A 6B 7 8 9 10 11 12 13 14 15 16 17 18
12Z AVG MX 2MIN
DY MAX MIN AVG DEP HDD CDD WTR SNW DPTH SPD SPD DIR MIN PSBL S-S WX SPD DR
================================================================================
1 59 39 49 2 16 0 0.00 M M 0.3 5 280 M M 4 12 7 270
2 52 39 46 -1 19 0 0.63 M M 2.9 17 190 M M 10 12 25 180
3 55 40 48 1 17 0 0.22 M M 2.5 13 320 M M 5 1 18 280
4 61 39 50 3 15 0 T M M 1.4 12 300 M M 4 16 300
5 62 37 50 3 15 0 0.00 M M 1.8 7 290 M M 2 128 10 300
6 51 34 43 -4 22 0 0.38 M M 3.7 20 330 M M 3 1 32 330
7 53 28 41 -6 24 0 0.00 M M 3.5 17 300 M M 0 1 24 300
8 51 31 41 -6 24 0 0.01 M M 0.0 3 110 M M 8 18 6 350
9 55 38 47 0 18 0 0.29 M M 4.5 20 300 M M 6 1 29 310
10 54 36 45 -2 20 0 0.29 M M 7.0 24 300 M M 8 18 43 310
11 52 30 41 -7 24 0 0.00 M M 2.5 10 290 M M 0 18 17 280
12 53 45 49 1 16 0 0.04 M M 1.4 10 330 M M 6 1 14 310
13 55 46 51 3 14 0 1.70 M M 6.8 16 150 M M 9 1 23 160
14 59 45 52 4 13 0 T M M 1.0 7 30 M M 6 1 9 40
15 63 42 53 5 12 0 0.00 M M 1.1 7 290 M M 5 12 8 290
16 52 42 47 -1 18 0 0.68 M M 1.5 10 170 M M 10 12 15 170
17 56 45 51 3 14 0 0.06 M M 0.9 8 150 M M 9 12 12 140
18 60 47 54 6 11 0 0.00 M M 1.1 7 200 M M 5 12 9 200
19 56 47 52 4 13 0 0.49 M M 4.5 13 160 M M 6 1 22 180
20 56 51 54 6 11 0 0.47 M M 7.6 15 150 M M 10 1 24 170
21 56 51 54 6 11 0 0.83 M M 8.4 16 190 M M 10 1 24 160
22 63 51 57 9 8 0 0.05 M M 1.3 7 300 M M 9 1 12 240
23 63 50 57 9 8 0 0.30 M M 0.9 7 260 M M 7 1 10 360
24 57 46 52 4 13 0 0.28 M M 5.4 18 170 M M 9 1 28 170
25 62 41 52 4 13 0 T M M 0.9 5 270 M M 6 12 8 360
26 59 51 55 7 10 0 0.01 M M 0.6 6 270 M M 9 8 260
27 67 50 59 11 6 0 T M M 1.1 9 330 M M 6 1 12 290
28 78 50 64 16 1 0 0.00 M M 0.6 5 320 M M 1 12 7 240
29 74 50 62 14 3 0 0.00 M M 1.7 15 150 M M 3 12 24 160
30 69 47 58 9 7 0 T M M 6.3 18 160 M M 2 26 190
31 59 49 54 5 11 0 2.32 M M 11.2 23 190 M M 10 1 39 180
================================================================================
SM 1822 1337 427 0 9.05 M 94.4 M 188
================================================================================
AV 58.8 43.1 3.0 FASTST M M 6 MAX(MPH)
MISC ----> 24 300 43 310
================================================================================
NOTES:
# LAST OF SEVERAL OCCURRENCES
COLUMN 17 PEAK WIND IN M.P.H.
PRELIMINARY LOCAL CLIMATOLOGICAL DATA (WS FORM: F-6) , PAGE 2
STATION: UKIAH CA
MONTH: JANUARY
YEAR: 2024
LATITUDE: 39 7 N
LONGITUDE: 123 12 W
[TEMPERATURE DATA] [PRECIPITATION DATA] SYMBOLS USED IN COLUMN 16
AVERAGE MONTHLY: 51.0 TOTAL FOR MONTH: 9.05 1 = FOG OR MIST
DPTR FM NORMAL: 3.3 DPTR FM NORMAL: 2.35 2 = FOG REDUCING VISIBILITY
HIGHEST: 78 ON 28 GRTST 24HR 2.52 ON 13-14 TO 1/4 MILE OR LESS
LOWEST: 28 ON 7 3 = THUNDER
SNOW, ICE PELLETS, HAIL 4 = ICE PELLETS
TOTAL MONTH: M 5 = HAIL
GRTST 24HR M ON M 6 = FREEZING RAIN OR DRIZZLE
GRTST DEPTH: M ON M 7 = DUSTSTORM OR SANDSTORM:
VSBY 1/2 MILE OR LESS
8 = SMOKE OR HAZE
[NO. OF DAYS WITH] [WEATHER - DAYS WITH] 9 = BLOWING SNOW
X = TORNADO
MAX 32 OR BELOW: 0 0.01 INCH OR MORE: 18
MAX 90 OR ABOVE: 0 0.10 INCH OR MORE: 13
MIN 32 OR BELOW: 3 0.50 INCH OR MORE: 5
MIN 0 OR BELOW: 0 1.00 INCH OR MORE: 2
[HDD (BASE 65) ]
TOTAL THIS MO. 427 CLEAR (SCALE 0-3) 5
DPTR FM NORMAL -108 PTCLDY (SCALE 4-7) 15
TOTAL FM JUL 1 1343 CLOUDY (SCALE 8-10) 11
DPTR FM NORMAL -306
[CDD (BASE 65) ]
TOTAL THIS MO. 0
DPTR FM NORMAL 0 [PRESSURE DATA]
TOTAL FM JAN 1 0 HIGHEST SLP 30.36 ON 8
DPTR FM NORMAL 0 LOWEST SLP 29.49 ON 11
[REMARKS]
#FINAL-01-24#