000
CXUS53 KSGF 010644
CF6UNO
PRELIMINARY LOCAL CLIMATOLOGICAL DATA (WS FORM: F-6)
STATION: WEST PLAINS MO
MONTH: SEPTEMBER
YEAR: 2020
LATITUDE: 36 52 N
LONGITUDE: 91 55 W
TEMPERATURE IN F: :PCPN: SNOW: WIND :SUNSHINE: SKY :PK WND
================================================================================
1 2 3 4 5 6A 6B 7 8 9 10 11 12 13 14 15 16 17 18
12Z AVG MX 2MIN
DY MAX MIN AVG DEP HDD CDD WTR SNW DPTH SPD SPD DIR MIN PSBL S-S WX SPD DR
================================================================================
1 77 67 72 -2 0 7 0.82 M M 3.0 14 120 M M 7 123 20 120
2 80 69 75 1 0 10 0.05 M M 1.9 8 20 M M 8 12 10 40
3 83 70 77 3 0 12 0.00 M M 4.6 10 220 M M 7 12 14 230
4 83 62 73 -1 0 8 0.13 M M 3.5 12 50 M M 3 8 16 40
5 88 60 74 1 0 9 0.00 M M 2.3 12 210 M M 1 17 200
6 87 69 78 5 0 13 0.00 M M 5.9 15 180 M M 0 22 170
7 88 68 78 6 0 13 0.00 M M 7.5 14 190 M M 0 20 220
8 87 68 78 6 0 13 0.00 M M 5.1 15 160 M M 1 1 22 160
9 87 63 75 3 0 10 0.00 M M 3.4 12 150 M M 2 12 16 160
10 84 67 76 5 0 11 0.00 M M 2.3 10 180 M M 1 1 17 150
11 84 68 76 5 0 11 T M M 2.3 12 130 M M 7 1 18 130
12 81 63 72 2 0 7 0.01 M M 2.4 8 260 M M 5 1 13 260
13 79 60 70 0 0 5 0.00 M M 5.1 12 30 M M 5 12 17 10
14 82 58 70 0 0 5 0.00 M M 6.7 13 50 M M 0 19 50
15 83 54 69 0 0 4 0.00 M M 4.7 12 80 M M 0 16 110
16 86 61 74 5 0 9 0.00 M M 3.9 7 10 M M 4 11 340
17 80 57 69 1 0 4 0.00 M M 6.7 15 350 M M 0 21 20
18 75 54 65 -3 0 0 0.00 M M 6.8 14 50 M M 0 18 19 20
19 72 48 60 -7 5 0 0.00 M M 5.6 12 40 M M 0 16 80
20 76 45 61 -6 4 0 0.00 M M 5.0 10 110 M M 0 16 110
21 77 48 63 -4 2 0 0.00 M M 4.6 15 110 M M 1 20 120
22 70 57 64 -2 1 0 0.00 M M 3.5 8 150 M M 4 13 140
23 73 56 65 -1 0 0 0.00 M M 5.7 12 150 M M 2 1 16 150
24 72 53 63 -2 2 0 0.00 M M 3.6 9 50 M M 7 13 60
25 81 50 66 1 0 1 0.00 M M 4.1 12 190 M M 2 18 16 160
26 81 59 70 6 0 5 0.00 M M 6.8 14 170 M M 4 1 20 190
27 84 55 70 6 0 5 1.36 M M 7.9 23 10 M M 4 13 36 10
28 70 47 59 -5 6 0 0.08 M M 7.7 17 320 M M 5 13 30 310
29 69 44 57 -6 8 0 0.00 M M 4.9 17 270 M M 2 27 300
30 88 50 69 6 0 4 0.00 M M 7.9 17 230 M M 0 26 220
================================================================================
SM 2407 1750 28 166 2.45 M 145.4 M 82
================================================================================
AV 80.2 58.3 4.8 FASTST M M 3 MAX(MPH)
MISC ----> 23 10 36 10
================================================================================
NOTES:
# LAST OF SEVERAL OCCURRENCES
COLUMN 17 PEAK WIND IN M.P.H.
PRELIMINARY LOCAL CLIMATOLOGICAL DATA (WS FORM: F-6) , PAGE 2
STATION: WEST PLAINS MO
MONTH: SEPTEMBER
YEAR: 2020
LATITUDE: 36 52 N
LONGITUDE: 91 55 W
[TEMPERATURE DATA] [PRECIPITATION DATA] SYMBOLS USED IN COLUMN 16
AVERAGE MONTHLY: 69.3 TOTAL FOR MONTH: 2.45 1 = FOG OR MIST
DPTR FM NORMAL: 0.4 DPTR FM NORMAL: -1.64 2 = FOG REDUCING VISIBILITY
HIGHEST: 88 ON 30, 7 GRTST 24HR 1.36 ON 27-27 TO 1/4 MILE OR LESS
LOWEST: 44 ON 29 3 = THUNDER
SNOW, ICE PELLETS, HAIL 4 = ICE PELLETS
TOTAL MONTH: M 5 = HAIL
GRTST 24HR M ON M 6 = FREEZING RAIN OR DRIZZLE
GRTST DEPTH: M ON M 7 = DUSTSTORM OR SANDSTORM:
VSBY 1/2 MILE OR LESS
8 = SMOKE OR HAZE
[NO. OF DAYS WITH] [WEATHER - DAYS WITH] 9 = BLOWING SNOW
X = TORNADO
MAX 32 OR BELOW: 0 0.01 INCH OR MORE: 6
MAX 90 OR ABOVE: 0 0.10 INCH OR MORE: 3
MIN 32 OR BELOW: 0 0.50 INCH OR MORE: 2
MIN 0 OR BELOW: 0 1.00 INCH OR MORE: 1
[HDD (BASE 65) ]
TOTAL THIS MO. 28 CLEAR (SCALE 0-3) 18
DPTR FM NORMAL -13 PTCLDY (SCALE 4-7) 12
TOTAL FM JUL 1 28 CLOUDY (SCALE 8-10) 0
DPTR FM NORMAL -12
[CDD (BASE 65) ]
TOTAL THIS MO. 166
DPTR FM NORMAL 10 [PRESSURE DATA]
TOTAL FM JAN 1 1384 HIGHEST SLP M ON M
DPTR FM NORMAL 56 LOWEST SLP 29.79 ON 1
[REMARKS]
#FINAL-09-20#