569
CXUS54 KCRP 011300
CF6VCT
PRELIMINARY LOCAL CLIMATOLOGICAL DATA (WS FORM: F-6)
STATION: VICTORIA
MONTH: APRIL
YEAR: 2020
LATITUDE: 28 51 N
LONGITUDE: 96 55 W
TEMPERATURE IN F: :PCPN: SNOW: WIND :SUNSHINE: SKY :PK WND
================================================================================
1 2 3 4 5 6A 6B 7 8 9 10 11 12 13 14 15 16 17 18
12Z AVG MX 2MIN
DY MAX MIN AVG DEP HDD CDD WTR SNW DPTH SPD SPD DIR MIN PSBL S-S WX SPD DR
================================================================================
1 78 51 65 -2 0 0 0.00 0.0 0 9.3 18 130 M M 1 23 130
2 78 59 69 2 0 4 0.01 0.0 0 11.2 23 110 M M 6 29 110
3 81 66 74 7 0 9 0.11 0.0 0 10.4 22 130 M M 10 13 27 110
4 67 51 59 -8 6 0 0.24 0.0 0 12.7 23 360 M M 9 1 29 10
5 77 55 66 -2 0 1 0.00 0.0 0 8.6 15 50 M M 7 1 19 50
6 80 64 72 4 0 7 0.05 0.0 0 6.0 13 80 M M 8 128 15 80
7 89 74 82 14 0 17 0.00 0.0 0 7.0 16 160 M M 7 128 19 160
8 92 75 84 16 0 19 0.00 0.0 0 7.0 16 160 M M 7 18 18 150
9 91 70 81 13 0 16 0.23 0.0 0 5.6 17 340 M M 5 138 24 340
10 81 67 74 5 0 9 0.00 0.0 0 9.8 18 50 M M 6 24 60
11 84 67 76 7 0 11 0.00 0.0 0 13.1 24 140 M M 9 8 30 140
12 94 65 80 11 0 15 0.00 0.0 0 15.5 33 290 M M 5 8 43 290
13 74 52 63 -6 2 0 0.00 0.0 0 12.7 24 360 M M 0 32 340
14 75 53 64 -6 1 0 0.00 0.0 0 13.2 22 30 M M 4 30 40
15 74 47 61 -9 4 0 0.00 0.0 0 7.2 17 40 M M 0 20 40
16 81 47 64 -6 1 0 0.00 0.0 0 9.8 22 140 M M 2 27 150
17 82 63 73 3 0 8 0.22 0.0 0 7.4 17 340 M M 10 18 23 10
18 70 58 64 -6 1 0 0.07 0.0 0 7.9 16 360 M M 10 18 22 360
19 91 68 80 9 0 15 0.29 0.0 0 6.4 17 280 M M 6 1238 21 270
20 94 61 78 7 0 13 0.00 0.0 0 8.1 21 140 M M 1 128 23 140
21 88 66 77 6 0 12 0.00 0.0 0 10.9 23 140 M M 4 128 28 110
22 89 74 82 11 0 17 0.00 0.0 0 14.4 28 180 M M 9 18 35 170
23 93 64 79 7 0 14 T 0.0 0 10.8 23 10 M M 3 18 29 10
24 97 58 78 6 0 13 0.00 0.0 0 10.1 22 160 M M 2 128 29 10
25 85 64 75 3 0 10 T 0.0 0 10.3 23 30 M M 2 18 27 30
26 90 56 73 1 0 8 0.00 0.0 0 8.5 16 140 M M 2 21 140
27 88 63 76 3 0 11 0.00 0.0 0 12.3 25 150 M M 5 8 35 140
28 94 76 85 12 0 20 0.00 0.0 0 16.9 28 150 M M 8 18 33 170
29 87 59 73 0 0 8 0.23 0.0 0 11.6 39 10 M M 4 138 51 10
30 90 53 72 -1 0 7 0.00 0.0 0 5.9 16 180 M M 0 8 19 180
================================================================================
SM 2534 1846 15 264 1.45 0.0 300.6 M 152
================================================================================
AV 84.5 61.5 10.0 FASTST M M 5 MAX(MPH)
MISC ----> # 39 10 # 51 10
================================================================================
NOTES:
# LAST OF SEVERAL OCCURRENCES
COLUMN 17 PEAK WIND IN M.P.H.
PRELIMINARY LOCAL CLIMATOLOGICAL DATA (WS FORM: F-6) , PAGE 2
STATION: VICTORIA
MONTH: APRIL
YEAR: 2020
LATITUDE: 28 51 N
LONGITUDE: 96 55 W
[TEMPERATURE DATA] [PRECIPITATION DATA] SYMBOLS USED IN COLUMN 16
AVERAGE MONTHLY: 73.0 TOTAL FOR MONTH: 1.45 1 = FOG OR MIST
DPTR FM NORMAL: 3.1 DPTR FM NORMAL: -1.37 2 = FOG REDUCING VISIBILITY
HIGHEST: 97 ON 24 GRTST 24HR 0.29 ON 19-19 TO 1/4 MILE OR LESS
LOWEST: 47 ON 16,15 3 = THUNDER
SNOW, ICE PELLETS, HAIL 4 = ICE PELLETS
TOTAL MONTH: 0.0 INCH 5 = HAIL
GRTST 24HR 0.0 6 = FREEZING RAIN OR DRIZZLE
GRTST DEPTH: 0 7 = DUSTSTORM OR SANDSTORM:
VSBY 1/2 MILE OR LESS
8 = SMOKE OR HAZE
[NO. OF DAYS WITH] [WEATHER - DAYS WITH] 9 = BLOWING SNOW
X = TORNADO
MAX 32 OR BELOW: 0 0.01 INCH OR MORE: 9
MAX 90 OR ABOVE: 10 0.10 INCH OR MORE: 6
MIN 32 OR BELOW: 0 0.50 INCH OR MORE: 0
MIN 0 OR BELOW: 0 1.00 INCH OR MORE: 0
[HDD (BASE 65) ]
TOTAL THIS MO. 15 CLEAR (SCALE 0-3) 10
DPTR FM NORMAL -15 PTCLDY (SCALE 4-7) 13
TOTAL FM JUL 1 915 CLOUDY (SCALE 8-10) 7
DPTR FM NORMAL -333
[CDD (BASE 65) ]
TOTAL THIS MO. 264
DPTR FM NORMAL 87 [PRESSURE DATA]
TOTAL FM JAN 1 598 HIGHEST SLP 30.24 ON 15
DPTR FM NORMAL 309 LOWEST SLP 29.48 ON 12
[REMARKS]
#FINAL-04-20#