000
CXUS54 KCRP 011445
CLMVCT
CLIMATE REPORT
NATIONAL WEATHER SERVICE CORPUS CHRISTI TX
909 AM CDT TUE AUG 01 2023
...................................
...THE VICTORIA CLIMATE SUMMARY FOR THE MONTH OF JULY 2023...
CLIMATE NORMAL PERIOD 1991 TO 2020
CLIMATE RECORD PERIOD 1893 TO 2023
WEATHER OBSERVED NORMAL DEPART LAST YEAR`S
VALUE DATE(S) VALUE FROM VALUE DATE(S)
NORMAL
................................................................
TEMPERATURE (F)
RECORD
HIGH 110 07/09/1939
07/08/1939
LOW 61 07/11/1905
HIGHEST 104 07/22 94 10 103 07/10
LOWEST 73 07/28 75 -2 73 07/14
07/29 07/22
07/31 07/27
AVG. MAXIMUM 99.3 94.6 4.7 96.7
AVG. MINIMUM 76.9 74.5 2.4 75.8
MEAN 88.1 84.5 3.6 86.2
DAYS MAX >= 90 30 28.4 1.6 30
DAYS MAX <= 32 0 0.0 0.0 0
DAYS MIN <= 32 0 0.0 0.0 0
DAYS MIN <= 0 0 0.0 0.0 0
PRECIPITATION (INCHES)
RECORD
MAXIMUM 20.34 2007
MINIMUM 0.00 1912
TOTALS 1.09 3.46 -2.37 2.05
DAILY AVG. 0.04 0.11 -0.07 0.07
DAYS >= .01 6 7.1 -1.1 2
DAYS >= .10 4 4.6 -0.6 1
DAYS >= .50 0 2.5 -2.5 1
DAYS >= 1.00 0 1.2 -1.2 1
GREATEST
24 HR. TOTAL 0.54 07/06 TO 07/07 2.05 07/14 TO 07/15
SNOWFALL (INCHES)
RECORDS
TOTAL 0.0 MM
24 HR TOTAL 0.0 MM
TOTALS 0.0 MM MM 0.0
SINCE 7/1 0.0 MM MM 0.0
SNOWDEPTH AVG. 0 0
DAYS >= 1.0 0 MM MM 0
GREATEST
SNOW DEPTH 0 0
24 HR TOTAL 0.0 0.0
DEGREE DAYS
HEATING TOTAL 0 0 0 0
SINCE 7/1 0 0 0 0
COOLING TOTAL 726 606 120 665
SINCE 1/1 2253 1848 405 2266
................................................................
WIND (MPH)
AVERAGE WIND SPEED 9.2
HIGHEST WIND SPEED/DIRECTION 29/150 DATE 07/06
HIGHEST GUST SPEED/DIRECTION 51/350 DATE 07/23
SKY COVER
AVERAGE SKY COVER 0.25
AVERAGE RH (PERCENT) 70
WEATHER CONDITIONS. NUMBER OF DAYS WITH
THUNDERSTORM 5 MIXED PRECIP 0
HEAVY RAIN 2 RAIN 4
LIGHT RAIN 8 FREEZING RAIN 0
LT FREEZING RAIN 0 HAIL 0
HEAVY SNOW 0 SNOW 0
LIGHT SNOW 0 SLEET 0
FOG 23 FOG W/VIS <= 1/4 MILE 1
HAZE 2
- INDICATES NEGATIVE NUMBERS.
R INDICATES RECORD WAS SET OR TIED.
MM INDICATES DATA IS MISSING.
T INDICATES TRACE AMOUNT.
$$