000
CXUS55 KGJT 010910
CF6VEL
PRELIMINARY LOCAL CLIMATOLOGICAL DATA (WS FORM: F-6)
STATION: VERNAL UT
MONTH: APRIL
YEAR: 2022
LATITUDE: 40 27 N
LONGITUDE: 109 31 W
TEMPERATURE IN F: :PCPN: SNOW: WIND :SUNSHINE: SKY :PK WND
================================================================================
1 2 3 4 5 6A 6B 7 8 9 10 11 12 13 14 15 16 17 18
12Z AVG MX 2MIN
DY MAX MIN AVG DEP HDD CDD WTR SNW DPTH SPD SPD DIR MIN PSBL S-S WX SPD DR
================================================================================
1 59 31 45 0 20 0 0.00 M M 5.2 14 90 M M 1 19 90
2 67 31 49 4 16 0 0.00 M M 6.4 24 270 M M 0 35 270
3 60 33 47 2 18 0 0.00 M M 4.0 16 10 M M 2 22 20
4 65 29 47 2 18 0 0.00 M M 7.5 30 250 M M 0 44 250
5 56 33 45 -1 20 0 0.00 M M 15.2 38 260 M M M 55 260
6 50 26 38 -8 27 0 0.00 M M 8.0 22 360 M M M 29 360
7 59 23 41 -5 24 0 0.00 M M 4.1 12 190 M M 0 17 140
8 67 28 48 2 17 0 0.00 M M 3.5 10 300 M M M 13 160
9 71 36 54 8 11 0 0.00 M M 11.8 31 280 M M M 44 280
10 49 27 38 -8 27 0 0.00 M M 8.3 24 230 M M M 31 240
11 59 29 44 -3 21 0 T M M 8.9 32 290 M M M 46 300
12 44 23 34 -13 31 0 T M M 10.8 32 70 M M 3 1 42 70
13 44 17 31 -16 34 0 T M M 11.6 29 250 M M 1 45 230
14 59 19 39 -8 26 0 0.00 M M 9.7 32 250 M M 1 45 250
15 63 27 45 -3 20 0 0.00 M M 12.9 33 250 M M 0 47 260
16 63 34 49 1 16 0 T M M 7.4 26 260 M M 2 37 250
17 59 31 45 -3 20 0 0.00 M M 6.3 23 70 M M 3 41 70
18 72 33 53 5 12 0 0.00 M M 4.6 14 210 M M 0 8 18 210
19 77 33 55 6 10 0 0.00 M M 10.3 30 270 M M 0 51 230
20 69 33 51 2 14 0 0.00 M M 7.6 26 240 M M 1 36 220
21 77 34 56 7 9 0 0.00 M M 12.3 38 200 M M 1 56 210
22 69 39 54 5 11 0 0.18 M M 10.1 30 270 M M 6 43 260
23 54 35 45 -5 20 0 T M M 6.5 21 30 M M 6 12 27 20
24 53 29 41 -9 24 0 0.00 M M 5.6 20 350 M M 4 25 350
25 59 28 44 -6 21 0 0.00 M M 3.8 14 220 M M 0 19 180
26 70 31 51 0 14 0 0.00 M M 5.7 17 230 M M 0 25 230
27 77 47 62 11 3 0 0.00 M M 6.7 21 230 M M 0 29 230
28 73 47 60 9 5 0 0.00 M M 10.8 32 220 M M 2 44 190
29 62 40 51 -1 14 0 0.00 M M 10.4 24 250 M M 2 38 260
30 63 28 46 -6 19 0 0.00 M M 3.5 12 230 M M 0 17 180
================================================================================
SM 1869 934 542 0 0.18 M 239.5 M 35
================================================================================
AV 62.3 31.1 8.0 FASTST M M 1 MAX(MPH)
MISC ----> # 38 260 56 210
================================================================================
NOTES:
# LAST OF SEVERAL OCCURRENCES
COLUMN 17 PEAK WIND IN M.P.H.
PRELIMINARY LOCAL CLIMATOLOGICAL DATA (WS FORM: F-6) , PAGE 2
STATION: VERNAL UT
MONTH: APRIL
YEAR: 2022
LATITUDE: 40 27 N
LONGITUDE: 109 31 W
[TEMPERATURE DATA] [PRECIPITATION DATA] SYMBOLS USED IN COLUMN 16
AVERAGE MONTHLY: 46.7 TOTAL FOR MONTH: 0.18 1 = FOG OR MIST
DPTR FM NORMAL: -1.3 DPTR FM NORMAL: -0.56 2 = FOG REDUCING VISIBILITY
HIGHEST: 77 ON 27,21 GRTST 24HR 0.18 ON 22-22 TO 1/4 MILE OR LESS
LOWEST: 17 ON 13 3 = THUNDER
SNOW, ICE PELLETS, HAIL 4 = ICE PELLETS
TOTAL MONTH: M 5 = HAIL
GRTST 24HR M ON M 6 = FREEZING RAIN OR DRIZZLE
GRTST DEPTH: M ON M 7 = DUSTSTORM OR SANDSTORM:
VSBY 1/2 MILE OR LESS
8 = SMOKE OR HAZE
[NO. OF DAYS WITH] [WEATHER - DAYS WITH] 9 = BLOWING SNOW
X = TORNADO
MAX 32 OR BELOW: 0 0.01 INCH OR MORE: 1
MAX 90 OR ABOVE: 0 0.10 INCH OR MORE: 1
MIN 32 OR BELOW: 17 0.50 INCH OR MORE: 0
MIN 0 OR BELOW: 0 1.00 INCH OR MORE: 0
[HDD (BASE 65) ]
TOTAL THIS MO. 542 CLEAR (SCALE 0-3) 20
DPTR FM NORMAL 30 PTCLDY (SCALE 4-7) 4
TOTAL FM JUL 1 6238 CLOUDY (SCALE 8-10) 6
DPTR FM NORMAL -367
[CDD (BASE 65) ]
TOTAL THIS MO. 0
DPTR FM NORMAL 0 [PRESSURE DATA]
TOTAL FM JAN 1 0 HIGHEST SLP M ON M
DPTR FM NORMAL 0 LOWEST SLP 29.09 ON 11
[REMARKS]
#FINAL-04-22#