000
CXUS52 KTAE 010900
CF6VLD
PRELIMINARY LOCAL CLIMATOLOGICAL DATA (WS FORM: F-6)
STATION: VALDOSTA
MONTH: FEBRUARY
YEAR: 2023
LATITUDE: 30 46 N
LONGITUDE: 83 17 W
TEMPERATURE IN F: :PCPN: SNOW: WIND :SUNSHINE: SKY :PK WND
================================================================================
1 2 3 4 5 6A 6B 7 8 9 10 11 12 13 14 15 16 17 18
12Z AVG MX 2MIN
DY MAX MIN AVG DEP HDD CDD WTR SNW DPTH SPD SPD DIR MIN PSBL S-S WX SPD DR
================================================================================
1 83 60 72 20 0 7 0.00 0.0 M 1.2 7 220 M M 7 12 11 250
2 82 62 72 20 0 7 0.08 0.0 M 3.5 13 190 M M 8 1 19 220
3 70 40 55 3 10 0 0.40 0.0 M 8.0 21 360 M M 6 1 27 360
4 65 39 52 0 13 0 0.00 0.0 0 7.4 14 70 M M 1 19 100
5 73 49 61 8 4 0 0.00 0.0 M 1.9 9 90 M M 5 12 12 70
6 73 43 58 5 7 0 0.00 0.0 0 3.2 16 10 M M 1 18 20 10
7 77 39 58 5 7 0 0.00 0.0 0 2.4 13 150 M M 0 17 160
8 80 49 65 12 0 0 0.00 0.0 0 3.5 12 150 M M 0 1 16 110
9 83 53 68 14 0 3 0.07 0.0 0 3.9 15 180 M M 2 1 19 180
10 66 57 62 8 3 0 1.55 0.0 M 3.0 16 360 M M 10 13 22 360
11 67 52 60 6 5 0 1.60 0.0 M 7.0 23 170 M M 10 1 30 190
12 56 43 50 -4 15 0 0.15 0.0 0 13.0 30 190 M M 9 30 190
13 71 38 55 1 10 0 0.00 0.0 0 1.1 7 290 M M 0 13 280
14 76 38 57 3 8 0 0.00 M M 2.8 13 180 M M 0 17 160
15 80 45 63 8 2 0 0.00 0.0 0 3.9 16 180 M M 2 1 21 160
16 83 53 68 13 0 3 0.00 0.0 0 5.0 21 180 M M 4 1 26 170
17 79 47 63 8 2 0 0.46 0.0 M 5.0 18 310 M M 4 18 22 180
18 61 35 48 -7 17 0 0.00 0.0 M 5.6 17 20 M M 0 21 40
19 75 40 58 2 7 0 0.00 0.0 0 1.3 12 180 M M 1 15 220
20 78 49 64 8 1 0 0.00 0.0 0 3.3 13 200 M M 0 1 18 190
21 82 62 72 16 0 7 0.00 0.0 M 4.2 12 220 M M 7 1 16 200
22 85 65 75 19 0 10 0.00 0.0 M 6.5 18 180 M M 5 26 210
23 86 63 75 19 0 10 0.00 0.0 M 4.6 14 200 M M 4 12 20 220
24 87 65 76 20 0 11 0.00 0.0 M 0.8 8 10 M M 6 1 13 10
25 80 62 71 14 0 6 0.00 0.0 M 1.2 7 310 M M 5 1 11 290
26 84 59 72 15 0 7 0.00 0.0 M 1.7 8 290 M M 2 12 14 270
27 83 62 73 16 0 8 0.00 0.0 M 5.8 16 200 M M 6 1 24 230
28 88 68 78 21 0 13 0.00 0.0 0 5.0 20 220 M M 4 1 20 220
================================================================================
SM 2153 1437 111 92 4.31 0.0 115.8 M 109
================================================================================
AV 76.9 51.3 4.1 FASTST M M 4 MAX(MPH)
MISC ----> 30 190 # 30 190
================================================================================
NOTES:
# LAST OF SEVERAL OCCURRENCES
COLUMN 17 PEAK WIND IN M.P.H.
PRELIMINARY LOCAL CLIMATOLOGICAL DATA (WS FORM: F-6) , PAGE 2
STATION: VALDOSTA
MONTH: FEBRUARY
YEAR: 2023
LATITUDE: 30 46 N
LONGITUDE: 83 17 W
[TEMPERATURE DATA] [PRECIPITATION DATA] SYMBOLS USED IN COLUMN 16
AVERAGE MONTHLY: 64.1 TOTAL FOR MONTH: 4.31 1 = FOG OR MIST
DPTR FM NORMAL: 9.5 DPTR FM NORMAL: 1.00 2 = FOG REDUCING VISIBILITY
HIGHEST: 88 ON 28 GRTST 24HR 1.82 ON 10-11 TO 1/4 MILE OR LESS
LOWEST: 35 ON 18 3 = THUNDER
SNOW, ICE PELLETS, HAIL 4 = ICE PELLETS
TOTAL MONTH: 0.0 INCH 5 = HAIL
GRTST 24HR 0.0 6 = FREEZING RAIN OR DRIZZLE
GRTST DEPTH: 0 7 = DUSTSTORM OR SANDSTORM:
VSBY 1/2 MILE OR LESS
8 = SMOKE OR HAZE
[NO. OF DAYS WITH] [WEATHER - DAYS WITH] 9 = BLOWING SNOW
X = TORNADO
MAX 32 OR BELOW: 0 0.01 INCH OR MORE: 7
MAX 90 OR ABOVE: 0 0.10 INCH OR MORE: 5
MIN 32 OR BELOW: 0 0.50 INCH OR MORE: 2
MIN 0 OR BELOW: 0 1.00 INCH OR MORE: 2
[HDD (BASE 65) ]
TOTAL THIS MO. 111 CLEAR (SCALE 0-3) 12
DPTR FM NORMAL -192 PTCLDY (SCALE 4-7) 12
TOTAL FM JUL 1 877 CLOUDY (SCALE 8-10) 4
DPTR FM NORMAL -514
[CDD (BASE 65) ]
TOTAL THIS MO. 92
DPTR FM NORMAL 80 [PRESSURE DATA]
TOTAL FM JAN 1 131 HIGHEST SLP 30.54 ON 4
DPTR FM NORMAL 118 LOWEST SLP 29.82 ON 12
[REMARKS]
#FINAL-02-23#