000
CXUS52 KTAE 010800
CF6VLD
PRELIMINARY LOCAL CLIMATOLOGICAL DATA (WS FORM: F-6)
STATION: VALDOSTA
MONTH: SEPTEMBER
YEAR: 2023
LATITUDE: 30 46 N
LONGITUDE: 83 17 W
TEMPERATURE IN F: :PCPN: SNOW: WIND :SUNSHINE: SKY :PK WND
================================================================================
1 2 3 4 5 6A 6B 7 8 9 10 11 12 13 14 15 16 17 18
12Z AVG MX 2MIN
DY MAX MIN AVG DEP HDD CDD WTR SNW DPTH SPD SPD DIR MIN PSBL S-S WX SPD DR
================================================================================
1 85 74 80 0 0 15 0.61 0.0 0 M M M M M 0 M M
2 86 73 80 0 0 15 0.00 0.0 0 M M M M M 0 M M
3 86 73 80 0 0 15 0.00 0.0 0 2.5 9 120 M M 2 14 100
4 86 70 78 -2 0 13 0.00 0.0 0 1.0 8 10 M M 1 18 12 190
5 90 68 79 0 0 14 0.00 0.0 0 1.2 9 70 M M 0 1 13 70
6 91 69 80 1 0 15 0.00 0.0 0 0.7 8 10 M M 0 1 15 20
7 94 73 84 5 0 19 0.04 0.0 0 1.0 16 20 M M 1 38 20 360
8 93 67 80 1 0 15 0.54 0.0 0 5.4 24 20 M M 6 13 33 30
9 91 72 82 3 0 17 0.00 0.0 0 5.1 14 160 M M 2 1 20 140
10 93 72 83 5 0 18 0.00 0.0 0 3.5 13 170 M M 2 13 19 170
11 96 73 85 7 0 20 0.00 0.0 0 2.4 14 100 M M 1 1 20 90
12 94 71 83 5 0 18 0.00 0.0 0 2.1 20 190 M M 1 3 27 180
13 93 70 82 4 0 17 T M M 1.0 18 20 M M 1 1 25 20
14 94 71 83 5 0 18 0.00 0.0 M 2.7 16 20 M M 0 1 22 350
15 91 72 82 5 0 17 T 0.0 0 4.7 15 90 M M 5 1 23 100
16 89 71 80 3 0 15 0.00 0.0 0 5.3 12 130 M M 4 16 120
17 91 72 82 5 0 17 0.26 0.0 M 1.0 10 360 M M 3 1238 21 280
18 88 64 76 -1 0 11 0.00 0.0 M 2.2 13 10 M M 0 1 23 10
19 88 60 74 -2 0 9 0.00 M M 2.3 9 50 M M 0 1 14 40
20 88 65 77 1 0 12 0.00 M M 5.5 15 70 M M 1 21 80
21 91 71 81 5 0 16 0.00 0.0 M 6.6 16 100 M M 1 3 27 30
22 87 63 75 -1 0 10 0.00 0.0 0 7.9 16 10 M M 1 25 10
23 88 59 74 -2 0 9 0.00 0.0 0 1.0 10 20 M M 0 1 16 360
24 92 62 77 2 0 12 0.00 0.0 0 0.5 6 340 M M 1 1 12 250
25 93 62 78 3 0 13 0.00 0.0 0 2.6 8 150 M M 2 1 13 120
26 79 73 76 1 0 11 2.95 0.0 M 4.2 10 80 M M 9 123 16 70
27 77 72 75 0 0 10 0.00 0.0 0 8.0 14 40 M M 10 18 21 50
28 81 68 75 1 0 10 0.00 0.0 0 8.3 15 20 M M 7 21 20
29 87 67 77 3 0 12 0.00 M M 6.0 14 30 M M 1 21 40
30 87 70 79 5 0 14 0.00 0.0 0 6.1 15 60 M M 0 23 80
================================================================================
SM 2669 2067 0 427 4.40 0.0 100.8 M 62
================================================================================
AV 89.0 68.9 3.6 FASTST M M 2 MAX(MPH)
MISC ----> 24 20 33 30
================================================================================
NOTES:
# LAST OF SEVERAL OCCURRENCES
COLUMN 17 PEAK WIND IN M.P.H.
PRELIMINARY LOCAL CLIMATOLOGICAL DATA (WS FORM: F-6) , PAGE 2
STATION: VALDOSTA
MONTH: SEPTEMBER
YEAR: 2023
LATITUDE: 30 46 N
LONGITUDE: 83 17 W
[TEMPERATURE DATA] [PRECIPITATION DATA] SYMBOLS USED IN COLUMN 16
AVERAGE MONTHLY: 78.9 TOTAL FOR MONTH: 4.40 1 = FOG OR MIST
DPTR FM NORMAL: 1.7 DPTR FM NORMAL: 0.18 2 = FOG REDUCING VISIBILITY
HIGHEST: 96 ON 11 GRTST 24HR 2.95 ON 26-26 TO 1/4 MILE OR LESS
LOWEST: 59 ON 23 3 = THUNDER
SNOW, ICE PELLETS, HAIL 4 = ICE PELLETS
TOTAL MONTH: 0.0 INCH 5 = HAIL
GRTST 24HR 0.0 6 = FREEZING RAIN OR DRIZZLE
GRTST DEPTH: 0 7 = DUSTSTORM OR SANDSTORM:
VSBY 1/2 MILE OR LESS
8 = SMOKE OR HAZE
[NO. OF DAYS WITH] [WEATHER - DAYS WITH] 9 = BLOWING SNOW
X = TORNADO
MAX 32 OR BELOW: 0 0.01 INCH OR MORE: 5
MAX 90 OR ABOVE: 15 0.10 INCH OR MORE: 4
MIN 32 OR BELOW: 0 0.50 INCH OR MORE: 3
MIN 0 OR BELOW: 0 1.00 INCH OR MORE: 1
[HDD (BASE 65) ]
TOTAL THIS MO. 0 CLEAR (SCALE 0-3) 24
DPTR FM NORMAL -1 PTCLDY (SCALE 4-7) 4
TOTAL FM JUL 1 0 CLOUDY (SCALE 8-10) 2
DPTR FM NORMAL 0
[CDD (BASE 65) ]
TOTAL THIS MO. 427
DPTR FM NORMAL 62 [PRESSURE DATA]
TOTAL FM JAN 1 2778 HIGHEST SLP 30.15 ON 30
DPTR FM NORMAL 571 LOWEST SLP 29.85 ON 17
[REMARKS]
#FINAL-09-23#