000
CXUS52 KMLB 011642
CLMVRB
CLIMATE REPORT
NATIONAL WEATHER SERVICE MELBOURNE FL
1142 AM EST THU FEB 01 2024
...................................
...THE VERO BEACH CLIMATE SUMMARY FOR THE MONTH OF JANUARY 2024...
CLIMATE NORMAL PERIOD 1991 TO 2020
CLIMATE RECORD PERIOD 1942 TO 2024
WEATHER OBSERVED NORMAL DEPART LAST YEAR`S
VALUE DATE(S) VALUE FROM VALUE
NORMAL
..............................................................
TEMPERATURE (F)
MONTHLY RECORD
HOTTEST 69.8 1947
COLDEST 52.8 1981
DAILY RECORD
HIGH 88 01/31/1991
01/26/1965
01/19/1943
LOW 21 01/22/1985
JANUARY 2024
HIGHEST 84 01/12 86
LOWEST 40 01/31 33
AVG. MAXIMUM 73.8 73.3 0.5 77.0
AVG. MINIMUM 55.1 52.2 2.9 54.4
MEAN 64.5 62.8 1.7 65.7
DAYS MAX >= 90 0 0.0 0.0 0
DAYS MAX <= 32 0 0.0 0.0 0
DAYS MIN <= 32 0 0.9 -0.9 0
DAYS MIN <= 0 0 0.0 0.0 0
PRECIPITATION (INCHES)
MONTHLY RECORD
MAXIMUM 9.39 2016
MINIMUM T 2012
DAILY RECORD
MAXIMUM 8.82 01/21/1957
JANUARY 2024
TOTALS 2.23 2.74 -0.51 0.30
DAYS >= .01 10 8.1 1.9 2
DAYS >= .10 6 4.2 1.8 1
DAYS >= .50 1 1.7 -0.7 0
DAYS >= 1.00 0 0.9 -0.9 0
GREATEST
24 HR. TOTAL 0.64 01/12 TO 01/12
SNOWFALL (INCHES)
TOTALS 0.0 0.0 0.0 0.0
SINCE 7/1 0.0 0.0 0.0 MM
DAYS >= TRACE 0 0
DEGREE DAYS
HEATING TOTAL 105 137 -32 83
SINCE 7/1 167 253 -86 MM
COOLING TOTAL 96 68 28 113
SINCE 1/1 96 68 28 MM
..............................................................
WIND (MPH)
AVERAGE WIND SPEED 9.6
HIGHEST WIND SPEED/DIRECTION 36/280 DATE 01/09
HIGHEST GUST SPEED/DIRECTION 44/270 DATE 01/09
SKY COVER
POSSIBLE SUNSHINE (PERCENT) MM
AVERAGE SKY COVER 0.47
NUMBER OF DAYS FAIR 11
NUMBER OF DAYS PC 14
NUMBER OF DAYS CLOUDY 6
AVERAGE RH (PERCENT) 75
WEATHER CONDITIONS. NUMBER OF DAYS WITH
THUNDERSTORM 3 MIXED PRECIP 0
HEAVY RAIN 5 RAIN 7
LIGHT RAIN 11 LT FREEZING RAIN 0
HAIL 0 LIGHT SNOW 0
SLEET 0 FOG 18
FOG W/VIS <= 1/4 MILE 1 HAZE 4
- INDICATES NEGATIVE NUMBERS.
R INDICATES RECORD WAS SET OR TIED.
MM INDICATES DATA IS MISSING.
T INDICATES TRACE AMOUNT.
$$