000
CXUS51 KBTV 010800
CF6VSF
PRELIMINARY LOCAL CLIMATOLOGICAL DATA (WS FORM: F-6)
STATION: SPRINGFIELD VT
MONTH: JANUARY
YEAR: 2022
LATITUDE: 43 19 N
LONGITUDE: 72 31 W
TEMPERATURE IN F: :PCPN: SNOW: WIND :SUNSHINE: SKY :PK WND
================================================================================
1 2 3 4 5 6A 6B 7 8 9 10 11 12 13 14 15 16 17 18
12Z AVG MX 2MIN
DY MAX MIN AVG DEP HDD CDD WTR SNW DPTH SPD SPD DIR MIN PSBL S-S WX SPD DR
================================================================================
1 38 34 36 14 29 0 0.12 M M 0.1 3 350 M M 10 12 4 270
2 37 22 30 8 35 0 0.19 M M 4.1 16 310 M M 9 1 24 280
3 22 11 17 -5 48 0 0.00 M M 6.3 14 320 M M 1 23 330
4 30 4 17 -5 48 0 0.00 M M 0.9 10 230 M M 1 1 15 220
5 37 16 27 5 38 0 0.01 M M 2.0 13 170 M M 5 1 17 170
6 34 26 30 9 35 0 T M M 4.9 21 280 M M 7 1 28 270
7 30 18 24 3 41 0 T M M 4.3 17 300 M M 9 1 27 280
8 24 7 16 -5 49 0 T M M 4.4 10 320 M M 2 18 280
9 41 12 27 6 38 0 0.07 M M 6.4 21 250 M M 9 168 35 270
10 35 14 25 4 40 0 T M M 7.6 23 290 M M 7 18 36 290
11 14 -6 4 -17 61 0 T M M 4.6 16 280 M M 3 18 22 280
12 23 -4 10 -10 55 0 0.00 M M 0.8 6 260 M M 6 8 7 250
13 36 19 28 8 37 0 T M M 0.4 7 300 M M 8 18 8 300
14 35 2 19 -1 46 0 0.00 M M 7.8 22 340 M M 5 1 36 360
15 5 -7 -1 -21 66 0 0.00 M M 8.0 18 280 M M 0 24 270
16 20 -12 4 -16 61 0 0.00 M M 0.1 6 180 M M 1 9 170
17 35 15 25 5 40 0 0.69 M M 4.0 22 260 M M 10 12 34 90
18 28 1 15 -5 50 0 T M M 9.2 24 290 M M 6 8 35 310
19 37 -4 17 -3 48 0 T M M 1.9 13 170 M M 4 18 17 160
20 39 3 21 1 44 0 T M M 7.5 16 270 M M 3 1 26 280
21 16 -8 4 -16 61 0 0.00 M M 3.3 9 60 M M 0 M M
22 20 -18 1 -19 64 0 0.00 M M 0.6 7 170 M M 1 18 9 180
23 30 1 16 -4 49 0 0.00 M M 1.8 10 230 M M 4 1 16 240
24 26 1 14 -6 51 0 0.01 M M 0.2 8 120 M M 4 18 10 60
25 34 13 24 4 41 0 T M M 3.6 18 270 M M 9 1 24 280
26 16 -7 5 -15 60 0 0.00 M M 4.2 18 270 M M 0 8 24 280
27 22 -15 4 -16 61 0 T M M 1.6 13 180 M M 2 17 170
28 31 11 21 1 44 0 T M M 1.6 13 10 M M 9 8 19 10
29 18 5 12 -8 53 0 0.01 M M 8.2 20 330 M M 10 8 33 330
30 19 -3 8 -12 57 0 0.00 M M 6.9 17 270 M M 0 24 300
31 29 -10 10 -10 55 0 0.00 M M 0.8 7 180 M M 2 18 9 180
================================================================================
SM 861 141 1505 0 1.10 M 118.1 M 147
================================================================================
AV 27.8 4.5 3.8 FASTST M M 5 MAX(MPH)
MISC ----> 24 290 # 36 290
================================================================================
NOTES:
# LAST OF SEVERAL OCCURRENCES
COLUMN 17 PEAK WIND IN M.P.H.
PRELIMINARY LOCAL CLIMATOLOGICAL DATA (WS FORM: F-6) , PAGE 2
STATION: SPRINGFIELD VT
MONTH: JANUARY
YEAR: 2022
LATITUDE: 43 19 N
LONGITUDE: 72 31 W
[TEMPERATURE DATA] [PRECIPITATION DATA] SYMBOLS USED IN COLUMN 16
AVERAGE MONTHLY: 16.2 TOTAL FOR MONTH: 1.10 1 = FOG OR MIST
DPTR FM NORMAL: -4.3 DPTR FM NORMAL: -1.70 2 = FOG REDUCING VISIBILITY
HIGHEST: 41 ON 9 GRTST 24HR 0.69 ON 17-17 TO 1/4 MILE OR LESS
LOWEST: -18 ON 22 3 = THUNDER
SNOW, ICE PELLETS, HAIL 4 = ICE PELLETS
TOTAL MONTH: M 5 = HAIL
GRTST 24HR M ON M 6 = FREEZING RAIN OR DRIZZLE
GRTST DEPTH: M ON M 7 = DUSTSTORM OR SANDSTORM:
VSBY 1/2 MILE OR LESS
8 = SMOKE OR HAZE
[NO. OF DAYS WITH] [WEATHER - DAYS WITH] 9 = BLOWING SNOW
X = TORNADO
MAX 32 OR BELOW: 19 0.01 INCH OR MORE: 7
MAX 90 OR ABOVE: 0 0.10 INCH OR MORE: 3
MIN 32 OR BELOW: 30 0.50 INCH OR MORE: 1
MIN 0 OR BELOW: 11 1.00 INCH OR MORE: 0
[HDD (BASE 65) ]
TOTAL THIS MO. 1505 CLEAR (SCALE 0-3) 12
DPTR FM NORMAL 126 PTCLDY (SCALE 4-7) 11
TOTAL FM JUL 1 3854 CLOUDY (SCALE 8-10) 8
DPTR FM NORMAL -327
[CDD (BASE 65) ]
TOTAL THIS MO. 0
DPTR FM NORMAL 0 [PRESSURE DATA]
TOTAL FM JAN 1 0 HIGHEST SLP 30.66 ON 21
DPTR FM NORMAL 0 LOWEST SLP 28.98 ON 17
[REMARKS]
#FINAL-01-22#