000
CXUS53 KLBF 180713
CLMVTN
CLIMATE REPORT
NATIONAL WEATHER SERVICE NORTH PLATTE NE
113 AM CST MON DEC 18 2023
...................................
...THE VALENTINE CLIMATE SUMMARY FOR THE MONTH OF NOVEMBER 2023...
CLIMATE NORMAL PERIOD 1991 TO 2020
CLIMATE RECORD PERIOD 1885 TO 2023
WEATHER OBSERVED NORMAL DEPART LAST YEAR`S
VALUE DATE(S) VALUE FROM VALUE DATE(S)
NORMAL
................................................................
TEMPERATURE (F)
RECORD
HIGH 86 11/08/1999
11/07/1999
LOW -22 11/14/1959
HIGHEST 80 11/05 71 9 79 11/01
LOWEST 9 11/25 10 -9 11/30
AVG. MAXIMUM 55.6 50.6 5.0 45.3
AVG. MINIMUM 23.1 21.8 1.3 14.1
MEAN 39.3 36.2 3.1 29.7
DAYS MAX >= 90 0 0.0 0.0 0
DAYS MAX <= 32 2 4.4 -2.4 10
DAYS MIN <= 32 25 26.5 -1.5 29
DAYS MIN <= 0 0 1.1 -1.1 5
PRECIPITATION (INCHES)
RECORD
MAXIMUM 2.81 1944
MINIMUM T 1939
TOTALS 0.27 0.57 -0.30 0.26
DAILY AVG. 0.01 0.02 -0.01 0.01
DAYS >= .01 4 4.8 -0.8 6
DAYS >= .10 1 1.9 -0.9 1
DAYS >= .50 0 0.1 -0.1 0
DAYS >= 1.00 0 0.0 0.0 0
GREATEST
24 HR. TOTAL 0.12 11/19 TO 11/20 0.19 11/28 TO 11/29
SNOWFALL (INCHES)
RECORDS
TOTAL 34.5 1944
TOTALS 2.2 4.6 -2.4 2.1
SINCE 7/1 2.2 6.6 -4.4 MM
SNOWDEPTH AVG. 0 0
DAYS >= 1.0 1 1.5 -0.5 1
GREATEST
SNOW DEPTH 2 11/25 2 11/29
11/30
24 HR TOTAL 1.3 11/24 TO 11/24
DEGREE DAYS
HEATING TOTAL 763 864 -101 1054
SINCE 7/1 1366 1501 -135 MM
COOLING TOTAL 0 0 0 0
SINCE 1/1 877 926 -49 MM
................................................................
WIND (MPH)
AVERAGE WIND SPEED 8.7
HIGHEST WIND SPEED/DIRECTION 36/180 DATE 11/13
HIGHEST GUST SPEED/DIRECTION 49/300 DATE 11/05
SKY COVER
POSSIBLE SUNSHINE (PERCENT) MM
AVERAGE SKY COVER 0.18
NUMBER OF DAYS FAIR 22
NUMBER OF DAYS PC 5
NUMBER OF DAYS CLOUDY 3
AVERAGE RH (PERCENT) 59
WEATHER CONDITIONS. NUMBER OF DAYS WITH
THUNDERSTORM 0 MIXED PRECIP 0
HEAVY RAIN 0 RAIN 0
LIGHT RAIN 2 FREEZING RAIN 0
LT FREEZING RAIN 0 HAIL 0
HEAVY SNOW 0 SNOW 0
LIGHT SNOW 2 SLEET 0
FOG 5 FOG W/VIS <= 1/4 MILE 0
HAZE 1
- INDICATES NEGATIVE NUMBERS.
R INDICATES RECORD WAS SET OR TIED.
MM INDICATES DATA IS MISSING.
T INDICATES TRACE AMOUNT.
$$