000
CXUS56 KPQR 011201
CF6VUO
PRELIMINARY LOCAL CLIMATOLOGICAL DATA (WS FORM: F-6)
STATION: VANCOUVER WA
MONTH: JULY
YEAR: 2023
LATITUDE: 45 37 N
LONGITUDE: 122 39 W
TEMPERATURE IN F: :PCPN: SNOW: WIND :SUNSHINE: SKY :PK WND
================================================================================
1 2 3 4 5 6A 6B 7 8 9 10 11 12 13 14 15 16 17 18
12Z AVG MX 2MIN
DY MAX MIN AVG DEP HDD CDD WTR SNW DPTH SPD SPD DIR MIN PSBL S-S WX SPD DR
================================================================================
1 84 52 68 2 0 3 0.00 M M 6.9 16 310 M M 0 22 300
2 85 58 72 5 0 7 0.00 M M 7.9 17 310 M M 0 26 300
3 88 58 73 6 0 8 0.00 M M 6.0 16 320 M M 0 21 300
4 95 57 76 9 0 11 0.00 M M 5.5 14 320 M M 0 20 320
5 96 59 78 11 0 13 0.00 M M 5.6 14 310 M M 0 20 300
6 88 61 75 7 0 10 0.00 M M 4.6 13 320 M M 0 18 310
7 77 58 68 0 0 3 0.00 M M 4.4 12 320 M M 4 19 320
8 76 56 66 -2 0 1 0.00 M M 3.7 10 270 M M 5 15 260
9 85 57 71 3 0 6 0.00 M M 5.2 12 350 M M 0 17 320
10 71 59 65 -3 0 0 T M M 3.2 8 290 M M 9 8 11 330
11 82 62 72 4 0 7 0.00 M M 5.9 12 320 M M 3 18 280
12 83 60 72 3 0 7 0.00 M M 5.2 13 320 M M 0 20 320
13 87 59 73 4 0 8 0.00 M M 5.6 13 290 M M 0 19 240
14 93 58 76 7 0 11 0.00 M M 5.8 14 290 M M 0 20 290
15 95 59 77 8 0 12 0.00 M M 6.7 17 300 M M 0 24 290
16 92 61 77 8 0 12 0.00 M M 6.9 17 300 M M 0 24 320
17 77 63 70 0 0 5 0.00 M M 5.0 13 290 M M 6 17 320
18 87 56 72 2 0 7 0.00 M M 7.6 16 310 M M 0 24 290
19 95 63 79 9 0 14 0.00 M M 5.7 14 310 M M 0 8 22 320
20 88 60 74 4 0 9 0.00 M M 3.9 10 340 M M 1 15 10
21 87 62 75 5 0 10 0.00 M M 5.5 13 270 M M 3 16 290
22 88 59 74 4 0 9 0.00 M M 5.2 14 310 M M 0 21 310
23 87 60 74 4 0 9 0.00 M M 5.4 15 310 M M 0 22 300
24 76 56 66 -4 0 1 T M M 4.9 15 260 M M 5 20 250
25 79 63 71 1 0 6 T M M 6.7 14 290 M M 5 18 290
26 83 55 69 -1 0 4 0.00 M M 6.8 15 300 M M 0 22 300
27 83 54 69 -1 0 4 0.00 M M 5.2 13 300 M M 0 19 350
28 83 59 71 1 0 6 0.00 M M 6.0 13 290 M M 1 17 290
29 82 59 71 1 0 6 0.00 M M 6.1 15 330 M M 1 21 320
30 82 57 70 0 0 5 0.00 M M 5.9 13 320 M M 0 18 290
31 84 54 69 -1 0 4 0.00 M M 6.1 15 300 M M 0 21 300
================================================================================
SM 2638 1814 0 218 T M 175.1 M 43
================================================================================
AV 85.1 58.5 5.6 FASTST M M 1 MAX(MPH)
MISC ----> # 17 310 26 300
================================================================================
NOTES:
# LAST OF SEVERAL OCCURRENCES
COLUMN 17 PEAK WIND IN M.P.H.
PRELIMINARY LOCAL CLIMATOLOGICAL DATA (WS FORM: F-6) , PAGE 2
STATION: VANCOUVER WA
MONTH: JULY
YEAR: 2023
LATITUDE: 45 37 N
LONGITUDE: 122 39 W
[TEMPERATURE DATA] [PRECIPITATION DATA] SYMBOLS USED IN COLUMN 16
AVERAGE MONTHLY: 71.8 TOTAL FOR MONTH: T 1 = FOG OR MIST
DPTR FM NORMAL: 2.8 DPTR FM NORMAL: -0.42 2 = FOG REDUCING VISIBILITY
HIGHEST: 96 ON 5 GRTST 24HR T ON 10-10 TO 1/4 MILE OR LESS
LOWEST: 52 ON 1 3 = THUNDER
SNOW, ICE PELLETS, HAIL 4 = ICE PELLETS
TOTAL MONTH: M 5 = HAIL
GRTST 24HR M ON M 6 = FREEZING RAIN OR DRIZZLE
GRTST DEPTH: M ON M 7 = DUSTSTORM OR SANDSTORM:
VSBY 1/2 MILE OR LESS
8 = SMOKE OR HAZE
[NO. OF DAYS WITH] [WEATHER - DAYS WITH] 9 = BLOWING SNOW
X = TORNADO
MAX 32 OR BELOW: 0 0.01 INCH OR MORE: 0
MAX 90 OR ABOVE: 6 0.10 INCH OR MORE: 0
MIN 32 OR BELOW: 0 0.50 INCH OR MORE: 0
MIN 0 OR BELOW: 0 1.00 INCH OR MORE: 0
[HDD (BASE 65) ]
TOTAL THIS MO. 0 CLEAR (SCALE 0-3) 24
DPTR FM NORMAL -16 PTCLDY (SCALE 4-7) 6
TOTAL FM JUL 1 0 CLOUDY (SCALE 8-10) 1
DPTR FM NORMAL -11
[CDD (BASE 65) ]
TOTAL THIS MO. 218
DPTR FM NORMAL 79 [PRESSURE DATA]
TOTAL FM JAN 1 366 HIGHEST SLP 30.22 ON 25
DPTR FM NORMAL 169 LOWEST SLP 29.81 ON 5
[REMARKS]
#FINAL-07-23#