000
CXUS55 KRIW 011110
CF6WRL
PRELIMINARY LOCAL CLIMATOLOGICAL DATA (WS FORM: F-6)
STATION: WORLAND WY
MONTH: NOVEMBER
YEAR: 2021
LATITUDE: 43 58 N
LONGITUDE: 107 57 W
TEMPERATURE IN F: :PCPN: SNOW: WIND :SUNSHINE: SKY :PK WND
================================================================================
1 2 3 4 5 6A 6B 7 8 9 10 11 12 13 14 15 16 17 18
12Z AVG MX 2MIN
DY MAX MIN AVG DEP HDD CDD WTR SNW DPTH SPD SPD DIR MIN PSBL S-S WX SPD DR
================================================================================
1 41 27 34 -3 31 0 0.00 M M 2.8 9 110 M M 9 12 120
2 49 22 36 -1 29 0 0.00 M M 1.4 7 110 M M 3 10 40
3 58 27 43 7 22 0 0.00 M M 3.3 12 200 M M 2 13 200
4 65 29 47 11 18 0 0.00 M M 3.7 16 320 M M 0 21 310
5 63 32 48 13 17 0 0.00 M M 5.6 15 120 M M 0 17 130
6 63 32 48 13 17 0 0.00 M M 4.7 13 170 M M 0 18 170
7 54 30 42 8 23 0 0.00 M M 3.5 10 160 M M 4 13 160
8 48 22 35 1 30 0 0.00 M M 2.4 8 180 M M 2 10 40
9 58 21 40 7 25 0 0.00 M M 4.9 20 200 M M 2 27 200
10 50 25 38 5 27 0 0.00 M M 8.2 26 320 M M 3 35 320
11 39 18 29 -3 36 0 0.00 M M 4.7 10 280 M M 6 14 260
12 48 18 33 1 32 0 0.00 M M 2.8 12 170 M M 2 13 170
13 63 29 46 15 19 0 0.00 M M 8.8 31 330 M M 2 43 330
14 49 30 40 9 25 0 0.00 M M 3.8 13 210 M M 1 14 210
15 66 34 50 20 15 0 0.00 M M 7.4 25 220 M M 0 35 210
16 61 30 46 16 19 0 0.00 M M 13.5 31 230 M M 2 42 220
17 36 12 24 -5 41 0 0.00 M M 5.1 12 350 M M 1 16 320
18 42 7 25 -4 40 0 0.00 M M 2.3 12 170 M M 0 12 170
19 49 17 33 5 32 0 T M M 3.1 15 210 M M 5 17 210
20 47 22 35 7 30 0 0.00 M M 4.3 12 180 M M 5 13 180
21 46 16 31 4 34 0 0.00 M M 3.6 12 160 M M 0 14 160
22 55 17 36 9 29 0 0.00 M M 3.8 13 180 M M 0 18 14 180
23 56 16 36 10 29 0 0.00 M M 4.5 25 340 M M 0 33 340
24 40 18 29 3 36 0 0.00 M M 10.0 28 350 M M 8 42 360
25 50 11 31 6 34 0 0.00 M M 4.0 14 170 M M 1 16 170
26 47 24 36 11 29 0 0.00 M M 4.1 14 130 M M 0 15 120
27 49 20 35 11 30 0 0.00 M M 3.6 12 180 M M 1 8 13 170
28 49 19 34 10 31 0 0.00 M M 3.9 10 170 M M 0 11 140
29 59 24 42 19 23 0 0.00 M M 5.1 26 330 M M 1 39 350
30 40 22 31 8 34 0 0.00 M M 4.7 13 140 M M 0 16 130
================================================================================
SM 1540 671 837 0 T M 143.6 M 60
================================================================================
AV 51.3 22.4 4.8 FASTST M M 2 MAX(MPH)
MISC ----> # 31 330 43 330
================================================================================
NOTES:
# LAST OF SEVERAL OCCURRENCES
COLUMN 17 PEAK WIND IN M.P.H.
PRELIMINARY LOCAL CLIMATOLOGICAL DATA (WS FORM: F-6) , PAGE 2
STATION: WORLAND WY
MONTH: NOVEMBER
YEAR: 2021
LATITUDE: 43 58 N
LONGITUDE: 107 57 W
[TEMPERATURE DATA] [PRECIPITATION DATA] SYMBOLS USED IN COLUMN 16
AVERAGE MONTHLY: 36.9 TOTAL FOR MONTH: T 1 = FOG OR MIST
DPTR FM NORMAL: 6.7 DPTR FM NORMAL: -0.37 2 = FOG REDUCING VISIBILITY
HIGHEST: 66 ON 15 GRTST 24HR T ON 19-19 TO 1/4 MILE OR LESS
LOWEST: 7 ON 18 3 = THUNDER
SNOW, ICE PELLETS, HAIL 4 = ICE PELLETS
TOTAL MONTH: M 5 = HAIL
GRTST 24HR M ON M 6 = FREEZING RAIN OR DRIZZLE
GRTST DEPTH: M ON M 7 = DUSTSTORM OR SANDSTORM:
VSBY 1/2 MILE OR LESS
8 = SMOKE OR HAZE
[NO. OF DAYS WITH] [WEATHER - DAYS WITH] 9 = BLOWING SNOW
X = TORNADO
MAX 32 OR BELOW: 0 0.01 INCH OR MORE: 0
MAX 90 OR ABOVE: 0 0.10 INCH OR MORE: 0
MIN 32 OR BELOW: 29 0.50 INCH OR MORE: 0
MIN 0 OR BELOW: 0 1.00 INCH OR MORE: 0
[HDD (BASE 65) ]
TOTAL THIS MO. 837 CLEAR (SCALE 0-3) 24
DPTR FM NORMAL -210 PTCLDY (SCALE 4-7) 5
TOTAL FM JUL 1 1556 CLOUDY (SCALE 8-10) 1
DPTR FM NORMAL -354
[CDD (BASE 65) ]
TOTAL THIS MO. 0
DPTR FM NORMAL 0 [PRESSURE DATA]
TOTAL FM JAN 1 787 HIGHEST SLP 30.54 ON 21
DPTR FM NORMAL 259 LOWEST SLP 29.51 ON 16
[REMARKS]
#FINAL-11-21#