000
CXUS55 KRIW 251838
CF6WRL
PRELIMINARY LOCAL CLIMATOLOGICAL DATA (WS FORM: F-6)
STATION: WORLAND WY
MONTH: DECEMBER
YEAR: 2023
LATITUDE: 43 58 N
LONGITUDE: 107 57 W
TEMPERATURE IN F: :PCPN: SNOW: WIND :SUNSHINE: SKY :PK WND
================================================================================
1 2 3 4 5 6A 6B 7 8 9 10 11 12 13 14 15 16 17 18
12Z AVG MX 2MIN
DY MAX MIN AVG DEP HDD CDD WTR SNW DPTH SPD SPD DIR MIN PSBL S-S WX SPD DR
================================================================================
1 25 4 15 -7 50 0 0.00 M M 2.0 9 200 M M 2 10 290
2 36 8 22 0 43 0 0.00 M M 4.2 13 250 M M 2 16 120
3 36 8 22 0 43 0 0.00 M M 5.6 13 120 M M 1 14 120
4 41 15 28 7 37 0 0.00 M M 4.8 16 280 M M 3 34 300
5 44 18 31 10 34 0 0.00 M M 3.9 12 200 M M 0 13 200
6 42 21 32 12 33 0 0.00 M M 2.6 10 130 M M 0 13 330
7 46 22 34 14 31 0 T M M 4.8 24 330 M M 3 32 360
8 37 17 27 7 38 0 0.00 M M 6.2 15 330 M M 3 19 330
9 36 20 28 9 37 0 0.00 M M 4.2 13 320 M M 4 17 320
10 39 17 28 9 37 0 0.00 M M 3.0 12 130 M M 0 14 120
11 43 13 28 9 37 0 0.00 M M 3.9 9 170 M M 3 12 30
12 36 14 25 7 40 0 0.00 M M 2.3 10 160 M M 1 13 170
13 37 10 24 6 41 0 0.00 M M 3.1 9 200 M M 0 10 190
14 39 10 25 7 40 0 0.00 M M 1.7 8 160 M M 0 9 160
15 41 11 26 8 39 0 0.00 M M 2.7 9 180 M M 0 10 180
16 39 11 25 7 40 0 0.00 M M 2.3 12 170 M M 0 13 170
17 47 14 31 14 34 0 0.00 M M 2.7 9 200 M M 0 9 170
18 33 12 23 6 42 0 0.00 M M 2.4 9 180 M M 0 10 210
19 46 16 31 14 34 0 0.00 M M 3.0 10 170 M M 1 12 170
20 45 17 31 14 34 0 0.00 M M 2.5 10 290 M M 0 12 290
21 50 17 34 17 31 0 0.00 M M 2.9 12 180 M M 1 8 13 180
22 47 15 31 14 34 0 0.00 M M 2.9 12 190 M M 0 12 190
23 36 19 28 12 37 0 T M M 12.0 30 330 M M 5 1 42 330
24 26 1 14 -2 51 0 0.00 M M 5.6 17 320 M M 3 24 320
25 21 -5 8 -8 57 0 0.00 M M 2.8 10 180 M M 0 12 170
26 28 3 16 0 49 0 0.00 M M 3.7 9 180 M M 0 10 190
27 35 1 18 2 47 0 0.00 M M 2.2 9 210 M M 0 10 210
28 33 1 17 1 48 0 0.00 M M 2.5 9 200 M M 1 11 200
29 38 4 21 5 44 0 0.00 M M 3.9 13 160 M M 1 16 150
30 42 10 26 10 39 0 0.00 M M 2.2 10 160 M M 0 13 150
31 37 10 24 8 41 0 0.00 M M 0.9 6 130 M M 0 8 40
================================================================================
SM 1181 354 1242 0 T M 109.5 M 34
================================================================================
AV 38.1 11.4 3.5 FASTST M M 1 MAX(MPH)
MISC ----> 30 330 42 330
================================================================================
NOTES:
# LAST OF SEVERAL OCCURRENCES
COLUMN 17 PEAK WIND IN M.P.H.
PRELIMINARY LOCAL CLIMATOLOGICAL DATA (WS FORM: F-6) , PAGE 2
STATION: WORLAND WY
MONTH: DECEMBER
YEAR: 2023
LATITUDE: 43 58 N
LONGITUDE: 107 57 W
[TEMPERATURE DATA] [PRECIPITATION DATA] SYMBOLS USED IN COLUMN 16
AVERAGE MONTHLY: 24.8 TOTAL FOR MONTH: T 1 = FOG OR MIST
DPTR FM NORMAL: 6.6 DPTR FM NORMAL: -0.18 2 = FOG REDUCING VISIBILITY
HIGHEST: 50 ON 21 GRTST 24HR T ON 7- 7 TO 1/4 MILE OR LESS
LOWEST: -5 ON 25 3 = THUNDER
SNOW, ICE PELLETS, HAIL 4 = ICE PELLETS
TOTAL MONTH: M 5 = HAIL
GRTST 24HR M ON M 6 = FREEZING RAIN OR DRIZZLE
GRTST DEPTH: M ON M 7 = DUSTSTORM OR SANDSTORM:
VSBY 1/2 MILE OR LESS
8 = SMOKE OR HAZE
[NO. OF DAYS WITH] [WEATHER - DAYS WITH] 9 = BLOWING SNOW
X = TORNADO
MAX 32 OR BELOW: 4 0.01 INCH OR MORE: 0
MAX 90 OR ABOVE: 0 0.10 INCH OR MORE: 0
MIN 32 OR BELOW: 31 0.50 INCH OR MORE: 0
MIN 0 OR BELOW: 1 1.00 INCH OR MORE: 0
[HDD (BASE 65) ]
TOTAL THIS MO. 1242 CLEAR (SCALE 0-3) 29
DPTR FM NORMAL -210 PTCLDY (SCALE 4-7) 2
TOTAL FM JUL 1 2978 CLOUDY (SCALE 8-10) 0
DPTR FM NORMAL -382
[CDD (BASE 65) ]
TOTAL THIS MO. 0
DPTR FM NORMAL 0 [PRESSURE DATA]
TOTAL FM JAN 1 440 HIGHEST SLP 30.59 ON 15
DPTR FM NORMAL -88 LOWEST SLP 29.57 ON 7
[REMARKS]
#FINAL-12-23#