000
CXUS55 KRIW 010945
CF6WRL
PRELIMINARY LOCAL CLIMATOLOGICAL DATA (WS FORM: F-6)
STATION: WORLAND WY
MONTH: JUNE
YEAR: 2020
LATITUDE: 43 58 N
LONGITUDE: 107 57 W
TEMPERATURE IN F: :PCPN: SNOW: WIND :SUNSHINE: SKY :PK WND
================================================================================
1 2 3 4 5 6A 6B 7 8 9 10 11 12 13 14 15 16 17 18
12Z AVG MX 2MIN
DY MAX MIN AVG DEP HDD CDD WTR SNW DPTH SPD SPD DIR MIN PSBL S-S WX SPD DR
================================================================================
1 95 52 74 14 0 9 0.00 M M 7.7 25 220 M M 0 34 210
2 82 53 68 7 0 3 0.06 M M 5.4 15 360 M M 1 38 21 360
3 89 48 69 8 0 4 0.01 M M 7.0 38 300 M M 0 M M
4 87 52 70 9 0 5 0.00 M M 6.0 30 350 M M 1 41 340
5 97 48 73 12 0 8 0.00 M M 8.6 24 220 M M 0 3 33 230
6 87 56 72 10 0 7 0.05 M M 14.8 36 190 M M 3 1 53 170
7 77 45 61 -1 4 0 0.15 M M 7.1 30 320 M M 3 13 41 300
8 69 45 57 -5 8 0 0.00 M M 9.5 23 330 M M 1 31 330
9 72 38 55 -8 10 0 0.00 M M 8.9 24 320 M M 2 35 330
10 78 40 59 -4 6 0 0.00 M M 4.9 12 60 M M 2 18 10
11 88 44 66 3 0 1 0.00 M M 6.2 14 130 M M 0 18 120
12 96 50 73 9 0 8 0.00 M M 8.9 21 240 M M 0 26 220
13 97 67 82 18 0 17 0.00 M M 17.9 38 190 M M 0 50 190
14 85 58 72 8 0 7 0.00 M M 9.1 28 240 M M 0 39 200
15 87 50 69 5 0 4 0.00 M M 7.6 24 210 M M 0 42 190
16 81 53 67 2 0 2 0.01 M M 7.5 31 320 M M 2 39 330
17 64 42 53 -12 12 0 0.07 M M 8.1 30 340 M M 6 1 41 350
18 72 40 56 -10 9 0 0.09 M M 7.0 18 310 M M 3 1 24 350
19 78 43 61 -5 4 0 0.00 M M 4.8 13 230 M M 2 17 50
20 84 54 69 3 0 4 0.00 M M 4.7 22 350 M M 3 32 10
21 78 51 65 -1 0 0 0.10 M M 5.5 22 330 M M 4 3 29 340
22 83 49 66 -1 0 1 0.00 M M 5.7 14 30 M M 1 17 30
23 88 49 69 2 0 4 0.00 M M 5.1 13 30 M M 0 16 30
24 96 54 75 8 0 10 T M M 7.6 30 330 M M 1 3 40 340
25 78 55 67 -1 0 2 0.07 M M 6.0 21 30 M M 3 27 20
26 88 53 71 3 0 6 0.00 M M 6.0 13 160 M M 0 16 160
27 96 56 76 8 0 11 0.00 M M 6.8 26 280 M M 0 37 280
28 76 57 67 -2 0 2 0.14 M M 8.3 24 10 M M 7 1 34 20
29 65 54 60 -9 5 0 0.01 M M 7.0 16 310 M M 9 1 21 310
30 74 49 62 -7 3 0 0.01 M M 6.1 18 10 M M 2 26 360
================================================================================
SM 2487 1505 61 115 0.77 M 225.8 M 56
================================================================================
AV 82.9 50.2 7.5 FASTST M M 2 MAX(MPH)
MISC ----> # 38 300 # 53 170
================================================================================
NOTES:
# LAST OF SEVERAL OCCURRENCES
COLUMN 17 PEAK WIND IN M.P.H.
PRELIMINARY LOCAL CLIMATOLOGICAL DATA (WS FORM: F-6) , PAGE 2
STATION: WORLAND WY
MONTH: JUNE
YEAR: 2020
LATITUDE: 43 58 N
LONGITUDE: 107 57 W
[TEMPERATURE DATA] [PRECIPITATION DATA] SYMBOLS USED IN COLUMN 16
AVERAGE MONTHLY: 66.5 TOTAL FOR MONTH: 0.77 1 = FOG OR MIST
DPTR FM NORMAL: 1.8 DPTR FM NORMAL: -0.38 2 = FOG REDUCING VISIBILITY
HIGHEST: 97 ON 13, 5 GRTST 24HR 0.15 ON 7- 7 TO 1/4 MILE OR LESS
LOWEST: 38 ON 9 3 = THUNDER
SNOW, ICE PELLETS, HAIL 4 = ICE PELLETS
TOTAL MONTH: M 5 = HAIL
GRTST 24HR M ON M 6 = FREEZING RAIN OR DRIZZLE
GRTST DEPTH: M ON M 7 = DUSTSTORM OR SANDSTORM:
VSBY 1/2 MILE OR LESS
8 = SMOKE OR HAZE
[NO. OF DAYS WITH] [WEATHER - DAYS WITH] 9 = BLOWING SNOW
X = TORNADO
MAX 32 OR BELOW: 0 0.01 INCH OR MORE: 12
MAX 90 OR ABOVE: 6 0.10 INCH OR MORE: 3
MIN 32 OR BELOW: 0 0.50 INCH OR MORE: 0
MIN 0 OR BELOW: 0 1.00 INCH OR MORE: 0
[HDD (BASE 65) ]
TOTAL THIS MO. 61 CLEAR (SCALE 0-3) 24
DPTR FM NORMAL -32 PTCLDY (SCALE 4-7) 5
TOTAL FM JUL 1 8022 CLOUDY (SCALE 8-10) 1
DPTR FM NORMAL 153
[CDD (BASE 65) ]
TOTAL THIS MO. 115
DPTR FM NORMAL 31 [PRESSURE DATA]
TOTAL FM JAN 1 143 HIGHEST SLP 30.18 ON 18
DPTR FM NORMAL 47 LOWEST SLP 29.34 ON 28
[REMARKS]
#FINAL-06-20#