000
CXUS55 KRIW 112143 CCA
CLMWRL
CLIMATE REPORT
NATIONAL WEATHER SERVICE RIVERTON WY
813 AM MST SAT MAR 02 2024
...PRELIMINARY MONTHLY CLIMATE SUMMARY FOR WORLAND MUNICIPAL AIRPORT
FOR THE MONTH OF FEBRUARY 2024...
...OFFICIAL CLIMATE DATA FOR THE MONTH OF FEBRUARY 2024 WILL BE
AVAILABLE APPROXIMATELY IN 60 DAYS FROM THE NATIONAL CENTERS FOR
ENVIRONMENTAL INFORMATION (HTTP://WWW.NCDC.NOAA.GOV/CDO-
WEB/DATASETS). UNOFFICIAL ASOS DAILY SUMMARIES ARE AVAILABLE ON THE
INTERNET AT HTTP://WWW.WEATHER.GOV/CLIMATE/INDEX.PHP?WFO=RIW
...WORLAND WAS WARMER AND WETTER THAN NORMAL IN FEBRUARY ...
AVERAGE TEMPERATURE FOR WORLAND IN FEBRUARY WAS 25.1 DEGREES WHICH
WAS 5.5 DEGREES ABOVE NORMAL. THE WARMEST READING OF THE MONTH WAS
58 DEGREES ON THE 25TH. THE HIGH ON THE 1ST WAS 55 DEGREES AND BROKE
THE 1992 RECORD OF 53. THE COLDEST READING FOR THE MONTH WAS 15
DEGREES BELOW ZERO ON THE 17TH.
TOTAL PRECIPITATION FOR THE MONTH WAS A 0.33 INCHES...WHICH IS 194
PERCENT OF NORMAL. THE WETTEST 24-HOUR PERIOD DURING THE MONTH WAS
ON THE 3RD WITH 0.18 INCHES. THE HIGHEST WIND GUST WAS 52 MPH FROM
THE SOUTHWEST ON THE 26TH.
...THE WORLAND WY CLIMATE SUMMARY FOR THE MONTH OF FEBRUARY 2024...
CLIMATE NORMAL PERIOD: 1991 TO 2020
CLIMATE RECORD PERIOD: 1947 TO 2024
WEATHER OBSERVED NORMAL DEPART LAST YEAR`S
VALUE DATE(S) VALUE FROM VALUE
NORMAL
..............................................................
TEMPERATURE (F)
RECORD
HIGH 70 02/21/1982
LOW -37 02/02/1996
HIGHEST 58 02/25
LOWEST -15 02/17
AVG. MAXIMUM 41.0 36.4 4.6
AVG. MINIMUM 15.1 8.8 6.3
MEAN 28.1 22.6 5.5
DAYS MAX >= 90 0
DAYS MAX <= 32 8
DAYS MIN <= 32 29
DAYS MIN <= 0 4
PRECIPITATION (INCHES)
RECORD
MAXIMUM 0.97 MM
MINIMUM 0.00 1999
TOTALS 0.33 0.17 0.16 0.07
DAILY AVG. 0.01 NAN NAN
DAYS >= .01 4
DAYS >= .10 1
DAYS >= .50 0
DAYS >= 1.00 0
GREATEST
24 HR. TOTAL 0.18 02/03 TO 02/03
STORM TOTAL 0.18
DEGREE DAYS
HEATING TOTAL 1063 1187 -124
SINCE 7/1 5579 6108 -529
COOLING TOTAL 0 0 0
SINCE 1/1 0 0 0
..............................................................
WIND (MPH)
AVERAGE WIND SPEED 5.0
RESULTANT WIND SPEED/DIRECTION 2/210
HIGHEST WIND SPEED/DIRECTION 38/240 DATE 02/26
HIGHEST GUST SPEED/DIRECTION 52/240 DATE 02/26
SKY COVER
POSSIBLE SUNSHINE (PERCENT) MM
AVERAGE SKY COVER 0.34
NUMBER OF DAYS FAIR 18
NUMBER OF DAYS PC 4
NUMBER OF DAYS CLOUDY 7
AVERAGE RH (PERCENT) 74
WEATHER CONDITIONS. NUMBER OF DAYS WITH
THUNDERSTORM 0 MIXED PRECIP 0
HEAVY RAIN 0 RAIN 1
LIGHT RAIN 1 FREEZING RAIN 0
LT FREEZING RAIN 0 HAIL 0
HEAVY SNOW 0 SNOW 1
LIGHT SNOW 7 SLEET 0
FOG 8 FOG W/VIS <= 1/4 MILE 1
HAZE 0
- INDICATES NEGATIVE NUMBERS.
R INDICATES RECORD WAS SET OR TIED.
MM INDICATES DATA IS MISSING.
T INDICATES TRACE AMOUNT.
LOOKING AHEAD TO MARCH 2024. THE AVERAGE HIGH TEMPERATURE ON THE
FIRST OF THE MONTH IS 44 DEGREES...AND THE AVERAGE LOW TEMPERATURE
IS 15 DEGREES. THE AVERAGE HIGH BY THE END OF THE MONTH IS 57
DEGREES...AND THE AVERAGE LOW TEMPERATURE IS 27 DEGREES. THE AVERAGE
MONTHLY PRECIPITATION IS 0.44 INCHES.
$$