000
CXUS56 KPDT 011810
CF6YKM
PRELIMINARY LOCAL CLIMATOLOGICAL DATA (WS FORM: F-6)
STATION: YAKIMA WA
MONTH: JULY
YEAR: 2023
LATITUDE: 46 34 N
LONGITUDE: 120 32 W
TEMPERATURE IN F: :PCPN: SNOW: WIND :SUNSHINE: SKY :PK WND
================================================================================
1 2 3 4 5 6A 6B 7 8 9 10 11 12 13 14 15 16 17 18
12Z AVG MX 2MIN
DY MAX MIN AVG DEP HDD CDD WTR SNW DPTH SPD SPD DIR MIN PSBL S-S WX SPD DR
================================================================================
1 93 64 79 10 0 14 0.00 M M 7.8 20 330 M M 0 8 26 330
2 89 56 73 4 0 8 0.00 M M 6.9 18 300 M M 0 29 300
3 89 54 72 2 0 7 0.00 M M 6.4 13 180 M M 1 18 120
4 90 54 72 2 0 7 0.00 M M 5.5 12 250 M M 0 8 15 290
5 94 54 74 4 0 9 0.00 M M 6.1 13 170 M M 0 8 20 150
6 96 56 76 6 0 11 0.00 M M 6.3 13 310 M M 0 8 18 320
7 97 59 78 7 0 13 0.00 M M 5.8 14 170 M M 0 19 180
8 97 62 80 9 0 15 0.00 M M 5.8 12 360 M M 0 16 300
9 97 67 82 11 0 17 0.01 M M 7.7 18 320 M M 1 38 22 320
10 88 64 76 4 0 11 0.20 M M 8.8 22 320 M M 2 3 31 320
11 89 52 71 -1 0 6 0.00 M M 5.2 15 320 M M 1 20 320
12 90 59 75 3 0 10 0.00 M M 6.5 16 320 M M 1 21 340
13 91 52 72 0 0 7 0.00 M M 4.9 15 340 M M 0 8 19 330
14 95 64 80 7 0 15 0.00 M M 5.1 13 330 M M 0 8 21 310
15 100 59 80 7 0 15 0.00 M M 5.8 13 320 M M 0 20 320
16 99 66 83 10 0 18 0.00 M M 8.0 18 330 M M 0 25 350
17 82 61 72 -1 0 7 0.00 M M 10.5 22 300 M M 0 30 300
18 87 51 69 -4 0 4 0.00 M M 4.3 9 260 M M 0 14 50
19 94 55 75 1 0 10 0.00 M M 5.5 12 160 M M 0 17 170
20 99 56 78 4 0 13 0.00 M M 7.3 12 160 M M 0 19 100
21 98 63 81 7 0 16 0.00 M M 6.0 21 340 M M 0 34 170
22 96 59 78 4 0 13 0.00 M M 4.7 13 20 M M 0 18 360
23 96 59 78 4 0 13 0.00 M M 7.8 18 180 M M 0 27 210
24 87 56 72 -2 0 7 0.01 M M 5.3 13 320 M M 1 22 260
25 84 55 70 -4 0 5 0.00 M M 4.9 16 330 M M 0 23 330
26 84 48 66 -8 0 1 0.00 M M 4.9 12 330 M M 0 15 150
27 89 57 73 -1 0 8 0.00 M M 5.3 15 330 M M 0 19 330
28 89 57 73 -1 0 8 0.00 M M 5.7 14 320 M M 0 21 320
29 92 55 74 0 0 9 0.00 M M 7.3 22 210 M M 0 31 200
30 88 59 74 0 0 9 0.00 M M 5.3 17 320 M M 0 24 350
31 89 47 68 -6 0 3 0.00 M M 4.8 13 340 M M 0 19 340
================================================================================
SM 2848 1780 0 309 0.22 M 192.2 M 7
================================================================================
AV 91.9 57.4 6.2 FASTST M M 0 MAX(MPH)
MISC ----> # 22 320 34 170
================================================================================
NOTES:
# LAST OF SEVERAL OCCURRENCES
COLUMN 17 PEAK WIND IN M.P.H.
PRELIMINARY LOCAL CLIMATOLOGICAL DATA (WS FORM: F-6) , PAGE 2
STATION: YAKIMA WA
MONTH: JULY
YEAR: 2023
LATITUDE: 46 34 N
LONGITUDE: 120 32 W
[TEMPERATURE DATA] [PRECIPITATION DATA] SYMBOLS USED IN COLUMN 16
AVERAGE MONTHLY: 74.6 TOTAL FOR MONTH: 0.22 1 = FOG OR MIST
DPTR FM NORMAL: 2.2 DPTR FM NORMAL: 0.02 2 = FOG REDUCING VISIBILITY
HIGHEST: 100 ON 15 GRTST 24HR 0.21 ON 9-10 TO 1/4 MILE OR LESS
LOWEST: 47 ON 31 3 = THUNDER
SNOW, ICE PELLETS, HAIL 4 = ICE PELLETS
TOTAL MONTH: M 5 = HAIL
GRTST 24HR M ON M 6 = FREEZING RAIN OR DRIZZLE
GRTST DEPTH: M ON M 7 = DUSTSTORM OR SANDSTORM:
VSBY 1/2 MILE OR LESS
8 = SMOKE OR HAZE
[NO. OF DAYS WITH] [WEATHER - DAYS WITH] 9 = BLOWING SNOW
X = TORNADO
MAX 32 OR BELOW: 0 0.01 INCH OR MORE: 3
MAX 90 OR ABOVE: 18 0.10 INCH OR MORE: 1
MIN 32 OR BELOW: 0 0.50 INCH OR MORE: 0
MIN 0 OR BELOW: 0 1.00 INCH OR MORE: 0
[HDD (BASE 65) ]
TOTAL THIS MO. 0 CLEAR (SCALE 0-3) 31
DPTR FM NORMAL -14 PTCLDY (SCALE 4-7) 0
TOTAL FM JUL 1 0 CLOUDY (SCALE 8-10) 0
DPTR FM NORMAL -9
[CDD (BASE 65) ]
TOTAL THIS MO. 309
DPTR FM NORMAL 65 [PRESSURE DATA]
TOTAL FM JAN 1 553 HIGHEST SLP 30.13 ON 26
DPTR FM NORMAL 196 LOWEST SLP 29.66 ON 7
[REMARKS]
#FINAL-07-23#