000
CXUS56 KPDT 011810
CF6YKM
PRELIMINARY LOCAL CLIMATOLOGICAL DATA (WS FORM: F-6)
STATION: YAKIMA WA
MONTH: JULY
YEAR: 2022
LATITUDE: 46 34 N
LONGITUDE: 120 32 W
TEMPERATURE IN F: :PCPN: SNOW: WIND :SUNSHINE: SKY :PK WND
================================================================================
1 2 3 4 5 6A 6B 7 8 9 10 11 12 13 14 15 16 17 18
12Z AVG MX 2MIN
DY MAX MIN AVG DEP HDD CDD WTR SNW DPTH SPD SPD DIR MIN PSBL S-S WX SPD DR
================================================================================
1 90 59 75 6 0 10 0.00 M M 5.0 18 330 M M 0 24 330
2 90 58 74 5 0 9 T M M 6.6 17 340 M M 0 26 350
3 82 60 71 1 0 6 T M M 10.0 22 340 M M 2 29 350
4 80 51 66 -4 0 1 T M M 5.3 18 310 M M 1 24 310
5 84 48 66 -4 0 1 0.01 M M 5.3 13 230 M M 4 19 220
6 82 61 72 2 0 7 0.18 M M 4.9 20 320 M M 7 13 25 310
7 83 55 69 -2 0 4 0.00 M M 3.5 13 360 M M 2 16 360
8 87 52 70 -1 0 5 0.00 M M 6.3 17 350 M M 0 22 350
9 86 52 69 -2 0 4 0.00 M M 6.7 18 270 M M 0 24 290
10 88 57 73 1 0 8 0.00 M M 4.5 14 330 M M 0 18 300
11 92 54 73 1 0 8 0.00 M M 5.3 12 170 M M 0 15 180
12 100 54 77 5 0 12 0.00 M M 5.9 16 320 M M 0 22 330
13 94 67 81 9 0 16 0.00 M M 7.1 18 320 M M 0 26 340
14 92 54 73 0 0 8 0.00 M M 6.6 16 320 M M 0 23 300
15 94 54 74 1 0 9 0.00 M M 6.4 18 270 M M 0 25 270
16 93 56 75 2 0 10 0.00 M M 6.7 18 320 M M 0 26 340
17 86 55 71 -2 0 6 0.00 M M 8.0 22 340 M M 0 34 320
18 86 50 68 -5 0 3 0.00 M M 4.4 20 170 M M 0 24 160
19 95 52 74 0 0 9 0.00 M M 4.7 12 150 M M 0 15 120
20 99 58 79 5 0 14 0.00 M M 5.5 12 340 M M 0 16 360
21 98 57 78 4 0 13 0.00 M M 7.1 21 180 M M 0 27 160
22 94 56 75 1 0 10 0.00 M M 10.8 23 320 M M 0 8 33 320
23 93 52 73 -1 0 8 0.00 M M 6.0 18 330 M M 0 28 330
24 99 60 80 6 0 15 0.00 M M 5.8 12 250 M M 0 16 170
25 101 59 80 6 0 15 0.00 M M 5.6 12 260 M M 0 8 19 160
26 102 63 83 9 0 18 0.00 M M 5.8 13 270 M M 0 15 270
27 106 67 87 13 0 22 0.00 M M 4.9 13 330 M M 0 17 150
28 109 67 88 14 0 23 0.00 M M 5.5 12 260 M M 0 15 270
29 107 64 86 12 0 21 0.00 M M 7.6 15 150 M M 0 21 140
30 106 65 86 12 0 21 0.00 M M 4.6 10 280 M M 0 15 180
31 104 62 83 9 0 18 0.00 M M 4.8 10 170 M M 0 14 170
================================================================================
SM 2902 1779 0 334 0.19 M 187.2 M 16
================================================================================
AV 93.6 57.4 6.0 FASTST M M 1 MAX(MPH)
MISC ----> 23 320 34 320
================================================================================
NOTES:
# LAST OF SEVERAL OCCURRENCES
COLUMN 17 PEAK WIND IN M.P.H.
PRELIMINARY LOCAL CLIMATOLOGICAL DATA (WS FORM: F-6) , PAGE 2
STATION: YAKIMA WA
MONTH: JULY
YEAR: 2022
LATITUDE: 46 34 N
LONGITUDE: 120 32 W
[TEMPERATURE DATA] [PRECIPITATION DATA] SYMBOLS USED IN COLUMN 16
AVERAGE MONTHLY: 75.5 TOTAL FOR MONTH: 0.19 1 = FOG OR MIST
DPTR FM NORMAL: 3.1 DPTR FM NORMAL: -0.01 2 = FOG REDUCING VISIBILITY
HIGHEST: 109 ON 28 GRTST 24HR 0.19 ON 5- 6 TO 1/4 MILE OR LESS
LOWEST: 48 ON 5 3 = THUNDER
SNOW, ICE PELLETS, HAIL 4 = ICE PELLETS
TOTAL MONTH: M 5 = HAIL
GRTST 24HR M ON M 6 = FREEZING RAIN OR DRIZZLE
GRTST DEPTH: M ON M 7 = DUSTSTORM OR SANDSTORM:
VSBY 1/2 MILE OR LESS
8 = SMOKE OR HAZE
[NO. OF DAYS WITH] [WEATHER - DAYS WITH] 9 = BLOWING SNOW
X = TORNADO
MAX 32 OR BELOW: 0 0.01 INCH OR MORE: 2
MAX 90 OR ABOVE: 21 0.10 INCH OR MORE: 1
MIN 32 OR BELOW: 0 0.50 INCH OR MORE: 0
MIN 0 OR BELOW: 0 1.00 INCH OR MORE: 0
[HDD (BASE 65) ]
TOTAL THIS MO. 0 CLEAR (SCALE 0-3) 29
DPTR FM NORMAL -14 PTCLDY (SCALE 4-7) 2
TOTAL FM JUL 1 0 CLOUDY (SCALE 8-10) 0
DPTR FM NORMAL -9
[CDD (BASE 65) ]
TOTAL THIS MO. 334
DPTR FM NORMAL 90 [PRESSURE DATA]
TOTAL FM JAN 1 393 HIGHEST SLP 30.24 ON 10
DPTR FM NORMAL 36 LOWEST SLP 29.67 ON 12
[REMARKS]
#FINAL-07-22#