000
CXUS51 KPBZ 010730
CF6ZZV
PRELIMINARY LOCAL CLIMATOLOGICAL DATA (WS FORM: F-6)
STATION: ZANESVILLE OH
MONTH: MARCH
YEAR: 2020
LATITUDE: 39 56 N
LONGITUDE: 81 54 W
TEMPERATURE IN F: :PCPN: SNOW: WIND :SUNSHINE: SKY :PK WND
================================================================================
1 2 3 4 5 6A 6B 7 8 9 10 11 12 13 14 15 16 17 18
12Z AVG MX 2MIN
DY MAX MIN AVG DEP HDD CDD WTR SNW DPTH SPD SPD DIR MIN PSBL S-S WX SPD DR
================================================================================
1 50 16 33 -3 32 0 0.00 M M 7.7 17 170 M M 1 20 180
2 53 44 49 13 16 0 0.11 M M 8.7 17 200 M M 8 1 24 180
3 58 42 50 14 15 0 0.90 M M 10.6 31 300 M M 8 13 45 300
4 57 35 46 9 19 0 T M M 9.8 26 270 M M 3 39 240
5 54 24 39 2 26 0 0.00 M M 3.3 14 290 M M 0 8 20 290
6 41 32 37 0 28 0 0.10 M M 11.2 25 330 M M 9 1 34 330
7 45 27 36 -2 29 0 0.00 M M 5.6 17 330 M M 5 25 360
8 63 25 44 6 21 0 0.00 M M 6.7 15 190 M M 0 19 180
9 69 38 54 16 11 0 0.00 M M 9.7 29 190 M M 1 34 180
10 63 43 53 14 12 0 0.19 M M 11.0 23 200 M M 10 1 31 190
11 52 41 47 8 18 0 0.01 M M 2.8 10 270 M M 10 1 17 20
12 67 41 54 15 11 0 0.08 M M 6.1 15 180 M M 7 19 160
13 61 38 50 10 15 0 0.26 M M 13.2 26 300 M M 4 13 36 300
14 43 30 37 -3 28 0 0.29 M M 3.4 12 280 M M 7 18 17 260
15 48 33 41 1 24 0 T M M 6.2 13 60 M M 8 1 17 30
16 47 30 39 -2 26 0 0.07 M M 2.1 9 190 M M 8 18 12 190
17 46 39 43 2 22 0 0.01 M M 4.4 13 290 M M 10 1 17 310
18 60 33 47 6 18 0 1.05 M M 6.3 18 170 M M 7 1 24 160
19 67 50 59 17 6 0 0.67 M M 7.2 17 190 M M 10 1 25 190
20 74 42 58 16 7 0 0.72 M M 12.8 26 320 M M 9 13 41 260
21 42 31 37 -5 28 0 0.00 M M 7.7 15 360 M M 10 24 30
22 49 27 38 -5 27 0 0.01 M M 5.2 14 80 M M 4 18 100
23 50 43 47 4 18 0 0.05 M M 7.0 15 150 M M 10 1 23 230
24 49 42 46 2 19 0 T M M 5.7 10 30 M M 9 15 30
25 63 42 53 9 12 0 0.05 M M 5.1 10 50 M M 6 18 13 30
26 69 40 55 11 10 0 0.18 M M 6.9 17 250 M M 3 138 22 250
27 60 51 56 11 9 0 0.19 M M 5.3 13 80 M M 9 1 20 140
28 79 53 66 21 0 1 0.41 M M 6.9 20 260 M M 7 13 27 260
29 74 56 65 20 0 0 0.02 M M 14.6 30 240 M M 4 44 220
30 57 43 50 4 15 0 0.00 M M 12.4 23 270 M M 7 31 300
31 47 39 43 -3 22 0 0.04 M M 4.2 10 20 M M 9 1 14 10
================================================================================
SM 1757 1170 544 1 5.41 M 229.8 M 203
================================================================================
AV 56.7 37.7 7.4 FASTST M M 7 MAX(MPH)
MISC ----> 31 300 45 300
================================================================================
NOTES:
# LAST OF SEVERAL OCCURRENCES
COLUMN 17 PEAK WIND IN M.P.H.
PRELIMINARY LOCAL CLIMATOLOGICAL DATA (WS FORM: F-6) , PAGE 2
STATION: ZANESVILLE OH
MONTH: MARCH
YEAR: 2020
LATITUDE: 39 56 N
LONGITUDE: 81 54 W
[TEMPERATURE DATA] [PRECIPITATION DATA] SYMBOLS USED IN COLUMN 16
AVERAGE MONTHLY: 47.2 TOTAL FOR MONTH: 5.41 1 = FOG OR MIST
DPTR FM NORMAL: 6.4 DPTR FM NORMAL: 2.41 2 = FOG REDUCING VISIBILITY
HIGHEST: 79 ON 28 GRTST 24HR 1.35 ON 19-20 TO 1/4 MILE OR LESS
LOWEST: 16 ON 1 3 = THUNDER
SNOW, ICE PELLETS, HAIL 4 = ICE PELLETS
TOTAL MONTH: M 5 = HAIL
GRTST 24HR M ON M 6 = FREEZING RAIN OR DRIZZLE
GRTST DEPTH: M ON M 7 = DUSTSTORM OR SANDSTORM:
VSBY 1/2 MILE OR LESS
8 = SMOKE OR HAZE
[NO. OF DAYS WITH] [WEATHER - DAYS WITH] 9 = BLOWING SNOW
X = TORNADO
MAX 32 OR BELOW: 0 0.01 INCH OR MORE: 21
MAX 90 OR ABOVE: 0 0.10 INCH OR MORE: 12
MIN 32 OR BELOW: 9 0.50 INCH OR MORE: 4
MIN 0 OR BELOW: 0 1.00 INCH OR MORE: 1
[HDD (BASE 65) ]
TOTAL THIS MO. 544 CLEAR (SCALE 0-3) 6
DPTR FM NORMAL -209 PTCLDY (SCALE 4-7) 12
TOTAL FM JUL 1 4220 CLOUDY (SCALE 8-10) 13
DPTR FM NORMAL -711
[CDD (BASE 65) ]
TOTAL THIS MO. 1
DPTR FM NORMAL 0 [PRESSURE DATA]
TOTAL FM JAN 1 1 HIGHEST SLP 30.58 ON 7
DPTR FM NORMAL 0 LOWEST SLP 29.49 ON 3
[REMARKS]
#FINAL-03-20#