000
CXUS54 KCRP 261300
CF6ALI
PRELIMINARY LOCAL CLIMATOLOGICAL DATA (WS FORM: F-6)

                                          STATION:   ALICE
                                          MONTH:     APRIL
                                          YEAR:      2018
                                          LATITUDE:   27 44 N
                                          LONGITUDE:  98  1 W

  TEMPERATURE IN F:       :PCPN:    SNOW:  WIND      :SUNSHINE: SKY     :PK WND
================================================================================
1   2   3   4   5  6A  6B    7    8   9   10  11  12  13   14  15   16   17  18
                                     12Z  AVG MX 2MIN
DY MAX MIN AVG DEP HDD CDD  WTR  SNW DPTH SPD SPD DIR MIN PSBL S-S WX    SPD DR
================================================================================

 1  89  63  76   7   0  11 0.00  0.0    0 12.9 24 140   M    M   5        30 120
 2  91  71  81  12   0  16 0.00  0.0    0 15.8 29 140   M    M   7        36 140
 3  89  71  80  10   0  15 0.00  0.0    0 11.4 22 180   M    M   7 1      31 170
 4  75  61  68  -2   0   3 0.01  0.0    0 12.8 28  20   M    M  10 3      35  20
 5  82  57  70   0   0   5 0.09  0.0    0  9.7 21 150   M    M   9 1      25 150
 6  92  71  82  12   0  17 0.00  0.0    0 10.8 20 140   M    M   7        25 150
 7  73  46  60 -10   5   0    T    M    0 14.3 25  10   M    M   9 1      33  10
 8  76  45  61 -10   4   0 0.00  0.0    0  6.9 16 140   M    M   5        20 140
 9  73  58  66  -5   0   1 0.13  0.0    0 10.0 18  30   M    M  10 1      25  30
10  81  55  68  -3   0   3 0.04  0.0    0  9.6 20  50   M    M   3 1      25  60
11  84  50  67  -5   0   2 0.00  0.0    0  9.0 23 130   M    M   0 1      28 140
12  90  63  77   5   0  12 0.00  0.0    0 15.8 26 140   M    M   3 1      33 140
13  99  74  87  15   0  22 0.00  0.0    0 15.4 24 200   M    M   5        33 190
14  79  53  66  -6   0   1    T  0.0    0 13.8 33 360   M    M   4 3      42 350
15  84  44  64  -8   1   0 0.00  0.0    0  5.6 20 140   M    M   0        23 150
16  87  51  69  -4   0   4 0.00  0.0    0 14.4 28 140   M    M   0        37 130
17  91  61  76   3   0  11 0.00  0.0    0 16.6 29 140   M    M   0        37 170
18  87  61  74   1   0   9 0.00  0.0    0  8.7 18  90   M    M   6        28  70
19  82  63  73  -1   0   8 0.02  0.0    0  9.8 24  60   M    M   8        31  80
20  81  57  69  -5   0   4 0.00  0.0    0 12.4 24 110   M    M   5        31 120
21  81  65  73  -1   0   8 0.05  0.0    0  8.5 21 150   M    M   7 123    25 150
22  84  61  73  -1   0   8 0.06  0.0    0  9.6 18  30   M    M   3 12     24 360
23  86  64  75   1   0  10 0.00  0.0    0  8.4 14 170   M    M   1         M  M
24  91  50  71  -4   0   6 0.00  0.0    0  8.0 21 130   M    M   0 1      33 110
25  89  59  74  -1   0   9 0.33  0.0    0  9.5 28 120   M    M   4 123    35 120
================================================================================
SM 2116 1474        10 185  0.73     0.0 279.7          M      118
================================================================================
AV 84.6 59.0                              11.2 FASTST   M    M   5    MAX(MPH)
                                 MISC ---->  # 33 360               # 42  350
================================================================================
NOTES:
# LAST OF SEVERAL OCCURRENCES

COLUMN 17 PEAK WIND IN M.P.H.

PRELIMINARY LOCAL CLIMATOLOGICAL DATA (WS FORM: F-6) , PAGE 2

                                          STATION:  ALICE
                                          MONTH:    APRIL
                                          YEAR:     2018
                                          LATITUDE:   27 44 N
                                          LONGITUDE:  98  1 W

[TEMPERATURE DATA]      [PRECIPITATION DATA]       SYMBOLS USED IN COLUMN 16

AVERAGE MONTHLY: 71.8   TOTAL FOR MONTH:   0.73    1 = FOG OR MIST
DPTR FM NORMAL:  -0.2   DPTR FM NORMAL:   -0.51    2 = FOG REDUCING VISIBILITY
HIGHEST:    99 ON 13    GRTST 24HR  0.33 ON 25-25      TO 1/4 MILE OR LESS
LOWEST:     44 ON 15                               3 = THUNDER
                        SNOW, ICE PELLETS, HAIL    4 = ICE PELLETS
                        TOTAL MONTH:   0.0 INCH    5 = HAIL
                        GRTST 24HR     0.0         6 = FREEZING RAIN OR DRIZZLE
                        GRTST DEPTH:   0           7 = DUSTSTORM OR SANDSTORM:
                                                       VSBY 1/2 MILE OR LESS
                                                   8 = SMOKE OR HAZE
[NO. OF DAYS WITH]      [WEATHER - DAYS WITH]      9 = BLOWING SNOW
                                                   X = TORNADO
MAX 32 OR BELOW:   0    0.01 INCH OR MORE:   8
MAX 90 OR ABOVE:   6    0.10 INCH OR MORE:   2
MIN 32 OR BELOW:   0    0.50 INCH OR MORE:   0
MIN  0 OR BELOW:   0    1.00 INCH OR MORE:   0

[HDD (BASE 65) ]
TOTAL THIS MO.    10    CLEAR  (SCALE 0-3)   8
DPTR FM NORMAL    -6    PTCLDY (SCALE 4-7)  13
TOTAL FM JUL 1   889    CLOUDY (SCALE 8-10)  4
DPTR FM NORMAL   -10

[CDD (BASE 65) ]
TOTAL THIS MO.   185
DPTR FM NORMAL    -9    [PRESSURE DATA]
TOTAL FM JAN 1   545    HIGHEST SLP M ON M
DPTR FM NORMAL   139    LOWEST  SLP 29.54 ON 13

[REMARKS]
