000
CXUS53 KARX 250930
CF6AUM
PRELIMINARY LOCAL CLIMATOLOGICAL DATA (WS FORM: F-6)

                                          STATION:   AUSTIN MUNI MN
                                          MONTH:     APRIL
                                          YEAR:      2018
                                          LATITUDE:   43 40 N
                                          LONGITUDE:  92 56 W

  TEMPERATURE IN F:       :PCPN:    SNOW:  WIND      :SUNSHINE: SKY     :PK WND
================================================================================
1   2   3   4   5  6A  6B    7    8   9   10  11  12  13   14  15   16   17  18
                                     12Z  AVG MX 2MIN
DY MAX MIN AVG DEP HDD CDD  WTR  SNW DPTH SPD SPD DIR MIN PSBL S-S WX    SPD DR
================================================================================

 1  32  14  23   M  42   0 0.00  0.0    0  9.5 17 310   M    M   1        24 300
 2  34  21  28   M  37   0 0.00  0.0    0  7.8 13 150   M    M   5        18 160
 3  34  18  26   M  39   0 0.05    M    M 11.6 18 320   M    M   8        24 320
 4  25   7  16   M  49   0 0.00  0.0    M  9.4 17 310   M    M   2        23 310
 5  36   9  23   M  42   0 0.00  0.0    M  3.7 10 320   M    M   3         M  M
 6  30  12  21   M  44   0    M    M    M 19.3 27 300   M    M   2        41 300
 7  30  12  21   M  44   0 0.00  0.0    M  9.5 16 300   M    M   1        21 300
 8  30  16  23   M  42   0 0.02    M    M  6.0 10 120   M    M   5        17 180
 9  34  19  27   M  38   0 0.01    M    M  7.6 13 320   M    M   6 1      17 320
10  37  27  32   M  33   0 0.00  0.0    M  7.2 15 210   M    M   8 1       M  M
11  45  28  37   M  28   0 0.00  0.0    0  6.6 14 100   M    M   3 1       M  M
12  52  36  44   M  21   0 0.00  0.0    0  7.7 13  50   M    M   3 1      21  40
13  41  32  37   M  28   0    M    M    0 19.1 31  70   M    M  10 3      43  70
14  32  23  28   M  37   0    M    M    0 22.0 37  70   M    M  10 39     47  70
15  27  21  24   M  41   0 0.03    M    M 14.3 23  30   M    M  10        29  30
16  30  21  26   M  39   0    M    M    M 14.3 20 300   M    M   8        28 340
17  36  21  29   M  36   0 0.00  0.0    M  7.8 13  60   M    M   0        17  40
18  30  27  29   M  36   0 0.07    M    M  7.0 13  80   M    M   7 3       M  M
19  43  18  31   M  34   0 0.00  0.0    M  4.2  8 350   M    M   0 1       M  M
20  43  16  30   M  35   0 0.00  0.0    M  1.8  5 120   M    M   0 1       M  M
21  48  34  41   M  24   0 0.00  0.0    M  1.5  5 140   M    M   7         M  M
22  57  34  46   M  19   0 0.00  0.0    M  3.9 10 100   M    M   0         9  90
23  66  36  51   M  14   0 0.00  0.0    0  1.4  6  20   M    M   0         M  M
24  66  39  53   M  12   0 0.00  0.0    0  6.1 14 350   M    M   2        23 350
================================================================================
SM  938  541       814   0  0.18     0.0 209.3          M      101
================================================================================
AV 39.1 22.5                               8.7 FASTST   M    M   4    MAX(MPH)
                                 MISC ---->  # 37  70               # 47   70
================================================================================
NOTES:
# LAST OF SEVERAL OCCURRENCES

COLUMN 17 PEAK WIND IN M.P.H.

PRELIMINARY LOCAL CLIMATOLOGICAL DATA (WS FORM: F-6) , PAGE 2

                                          STATION:  AUSTIN MUNI MN
                                          MONTH:    APRIL
                                          YEAR:     2018
                                          LATITUDE:   43 40 N
                                          LONGITUDE:  92 56 W

[TEMPERATURE DATA]      [PRECIPITATION DATA]       SYMBOLS USED IN COLUMN 16

AVERAGE MONTHLY: 30.8   TOTAL FOR MONTH:   0.18    1 = FOG OR MIST
DPTR FM NORMAL:     M   DPTR FM NORMAL:       M    2 = FOG REDUCING VISIBILITY
HIGHEST:    66 ON 24,23 GRTST 24HR  0.07 ON 18-18      TO 1/4 MILE OR LESS
LOWEST:      7 ON  4                               3 = THUNDER
                        SNOW, ICE PELLETS, HAIL    4 = ICE PELLETS
                        TOTAL MONTH:   0.0 INCH    5 = HAIL
                        GRTST 24HR     0.0         6 = FREEZING RAIN OR DRIZZLE
                        GRTST DEPTH:   0           7 = DUSTSTORM OR SANDSTORM:
                                                       VSBY 1/2 MILE OR LESS
                                                   8 = SMOKE OR HAZE
[NO. OF DAYS WITH]      [WEATHER - DAYS WITH]      9 = BLOWING SNOW
                                                   X = TORNADO
MAX 32 OR BELOW:   9    0.01 INCH OR MORE:   5
MAX 90 OR ABOVE:   0    0.10 INCH OR MORE:   0
MIN 32 OR BELOW:  19    0.50 INCH OR MORE:   0
MIN  0 OR BELOW:   0    1.00 INCH OR MORE:   0

[HDD (BASE 65) ]
TOTAL THIS MO.   814    CLEAR  (SCALE 0-3)  11
DPTR FM NORMAL     M    PTCLDY (SCALE 4-7)   9
TOTAL FM JUL 1  7718    CLOUDY (SCALE 8-10)  4
DPTR FM NORMAL     M

[CDD (BASE 65) ]
TOTAL THIS MO.     0
DPTR FM NORMAL     M    [PRESSURE DATA]
TOTAL FM JAN 1     0    HIGHEST SLP M ON M
DPTR FM NORMAL     M    LOWEST  SLP M ON M

[REMARKS]
