000
CXUS54 KEWX 260910
CF6BAZ
PRELIMINARY LOCAL CLIMATOLOGICAL DATA (WS FORM: F-6)

                                          STATION:   NEW BRAUNFELS
                                          MONTH:     APRIL
                                          YEAR:      2018
                                          LATITUDE:   29 43 N
                                          LONGITUDE:  98  3 W

  TEMPERATURE IN F:       :PCPN:    SNOW:  WIND      :SUNSHINE: SKY     :PK WND
================================================================================
1   2   3   4   5  6A  6B    7    8   9   10  11  12  13   14  15   16   17  18
                                     12Z  AVG MX 2MIN
DY MAX MIN AVG DEP HDD CDD  WTR  SNW DPTH SPD SPD DIR MIN PSBL S-S WX    SPD DR
================================================================================

 1  85  61  73   7   0   8 0.00    M    M  9.3 18 160   M    M   7 1      24 170
 2  86  68  77  11   0  12 0.00    M    M 13.8 25 160   M    M   8 18     31 150
 3  85  64  75   9   0  10    T    M    M 11.5 30  20   M    M   8 138    39  30
 4  72  49  61  -6   4   0 0.10    M    M 13.7 31  30   M    M   3 3      41  30
 5  79  58  69   2   0   4 0.00    M    M 10.6 18 170   M    M   8        25 150
 6  86  70  78  11   0  13    T    M    M 12.7 25 200   M    M   7 13     28 210
 7  74  42  58  -9   7   0 0.05    M    M 18.7 29  10   M    M  10 13     36 350
 8  69  42  56 -12   9   0 0.00    M    M  7.9 16 210   M    M   5 8      24 160
 9  65  50  58 -10   7   0 0.00    M    M 10.1 17  30   M    M   9 18     21  30
10  76  51  64  -4   1   0 0.00    M    M  9.6 18  60   M    M   1        23  50
11  82  44  63  -5   2   0 0.00    M    M 10.9 22 180   M    M   0        28 180
12  87  60  74   6   0   9 0.00    M    M 16.8 28 160   M    M   6 8      33 160
13  88  61  75   6   0  10 0.15    M    M 13.6 23  20   M    M   8 38     28 190
14  73  44  59 -10   6   0    T    M    M 15.2 32 350   M    M   3 38     40 310
15  75  38  57 -12   8   0 0.00    M    M  5.4 13 220   M    M   0        19 210
16  84  43  64  -5   1   0 0.00    M    M 12.1 23 160   M    M   0        36 190
17  87  50  69  -1   0   4    T    M    M 14.8 29 200   M    M   1 12     35 200
18  84  59  72   2   0   7 0.00    M    M  9.7 18  60   M    M   6 8      24  60
19  78  56  67  -3   0   2 0.00    M    M 12.3 28  40   M    M   2        34  40
20  66  55  61  -9   4   0 0.00    M    M 10.9 22  90   M    M   5        25  90
21  78  58  68  -2   0   3 0.02    M    M  6.1 20  10   M    M   8 128    24  10
22  80  52  66  -5   0   1 0.00    M    M  9.3 21  30   M    M   1        26  20
23  86  48  67  -4   0   2 0.00    M    M  4.1 12 160   M    M   0 8      17  70
24  86  51  69  -2   0   4 0.00    M    M  4.6 14 180   M    M   0        18 160
25  86  50  68  -3   0   3 0.40  0.0    0  8.5 28 330   M    M   4 138    35 330
================================================================================
SM 1997 1324        49  92  0.72     0.0 272.2          M      110
================================================================================
AV 79.9 53.0                              10.9 FASTST   M    M   4    MAX(MPH)
                                 MISC ---->  # 32 350               # 41   30
================================================================================
NOTES:
# LAST OF SEVERAL OCCURRENCES

COLUMN 17 PEAK WIND IN M.P.H.

PRELIMINARY LOCAL CLIMATOLOGICAL DATA (WS FORM: F-6) , PAGE 2

                                          STATION:  NEW BRAUNFELS
                                          MONTH:    APRIL
                                          YEAR:     2018
                                          LATITUDE:   29 43 N
                                          LONGITUDE:  98  3 W

[TEMPERATURE DATA]      [PRECIPITATION DATA]       SYMBOLS USED IN COLUMN 16

AVERAGE MONTHLY: 66.4   TOTAL FOR MONTH:   0.72    1 = FOG OR MIST
DPTR FM NORMAL:  -2.2   DPTR FM NORMAL:   -1.17    2 = FOG REDUCING VISIBILITY
HIGHEST:    88 ON 13    GRTST 24HR  0.40 ON 25-25      TO 1/4 MILE OR LESS
LOWEST:     38 ON 15                               3 = THUNDER
                        SNOW, ICE PELLETS, HAIL    4 = ICE PELLETS
                        TOTAL MONTH:   0.0 INCH    5 = HAIL
                        GRTST 24HR     0.0         6 = FREEZING RAIN OR DRIZZLE
                        GRTST DEPTH:   0           7 = DUSTSTORM OR SANDSTORM:
                                                       VSBY 1/2 MILE OR LESS
                                                   8 = SMOKE OR HAZE
[NO. OF DAYS WITH]      [WEATHER - DAYS WITH]      9 = BLOWING SNOW
                                                   X = TORNADO
MAX 32 OR BELOW:   0    0.01 INCH OR MORE:   5
MAX 90 OR ABOVE:   0    0.10 INCH OR MORE:   3
MIN 32 OR BELOW:   0    0.50 INCH OR MORE:   0
MIN  0 OR BELOW:   0    1.00 INCH OR MORE:   0

[HDD (BASE 65) ]
TOTAL THIS MO.    49    CLEAR  (SCALE 0-3)  10
DPTR FM NORMAL    11    PTCLDY (SCALE 4-7)  11
TOTAL FM JUL 1  1420    CLOUDY (SCALE 8-10)  4
DPTR FM NORMAL  -135

[CDD (BASE 65) ]
TOTAL THIS MO.    92
DPTR FM NORMAL   -36    [PRESSURE DATA]
TOTAL FM JAN 1   262    HIGHEST SLP M ON M
DPTR FM NORMAL    50    LOWEST  SLP 29.51 ON 13

[REMARKS]
