000
CXUS55 KPSR 211005
CF6BLH
PRELIMINARY LOCAL CLIMATOLOGICAL DATA (WS FORM: F-6)

                                          STATION:   BLYTHE CA
                                          MONTH:     MAY
                                          YEAR:      2018
                                          LATITUDE:   33 37 N
                                          LONGITUDE: 114 43 W

  TEMPERATURE IN F:       :PCPN:    SNOW:  WIND      :SUNSHINE: SKY     :PK WND
================================================================================
1   2   3   4   5  6A  6B    7    8   9   10  11  12  13   14  15   16   17  18
                                     12Z  AVG MX 2MIN
DY MAX MIN AVG DEP HDD CDD  WTR  SNW DPTH SPD SPD DIR MIN PSBL S-S WX    SPD DR
================================================================================

 1  77  55  66 -10   0   1 0.00  0.0    0 13.2 31 240   M    M   0        37 240
 2  74  52  63 -13   2   0 0.00  0.0    0  5.4 14 250   M    M   3        17 260
 3  87  54  71  -6   0   6 0.00  0.0    0  4.0 13 350   M    M   0        17 360
 4  96  58  77   0   0  12 0.00  0.0    0  5.6 17  60   M    M   0        25  80
 5 103  63  83   6   0  18 0.00  0.0    0  4.5 10 110   M    M   0        14 110
 6 106  67  87   9   0  22 0.00  0.0    0  5.8 13 190   M    M   0        15 190
 7 104  73  89  11   0  24 0.00  0.0    0  7.7 18 240   M    M   0        22 200
 8 105  65  85   7   0  20 0.00  0.0    0  6.7 15 200   M    M   0        19 170
 9 106  70  88  10   0  23 0.00  0.0    0  8.1 20 170   M    M   0        24 180
10 106  72  89  10   0  24 0.00  0.0    0 14.9 28 190   M    M   0        33 200
11  98  67  83   4   0  18 0.00  0.0    0 18.2 32 200   M    M   1 8      47 180
12  88  61  75  -4   0  10 0.00  0.0    0  8.7 23 160   M    M   0        28 150
13  88  62  75  -5   0  10 0.00  0.0    0 10.6 16 200   M    M   0        24 180
14  93  59  76  -4   0  11 0.00  0.0    0  7.3 20 190   M    M   0        24 200
15  96  60  78  -2   0  13 0.00  0.0    0  7.1 16 170   M    M   0        22 170
16 101  64  83   3   0  18 0.00  0.0    0  8.7 20 230   M    M   0        30 200
17  97  67  82   1   0  17 0.00  0.0    0  9.5 24 230   M    M   0        28 220
18  95  62  79  -2   0  14 0.00  0.0    0  6.4 16 240   M    M   0        20 250
19  96  66  81   0   0  16 0.00  0.0    0  9.1 20 210   M    M   0        24 210
20  96  67  82   1   0  17 0.00  0.0    0 10.7 22 200   M    M   0        27 170
================================================================================
SM 1912 1264         2 294  0.00     0.0 172.2          M        4
================================================================================
AV 95.6 63.2                               8.6 FASTST   M    M   0    MAX(MPH)
                                 MISC ---->  # 32 200               # 47  180
================================================================================
NOTES:
# LAST OF SEVERAL OCCURRENCES

COLUMN 17 PEAK WIND IN M.P.H.

PRELIMINARY LOCAL CLIMATOLOGICAL DATA (WS FORM: F-6) , PAGE 2

                                          STATION:  BLYTHE CA
                                          MONTH:    MAY
                                          YEAR:     2018
                                          LATITUDE:   33 37 N
                                          LONGITUDE: 114 43 W

[TEMPERATURE DATA]      [PRECIPITATION DATA]       SYMBOLS USED IN COLUMN 16

AVERAGE MONTHLY: 79.4   TOTAL FOR MONTH:   0.00    1 = FOG OR MIST
DPTR FM NORMAL:   0.6   DPTR FM NORMAL:   -0.02    2 = FOG REDUCING VISIBILITY
HIGHEST:   106 ON 10, 9 GRTST 24HR  0.00 ON 20-20      TO 1/4 MILE OR LESS
LOWEST:     52 ON  2                               3 = THUNDER
                        SNOW, ICE PELLETS, HAIL    4 = ICE PELLETS
                        TOTAL MONTH:   0.0 INCH    5 = HAIL
                        GRTST 24HR     0.0         6 = FREEZING RAIN OR DRIZZLE
                        GRTST DEPTH:   0           7 = DUSTSTORM OR SANDSTORM:
                                                       VSBY 1/2 MILE OR LESS
                                                   8 = SMOKE OR HAZE
[NO. OF DAYS WITH]      [WEATHER - DAYS WITH]      9 = BLOWING SNOW
                                                   X = TORNADO
MAX 32 OR BELOW:   0    0.01 INCH OR MORE:   0
MAX 90 OR ABOVE:  15    0.10 INCH OR MORE:   0
MIN 32 OR BELOW:   0    0.50 INCH OR MORE:   0
MIN  0 OR BELOW:   0    1.00 INCH OR MORE:   0

[HDD (BASE 65) ]
TOTAL THIS MO.     2    CLEAR  (SCALE 0-3)  19
DPTR FM NORMAL     2    PTCLDY (SCALE 4-7)   1
TOTAL FM JUL 1   733    CLOUDY (SCALE 8-10)  0
DPTR FM NORMAL  -364

[CDD (BASE 65) ]
TOTAL THIS MO.   294
DPTR FM NORMAL    16    [PRESSURE DATA]
TOTAL FM JAN 1   716    HIGHEST SLP M ON M
DPTR FM NORMAL   144    LOWEST  SLP 29.52 ON 11

[REMARKS]
