000
CXUS54 KLZK 271230
CF6BVX
PRELIMINARY LOCAL CLIMATOLOGICAL DATA (WS FORM: F-6)
STATION: BATESVILLE REGIONAL AIRPORT
MONTH: MARCH
YEAR: 2024
LATITUDE: 35 43 N
LONGITUDE: 91 39 W
TEMPERATURE IN F: :PCPN: SNOW: WIND :SUNSHINE: SKY :PK WND
================================================================================
1 2 3 4 5 6A 6B 7 8 9 10 11 12 13 14 15 16 17 18
12Z AVG MX 2MIN
DY MAX MIN AVG DEP HDD CDD WTR SNW DPTH SPD SPD DIR MIN PSBL S-S WX SPD DR
================================================================================
1 54 39 47 2 18 0 0.03 M M 3.4 8 100 M M 7 M M
2 68 36 52 7 13 0 0.00 M M 5.5 10 120 M M 2 18 M M
3 74 48 61 15 4 0 0.00 M M 8.0 15 180 M M 3 1 22 180
4 75 62 69 23 0 4 0.30 M M 7.9 13 190 M M 6 13 23 210
5 79 55 67 21 0 2 0.34 M M 5.6 14 280 M M 3 13 18 340
6 64 51 58 11 7 0 0.00 M M 4.7 9 330 M M 8 M M
7 59 49 54 7 11 0 0.34 M M 4.8 12 120 M M 6 18 29 280
8 64 54 59 12 6 0 0.91 M M 4.7 12 110 M M 8 18 23 220
9 57 41 49 1 16 0 0.07 M M 6.9 10 310 M M 6 18 330
10 62 36 49 1 16 0 0.00 M M 4.7 8 280 M M 0 M M
11 68 39 54 6 11 0 0.00 M M 6.2 15 240 M M 0 20 220
12 72 47 60 12 5 0 0.00 M M 8.3 14 210 M M 0 23 190
13 76 56 66 17 0 1 0.00 M M 7.7 15 230 M M 3 21 230
14 76 59 68 19 0 3 1.23 M M 7.9 14 200 M M 8 138 20 190
15 62 46 54 5 11 0 0.39 M M 4.5 8 340 M M 6 1 M M
16 71 41 56 6 9 0 0.00 M M 4.1 9 180 M M 1 128 M M
17 63 44 54 4 11 0 T M M 5.8 10 290 M M 6 16 330
18 49 32 41 -9 24 0 0.00 M M 6.0 12 320 M M 0 21 310
19 M 29 M M M M 0.00 M M 0.6 4 340 M M 0 M M
20 M M M M M M 0.00 M M M M M M M M M M
21 M M M M M M 0.00 M M M M M M M M M M
22 M M M M M M 0.00 M M M M M M M M M M
23 M M M M M M 0.00 M M M M M M M M M M
24 M M M M M M 0.00 M M M M M M M M M M
25 M M M M M M 0.00 M M M M M M M M M M
26 M M M M M M 0.00 M M M M M M M M M M
================================================================================
SM 1193 864 162 10 3.61 M 107.3 M 73
================================================================================
AV 66.3 45.5 5.6 FASTST M M 4 MAX(MPH)
MISC ----> # 15 180 29 280
================================================================================
NOTES:
# LAST OF SEVERAL OCCURRENCES
COLUMN 17 PEAK WIND IN M.P.H.
PRELIMINARY LOCAL CLIMATOLOGICAL DATA (WS FORM: F-6) , PAGE 2
STATION: BATESVILLE REGIONAL AIRPORT
MONTH: MARCH
YEAR: 2024
LATITUDE: 35 43 N
LONGITUDE: 91 39 W
[TEMPERATURE DATA] [PRECIPITATION DATA] SYMBOLS USED IN COLUMN 16
AVERAGE MONTHLY: 55.9 TOTAL FOR MONTH: 3.61 1 = FOG OR MIST
DPTR FM NORMAL: 7.0 DPTR FM NORMAL: 0.03 2 = FOG REDUCING VISIBILITY
HIGHEST: 79 ON 5 GRTST 24HR 1.62 ON 14-15 TO 1/4 MILE OR LESS
LOWEST: 29 ON 19 3 = THUNDER
SNOW, ICE PELLETS, HAIL 4 = ICE PELLETS
TOTAL MONTH: M 5 = HAIL
GRTST 24HR M ON M 6 = FREEZING RAIN OR DRIZZLE
GRTST DEPTH: M ON M 7 = DUSTSTORM OR SANDSTORM:
VSBY 1/2 MILE OR LESS
8 = SMOKE OR HAZE
[NO. OF DAYS WITH] [WEATHER - DAYS WITH] 9 = BLOWING SNOW
X = TORNADO
MAX 32 OR BELOW: 0 0.01 INCH OR MORE: 8
MAX 90 OR ABOVE: 0 0.10 INCH OR MORE: 6
MIN 32 OR BELOW: 2 0.50 INCH OR MORE: 2
MIN 0 OR BELOW: 0 1.00 INCH OR MORE: 1
[HDD (BASE 65) ]
TOTAL THIS MO. 162 CLEAR (SCALE 0-3) 9
DPTR FM NORMAL -260 PTCLDY (SCALE 4-7) 9
TOTAL FM JUL 1 2588 CLOUDY (SCALE 8-10) 8
DPTR FM NORMAL -881
[CDD (BASE 65) ]
TOTAL THIS MO. 10
DPTR FM NORMAL 10 [PRESSURE DATA]
TOTAL FM JAN 1 21 HIGHEST SLP M ON M
DPTR FM NORMAL 21 LOWEST SLP M ON M
[REMARKS]