000
CXUS55 KGJT 181000
CF6CNY
PRELIMINARY LOCAL CLIMATOLOGICAL DATA (WS FORM: F-6)

                                          STATION:   CANYONLANDS AIRPORT UT
                                          MONTH:     JUNE
                                          YEAR:      2018
                                          LATITUDE:   38 46 N
                                          LONGITUDE: 109 45 W

  TEMPERATURE IN F:       :PCPN:    SNOW:  WIND      :SUNSHINE: SKY     :PK WND
================================================================================
1   2   3   4   5  6A  6B    7    8   9   10  11  12  13   14  15   16   17  18
                                     12Z  AVG MX 2MIN
DY MAX MIN AVG DEP HDD CDD  WTR  SNW DPTH SPD SPD DIR MIN PSBL S-S WX    SPD DR
================================================================================

 1  86  62  74   6   0   9 0.00    M    M 15.0 26 260   M    M   0        34 260
 2  88  52  70   2   0   5 0.00    M    M  5.4 17 300   M    M   0        22 300
 3  91  56  74   5   0   9 0.00    M    M  9.1 35 140   M    M   0        46 140
 4  95  62  79  10   0  14 0.00    M    M  7.9 16  80   M    M   0        22 140
 5  96  56  76   7   0  11 0.00    M    M  6.6 24 230   M    M   0        33 230
 6  94  54  74   4   0   9 0.00    M    M  9.5 25 250   M    M   0        33 250
 7  95  56  76   6   0  11 0.00    M    M  9.4 28 250   M    M   0        36 250
 8  94  56  75   5   0  10 0.00    M    M  8.0 23 220   M    M   0        29 250
 9  95  53  74   3   0   9 0.00    M    M 11.5 31 220   M    M   0        41 240
10  93  60  77   6   0  12 0.00    M    M 15.6 35 200   M    M   0        43 200
11  91  54  73   2   0   8 0.00    M    M  4.9 16 260   M    M   0        22 250
12  97  55  76   4   0  11 0.00    M    M  5.5 17 320   M    M   0        24 270
13 101  58  80   8   0  15 0.00    M    M  6.2 24 250   M    M   0 8      32 290
14  98  65  82  10   0  17    T    M    M 12.4 35 190   M    M   0        43 200
15  97  73  85  12   0  20 0.00    M    M 14.5 29 210   M    M   0        37 240
16  82  69  76   3   0  11 0.00    M    M 13.7 26 160   M    M   5        32 150
17  90  68  79   5   0  14    T    M    M 10.7 26 230   M    M   6        30 240
================================================================================
SM 1583 1009         0 195    T     M    165.9          M       11
================================================================================
AV 93.1 59.4                               9.8 FASTST   M    M   1    MAX(MPH)
                                 MISC ---->  # 35 140               # 46  140
================================================================================
NOTES:
# LAST OF SEVERAL OCCURRENCES

COLUMN 17 PEAK WIND IN M.P.H.

PRELIMINARY LOCAL CLIMATOLOGICAL DATA (WS FORM: F-6) , PAGE 2

                                          STATION:  CANYONLANDS AIRPORT UT
                                          MONTH:    JUNE
                                          YEAR:     2018
                                          LATITUDE:   38 46 N
                                          LONGITUDE: 109 45 W

[TEMPERATURE DATA]      [PRECIPITATION DATA]       SYMBOLS USED IN COLUMN 16

AVERAGE MONTHLY: 76.2   TOTAL FOR MONTH:      T    1 = FOG OR MIST
DPTR FM NORMAL:   5.5   DPTR FM NORMAL:   -0.29    2 = FOG REDUCING VISIBILITY
HIGHEST:   101 ON 13    GRTST 24HR    T  ON 17-17      TO 1/4 MILE OR LESS
LOWEST:     52 ON  2                               3 = THUNDER
                        SNOW, ICE PELLETS, HAIL    4 = ICE PELLETS
                        TOTAL MONTH:    M          5 = HAIL
                        GRTST 24HR    M  ON   M    6 = FREEZING RAIN OR DRIZZLE
                        GRTST DEPTH:  M  ON   M    7 = DUSTSTORM OR SANDSTORM:
                                                       VSBY 1/2 MILE OR LESS
                                                   8 = SMOKE OR HAZE
[NO. OF DAYS WITH]      [WEATHER - DAYS WITH]      9 = BLOWING SNOW
                                                   X = TORNADO
MAX 32 OR BELOW:   0    0.01 INCH OR MORE:   0
MAX 90 OR ABOVE:  14    0.10 INCH OR MORE:   0
MIN 32 OR BELOW:   0    0.50 INCH OR MORE:   0
MIN  0 OR BELOW:   0    1.00 INCH OR MORE:   0

[HDD (BASE 65) ]
TOTAL THIS MO.     0    CLEAR  (SCALE 0-3)  15
DPTR FM NORMAL   -15    PTCLDY (SCALE 4-7)   2
TOTAL FM JUL 1  4866    CLOUDY (SCALE 8-10)  0
DPTR FM NORMAL  -709

[CDD (BASE 65) ]
TOTAL THIS MO.   195
DPTR FM NORMAL    82    [PRESSURE DATA]
TOTAL FM JAN 1   305    HIGHEST SLP M ON M
DPTR FM NORMAL   128    LOWEST  SLP 29.54 ON 16

[REMARKS]
