000
CXUS54 KHGX 221415
CF6CXO
PRELIMINARY LOCAL CLIMATOLOGICAL DATA (WS FORM: F-6)

                                          STATION:   CONROE
                                          MONTH:     APRIL
                                          YEAR:      2018
                                          LATITUDE:   30 21 N
                                          LONGITUDE:  95 25 W

  TEMPERATURE IN F:       :PCPN:    SNOW:  WIND      :SUNSHINE: SKY     :PK WND
================================================================================
1   2   3   4   5  6A  6B    7    8   9   10  11  12  13   14  15   16   17  18
                                     12Z  AVG MX 2MIN
DY MAX MIN AVG DEP HDD CDD  WTR  SNW DPTH SPD SPD DIR MIN PSBL S-S WX    SPD DR
================================================================================

 1  83  54  69   5   0   4 0.00  0.0    0  6.7 17 140   M    M   4 1      24 190
 2  86  63  75  11   0  10 0.00  0.0    0  9.0 23 140   M    M   7 1      29 140
 3  85  61  73   9   0   8 0.05  0.0    0 10.3 23 170   M    M   8 13     28 190
 4  72  48  60  -4   5   0    T    M    0  6.6 16  40   M    M   0 3      23  30
 5  74  48  61  -4   4   0 0.00  0.0    0  8.4 18 140   M    M   6        22 160
 6  84  68  76  11   0  11    T  0.0    0 10.9 22 190   M    M   9 3      28 210
 7  73  45  59  -6   6   0 0.14  0.0    0  9.5 22 340   M    M  10 13     32 350
 8  57  44  51 -14  14   0 0.00  0.0    0  4.8 10 160   M    M  10        13 360
 9  66  53  60  -5   5   0    T  0.0    0  4.5  8  50   M    M  10 18     12  80
10  77  46  62  -4   3   0 0.00  0.0    0  4.9 14 340   M    M   0 1      20 330
11  80  41  61  -5   4   0 0.00  0.0    0  6.5 18 150   M    M   0        24 150
12  85  52  69   3   0   4    T  0.0    0 11.6 24 150   M    M   5 12     32 160
13  82  62  72   6   0   7 0.35  0.0    0 14.7 39 320   M    M  10 13     51 320
14  65  41  53 -13  12   0 0.69  0.0    0  9.2 24 330   M    M   3 13     33 290
15  67  39  53 -14  12   0 0.00  0.0    0  7.5 23 330   M    M   0        31 320
16  80  37  59  -8   6   0 0.00  0.0    0  4.6 17 190   M    M   0        23 170
17  84  48  66  -1   0   1 0.00  0.0    0 12.5 23 170   M    M   0        30 200
18  78  60  69   2   0   4 0.00  0.0    0  6.7 20 190   M    M   7 1      25 190
19  76  50  63  -5   2   0 0.00  0.0    0  6.9 17  20   M    M   3        26  30
20  66  48  57 -11   8   0 0.00  0.0    0  5.0 13 120   M    M   0        17  80
21  77  53  65  -3   0   0 1.65  0.0    0  7.4 20 150   M    M   9 13     24 150
================================================================================
SM 1597 1061        81  49  2.88     0.0 168.2          M      101
================================================================================
AV 76.1 50.5                               8.0 FASTST   M    M   5    MAX(MPH)
                                 MISC ---->  # 39 320               # 51  320
================================================================================
NOTES:
# LAST OF SEVERAL OCCURRENCES

COLUMN 17 PEAK WIND IN M.P.H.

PRELIMINARY LOCAL CLIMATOLOGICAL DATA (WS FORM: F-6) , PAGE 2

                                          STATION:  CONROE
                                          MONTH:    APRIL
                                          YEAR:     2018
                                          LATITUDE:   30 21 N
                                          LONGITUDE:  95 25 W

[TEMPERATURE DATA]      [PRECIPITATION DATA]       SYMBOLS USED IN COLUMN 16

AVERAGE MONTHLY: 63.3   TOTAL FOR MONTH:   2.88    1 = FOG OR MIST
DPTR FM NORMAL:  -2.6   DPTR FM NORMAL:    1.28    2 = FOG REDUCING VISIBILITY
HIGHEST:    86 ON  2    GRTST 24HR  1.65 ON 21-21      TO 1/4 MILE OR LESS
LOWEST:     37 ON 16                               3 = THUNDER
                        SNOW, ICE PELLETS, HAIL    4 = ICE PELLETS
                        TOTAL MONTH:   0.0 INCH    5 = HAIL
                        GRTST 24HR     0.0         6 = FREEZING RAIN OR DRIZZLE
                        GRTST DEPTH:   0           7 = DUSTSTORM OR SANDSTORM:
                                                       VSBY 1/2 MILE OR LESS
                                                   8 = SMOKE OR HAZE
[NO. OF DAYS WITH]      [WEATHER - DAYS WITH]      9 = BLOWING SNOW
                                                   X = TORNADO
MAX 32 OR BELOW:   0    0.01 INCH OR MORE:   5
MAX 90 OR ABOVE:   0    0.10 INCH OR MORE:   4
MIN 32 OR BELOW:   0    0.50 INCH OR MORE:   2
MIN  0 OR BELOW:   0    1.00 INCH OR MORE:   1

[HDD (BASE 65) ]
TOTAL THIS MO.    81    CLEAR  (SCALE 0-3)   8
DPTR FM NORMAL    23    PTCLDY (SCALE 4-7)   7
TOTAL FM JUL 1  1648    CLOUDY (SCALE 8-10)  6
DPTR FM NORMAL   -83

[CDD (BASE 65) ]
TOTAL THIS MO.    49
DPTR FM NORMAL   -26    [PRESSURE DATA]
TOTAL FM JAN 1   220    HIGHEST SLP M ON M
DPTR FM NORMAL    77    LOWEST  SLP 29.65 ON 13

[REMARKS]
