000
CXUS55 KCYS 251000
CF6CYS
PRELIMINARY LOCAL CLIMATOLOGICAL DATA (WS FORM: F-6)

                                          STATION:   CHEYENNE WYOMING AIRPORT
                                          MONTH:     APRIL
                                          YEAR:      2018
                                          LATITUDE:   41  9 N
                                          LONGITUDE: 104 49 W

  TEMPERATURE IN F:       :PCPN:    SNOW:  WIND      :SUNSHINE: SKY     :PK WND
================================================================================
1   2   3   4   5  6A  6B    7    8   9   10  11  12  13   14  15   16   17  18
                                     12Z  AVG MX 2MIN
DY MAX MIN AVG DEP HDD CDD  WTR  SNW DPTH SPD SPD DIR MIN PSBL S-S WX    SPD DR
================================================================================

 1  45  17  31  -8  34   0 0.07  0.8    1 10.2 24 190   M    M   5 1      28 180
 2  66  30  48   9  17   0 0.00  0.0    0 18.7 39 270   M    M   3        52 310
 3  41  20  31  -9  34   0 0.00  0.0    0 20.8 38 290   M    M   0        51 310
 4  54  20  37  -3  28   0 0.00  0.0    0 18.2 43 280   M    M   1        55 290
 5  60  36  48   8  17   0 0.00  0.0    0 15.1 31 260   M    M   5        40 260
 6  37  16  27 -13  38   0 0.29  3.1    T 12.1 20  20   M    M  10 12     26  20
 7  51  17  34  -6  31   0 0.00  0.0    3 12.4 25 270   M    M   5 128    34 280
 8  55  34  45   4  20   0    T  0.0    0 17.2 41 310   M    M   3        55 310
 9  51  32  42   1  23   0 0.07  0.7    1 11.7 26 270   M    M   7 1      34 270
10  68  27  48   7  17   0 0.00  0.0    0 11.4 28 280   M    M   0        34 280
11  71  44  58  17   7   0 0.00  0.0    0 18.7 49 280   M    M   0        60 280
12  73  38  56  14   9   0    T  0.0    0 15.3 35 310   M    M   3        45 310
13  38  24  31 -11  34   0 0.03  0.3    T 26.5 41 350   M    M  10 1      56 350
14  49  25  37  -5  28   0    T    T    T 17.9 38 340   M    M   5 1      48 340
15  58  25  42   0  23   0 0.00  0.0    0  7.3 21 110   M    M   4        26 110
16  68  28  48   5  17   0 0.00  0.0    0 11.0 23 180   M    M   0        29 180
17  64  28  46   3  19   0    T    T    0 19.4 52 280   M    M   1        62 310
18  50  29  40  -3  25   0 0.00  0.0    0 14.8 29 310   M    M   0        37 320
19  59  26  43  -1  22   0 0.00  0.0    0 19.1 32 140   M    M   0        40 140
20  50  30  40  -4  25   0 0.19  0.3    0 15.2 25 120   M    M   6 14     33 140
21  43  30  37  -7  28   0 0.19  1.6    T  5.8 17 240   M    M   9 12     20 250
22  63  29  46   1  19   0 0.00  0.0    0  8.9 21  20   M    M   2 12     24  20
23  67  31  49   4  16   0 0.06    T    0  8.8 26 350   M    M   4 135    37 360
24  40  28  34 -11  31   0 0.03  0.3    0 14.8 29 360   M    M   9 1      38 360
================================================================================
SM 1321  664       562   0  0.93     7.1 351.3          M       92
================================================================================
AV 55.0 27.7                              14.6 FASTST   M    M   4    MAX(MPH)
                                 MISC ---->  # 52 280               # 62  310
================================================================================
NOTES:
# LAST OF SEVERAL OCCURRENCES

COLUMN 17 PEAK WIND IN M.P.H.

PRELIMINARY LOCAL CLIMATOLOGICAL DATA (WS FORM: F-6) , PAGE 2

                                          STATION:  CHEYENNE WYOMING AIRPORT
                                          MONTH:    APRIL
                                          YEAR:     2018
                                          LATITUDE:   41  9 N
                                          LONGITUDE: 104 49 W

[TEMPERATURE DATA]      [PRECIPITATION DATA]       SYMBOLS USED IN COLUMN 16

AVERAGE MONTHLY: 41.4   TOTAL FOR MONTH:   0.93    1 = FOG OR MIST
DPTR FM NORMAL:  -0.6   DPTR FM NORMAL:   -0.44    2 = FOG REDUCING VISIBILITY
HIGHEST:    73 ON 12    GRTST 24HR  0.29 ON  6- 6      TO 1/4 MILE OR LESS
LOWEST:     16 ON  6                               3 = THUNDER
                        SNOW, ICE PELLETS, HAIL    4 = ICE PELLETS
                        TOTAL MONTH:   7.1 INCHES  5 = HAIL
                        GRTST 24HR   3.1 ON  6- 6  6 = FREEZING RAIN OR DRIZZLE
                        GRTST DEPTH:   3 ON  7     7 = DUSTSTORM OR SANDSTORM:
                                                       VSBY 1/2 MILE OR LESS
                                                   8 = SMOKE OR HAZE
[NO. OF DAYS WITH]      [WEATHER - DAYS WITH]      9 = BLOWING SNOW
                                                   X = TORNADO
MAX 32 OR BELOW:   0    0.01 INCH OR MORE:   8
MAX 90 OR ABOVE:   0    0.10 INCH OR MORE:   3
MIN 32 OR BELOW:  20    0.50 INCH OR MORE:   0
MIN  0 OR BELOW:   0    1.00 INCH OR MORE:   0

[HDD (BASE 65) ]
TOTAL THIS MO.   562    CLEAR  (SCALE 0-3)  12
DPTR FM NORMAL     8    PTCLDY (SCALE 4-7)   8
TOTAL FM JUL 1  6101    CLOUDY (SCALE 8-10)  4
DPTR FM NORMAL  -373

[CDD (BASE 65) ]
TOTAL THIS MO.     0
DPTR FM NORMAL     0    [PRESSURE DATA]
TOTAL FM JAN 1     0    HIGHEST SLP M ON M
DPTR FM NORMAL     0    LOWEST  SLP 29.18 ON 12

[REMARKS]
