000
CXUS55 KDVN 251100
CF6DBQ
PRELIMINARY LOCAL CLIMATOLOGICAL DATA (WS FORM: F-6)

                                          STATION:   DUBUQUE IA
                                          MONTH:     MAY
                                          YEAR:      2018
                                          LATITUDE:   42 24 N
                                          LONGITUDE:  90 42 W

  TEMPERATURE IN F:       :PCPN:    SNOW:  WIND      :SUNSHINE: SKY     :PK WND
================================================================================
1   2   3   4   5  6A  6B    7    8   9   10  11  12  13   14  15   16   17  18
                                     12Z  AVG MX 2MIN
DY MAX MIN AVG DEP HDD CDD  WTR  SNW DPTH SPD SPD DIR MIN PSBL S-S WX    SPD DR
================================================================================

 1  79  53  66  12   0   1 0.12  0.0    0 16.4 33 200   M    M   4 13     39 200
 2  76  58  67  13   0   2 0.45  0.0    0 11.6 28 260   M    M   5 138    33 260
 3  70  58  64   9   1   0 0.61  0.0    0  8.9 30 200   M    M   9 123    43 190
 4  74  53  64   9   1   0    T  0.0    0 13.5 28 330   M    M   2        37 320
 5  79  49  64   9   1   0    T  0.0    0  9.4 24 230   M    M   2 3      43 270
 6  75  56  66  10   0   1    T  0.0    0  8.1 17  40   M    M   2        22  20
 7  77  47  62   6   3   0 0.00  0.0    0  7.2 18 230   M    M   0        22 220
 8  80  50  65   9   0   0    T  0.0    0 13.8 26 160   M    M   1        35 170
 9  77  57  67  11   0   2 0.15  0.0    0 15.8 28 290   M    M   4 138    36 310
10  72  48  60   3   5   0 0.00  0.0    0  8.5 17  20   M    M   2 1      20  20
11  58  41  50  -7  15   0 0.11  0.0    0 15.3 24  60   M    M  10 1      32  50
12  54  43  49  -9  16   0    T  0.0    0 12.7 21  60   M    M  10        26  60
13  59  48  54  -4  11   0    T  0.0    0  6.3 33 150   M    M   9 138    42 150
14  74  56  65   7   0   0 1.67  0.0    0  6.1 22  20   M    M   7 138    25  20
15  79  58  69  11   0   4 0.00  0.0    0  7.0 14 140   M    M   4 18     19 130
16  81  52  67   8   0   2 0.00  0.0    0  2.3  9 340   M    M   1 8      13 340
17  81  56  69  10   0   4 0.00  0.0    0  6.8 17  80   M    M   0        24  80
18  79  51  65   6   0   0 0.00  0.0    0 11.5 20 120   M    M   4        26 130
19  80  57  69   9   0   4 0.32  0.0    0  5.3 18 300   M    M   6 1238   22 300
20  64  50  57  -3   8   0 0.40  0.0    0 10.9 20  60   M    M  10 13     26  50
21  62  51  57  -3   8   0 0.63  0.0    0  5.9 14  80   M    M  10 12     17  80
22  72  58  65   4   0   0 0.00  0.0    0  5.6 13 330   M    M   7 12     16 310
23  80  56  68   7   0   3 0.00  0.0    0  6.1 13 150   M    M   2 1      15 150
24  85  62  74  13   0   9 0.00  0.0    0  8.8 16 200   M    M   0        20 200
================================================================================
SM 1767 1268        69  32  4.46     0.0 223.8          M      111
================================================================================
AV 73.6 52.8                               9.3 FASTST   M    M   5    MAX(MPH)
                                 MISC ---->  # 33 200               # 43  190
================================================================================
NOTES:
# LAST OF SEVERAL OCCURRENCES

COLUMN 17 PEAK WIND IN M.P.H.

PRELIMINARY LOCAL CLIMATOLOGICAL DATA (WS FORM: F-6) , PAGE 2

                                          STATION:  DUBUQUE IA
                                          MONTH:    MAY
                                          YEAR:     2018
                                          LATITUDE:   42 24 N
                                          LONGITUDE:  90 42 W

[TEMPERATURE DATA]      [PRECIPITATION DATA]       SYMBOLS USED IN COLUMN 16

AVERAGE MONTHLY: 63.2   TOTAL FOR MONTH:   4.46    1 = FOG OR MIST
DPTR FM NORMAL:   5.6   DPTR FM NORMAL:    1.24    2 = FOG REDUCING VISIBILITY
HIGHEST:    85 ON 24    GRTST 24HR  1.67 ON 14-14      TO 1/4 MILE OR LESS
LOWEST:     41 ON 11                               3 = THUNDER
                        SNOW, ICE PELLETS, HAIL    4 = ICE PELLETS
                        TOTAL MONTH:   0.0 INCH    5 = HAIL
                        GRTST 24HR     0.0         6 = FREEZING RAIN OR DRIZZLE
                        GRTST DEPTH:   0           7 = DUSTSTORM OR SANDSTORM:
                                                       VSBY 1/2 MILE OR LESS
                                                   8 = SMOKE OR HAZE
[NO. OF DAYS WITH]      [WEATHER - DAYS WITH]      9 = BLOWING SNOW
                                                   X = TORNADO
MAX 32 OR BELOW:   0    0.01 INCH OR MORE:   9
MAX 90 OR ABOVE:   0    0.10 INCH OR MORE:   9
MIN 32 OR BELOW:   0    0.50 INCH OR MORE:   3
MIN  0 OR BELOW:   0    1.00 INCH OR MORE:   1

[HDD (BASE 65) ]
TOTAL THIS MO.    69    CLEAR  (SCALE 0-3)  10
DPTR FM NORMAL  -126    PTCLDY (SCALE 4-7)   8
TOTAL FM JUL 1  7109    CLOUDY (SCALE 8-10)  6
DPTR FM NORMAL    93

[CDD (BASE 65) ]
TOTAL THIS MO.    32
DPTR FM NORMAL    14    [PRESSURE DATA]
TOTAL FM JAN 1    32    HIGHEST SLP M ON M
DPTR FM NORMAL     9    LOWEST  SLP 29.63 ON  9

[REMARKS]
