000
CXUS55 KGJT 241000
CF6EEO
PRELIMINARY LOCAL CLIMATOLOGICAL DATA (WS FORM: F-6)

                                          STATION:   MEEKER CO
                                          MONTH:     MAY
                                          YEAR:      2018
                                          LATITUDE:   40  2 N
                                          LONGITUDE: 107 53 W

  TEMPERATURE IN F:       :PCPN:    SNOW:  WIND      :SUNSHINE: SKY     :PK WND
================================================================================
1   2   3   4   5  6A  6B    7    8   9   10  11  12  13   14  15   16   17  18
                                     12Z  AVG MX 2MIN
DY MAX MIN AVG DEP HDD CDD  WTR  SNW DPTH SPD SPD DIR MIN PSBL S-S WX    SPD DR
================================================================================

 1  49  33  41  -5  24   0 0.27    M    M  4.7 16 140   M    M  10 13     22 130
 2  54  38  46  -1  19   0 0.15    M    M  4.3 22 250   M    M   8 1      29 210
 3  52  33  43  -4  22   0 0.31    M    M  5.9 20 140   M    M   9 13     22 150
 4  67  33  50   3  15   0 0.00    M    M  4.8 16 100   M    M   1        21 100
 5  73  35  54   6  11   0    T    M    M  5.7 30 280   M    M   1        40 270
 6  78  38  58  10   7   0 0.00    M    M  5.1 20 220   M    M   0        23 220
 7  80  41  61  13   4   0 0.00    M    M  5.0 28 250   M    M   1        37 250
 8  77  38  58   9   7   0 0.00    M    M  5.6 18 260   M    M   0        26 260
 9  79  37  58   9   7   0 0.00    M    M  4.5 29 310   M    M   1        36 300
10  83  39  61  12   4   0    T    M    M 11.0 33  20   M    M   0        44  20
11  76  47  62  12   3   0 0.00    M    M 11.0 30 190   M    M   2        40 190
12  77  39  58   8   7   0 0.00    M    M 10.8 31 200   M    M   1        40 220
13  67  42  55   5  10   0 0.00    M    M  6.5 23 290   M    M   4        29 280
14  72  37  55   4  10   0    T    M    M  6.3 22  20   M    M   1        29 290
15  78  32  55   4  10   0 0.00    M    M  5.1 20 230   M    M   0        24 200
16  80  32  56   4   9   0 0.00    M    M  5.6 20 180   M    M   0        26 190
17  79  35  57   5   8   0 0.00    M    M  8.1 24 250   M    M   0        33 210
18  75  34  55   3  10   0 0.00    M    M  6.5 31 320   M    M   1        40 320
19  68  37  53   0  12   0 0.14    M    M  4.9 21 240   M    M   4 3      26 220
20  70  34  52  -1  13   0 0.12    M    M  6.6 38 200   M    M   2 3      52 200
21  79  36  58   5   7   0 0.00    M    M  5.1 22 220   M    M   0        28 240
22  74  42  58   4   7   0 0.37    M    M  6.8 25 210   M    M   2 38     37 210
23  74  37  56   2   9   0 0.00    M    M  7.1 24 190   M    M   1        32 200
================================================================================
SM 1661  849       235   0  1.36    M    147.0          M       49
================================================================================
AV 72.2 36.9                               6.4 FASTST   M    M   2    MAX(MPH)
                                 MISC ---->  # 38 200               # 52  200
================================================================================
NOTES:
# LAST OF SEVERAL OCCURRENCES

COLUMN 17 PEAK WIND IN M.P.H.

PRELIMINARY LOCAL CLIMATOLOGICAL DATA (WS FORM: F-6) , PAGE 2

                                          STATION:  MEEKER CO
                                          MONTH:    MAY
                                          YEAR:     2018
                                          LATITUDE:   40  2 N
                                          LONGITUDE: 107 53 W

[TEMPERATURE DATA]      [PRECIPITATION DATA]       SYMBOLS USED IN COLUMN 16

AVERAGE MONTHLY: 54.6   TOTAL FOR MONTH:   1.36    1 = FOG OR MIST
DPTR FM NORMAL:   4.4   DPTR FM NORMAL:    0.20    2 = FOG REDUCING VISIBILITY
HIGHEST:    83 ON 10    GRTST 24HR  0.37 ON 22-22      TO 1/4 MILE OR LESS
LOWEST:     32 ON 16,15                            3 = THUNDER
                        SNOW, ICE PELLETS, HAIL    4 = ICE PELLETS
                        TOTAL MONTH:    M          5 = HAIL
                        GRTST 24HR    M  ON   M    6 = FREEZING RAIN OR DRIZZLE
                        GRTST DEPTH:  M  ON   M    7 = DUSTSTORM OR SANDSTORM:
                                                       VSBY 1/2 MILE OR LESS
                                                   8 = SMOKE OR HAZE
[NO. OF DAYS WITH]      [WEATHER - DAYS WITH]      9 = BLOWING SNOW
                                                   X = TORNADO
MAX 32 OR BELOW:   0    0.01 INCH OR MORE:   6
MAX 90 OR ABOVE:   0    0.10 INCH OR MORE:   6
MIN 32 OR BELOW:   2    0.50 INCH OR MORE:   0
MIN  0 OR BELOW:   0    1.00 INCH OR MORE:   0

[HDD (BASE 65) ]
TOTAL THIS MO.   235    CLEAR  (SCALE 0-3)  18
DPTR FM NORMAL  -107    PTCLDY (SCALE 4-7)   3
TOTAL FM JUL 1  6508    CLOUDY (SCALE 8-10)  2
DPTR FM NORMAL -1247

[CDD (BASE 65) ]
TOTAL THIS MO.     0
DPTR FM NORMAL     0    [PRESSURE DATA]
TOTAL FM JAN 1     0    HIGHEST SLP M ON M
DPTR FM NORMAL     0    LOWEST  SLP 29.42 ON 11

[REMARKS]
