354
CXUS56 KSGX 251445
CF6FUL
PRELIMINARY LOCAL CLIMATOLOGICAL DATA (WS FORM: F-6)

                                          STATION:   FULLERTON AIRPORT CA
                                          MONTH:     APRIL
                                          YEAR:      2018
                                          LATITUDE:   33 52 N
                                          LONGITUDE: 117 58 W

  TEMPERATURE IN F:       :PCPN:    SNOW:  WIND      :SUNSHINE: SKY     :PK WND
================================================================================
1   2   3   4   5  6A  6B    7    8   9   10  11  12  13   14  15   16   17  18
                                     12Z  AVG MX 2MIN
DY MAX MIN AVG DEP HDD CDD  WTR  SNW DPTH SPD SPD DIR MIN PSBL S-S WX    SPD DR
================================================================================

 1  69  56  63   2   2   0 0.00  0.0    0  4.6 10 210   M    M   6 1      16 160
 2  69  58  64   3   1   0 0.00  0.0    0  4.1 12 200   M    M   8        16 230
 3  73  57  65   4   0   0 0.00  0.0    0  2.5 13 200   M    M   5 8      17 200
 4  71  55  63   2   2   0 0.00  0.0    0  3.1 10 210   M    M   6 18     14 220
 5  69  58  64   3   1   0 0.00  0.0    0  3.8 10 170   M    M   5 18     15 230
 6  72  55  64   3   1   0 0.00  0.0    0  4.6 14 190   M    M   2        19 200
 7  74  59  67   6   0   2 0.00  0.0    0  4.0 13 210   M    M   5        18 210
 8  78  57  68   6   0   3 0.00  0.0    0  2.3 12 210   M    M   4        17 220
 9  97  55  76  14   0  11 0.00  0.0    0  2.7 13 220   M    M   1        16 210
10  90  59  75  13   0  10 0.00  0.0    0  3.4 12 220   M    M   2        15 210
11  78  59  69   7   0   4 0.00  0.0    0  5.3 13 220   M    M   0        18 200
12  74  54  64   2   1   0 0.00  0.0    0  7.0 24 290   M    M   0        36 290
13  84  48  66   4   0   1 0.00  0.0    0  2.8 13 290   M    M   0        19 280
14  87  52  70   8   0   5 0.00  0.0    0  3.5 15 200   M    M   0        19 200
15  79  52  66   4   0   1 0.00  0.0    0  3.9 13 210   M    M   1        17 220
16  69  53  61  -2   4   0 0.00  0.0    0  6.2 17 240   M    M   2        27 270
17  74  47  61  -2   4   0 0.00  0.0    0  3.7 12 290   M    M   0        19 250
18  73  45  59  -4   6   0 0.00  0.0    0  4.9 12 170   M    M   0        18 200
19  66  51  59  -4   6   0 0.02  0.0    0  4.9 15 200   M    M   4        21 210
20  77  53  65   2   0   0 0.00  0.0    0  4.4 14 210   M    M   2        20 210
21  89  53  71   8   0   6 0.00  0.0    0  3.1 13 210   M    M   1        17 220
22  83  56  70   6   0   5 0.00  0.0    0  3.5 12 190   M    M   0        15 200
23  77  56  67   3   0   2 0.00  0.0    0  2.9 10 190   M    M   4 18     14 220
24  73  55  64   0   1   0 0.00  0.0    0  4.7 12 190   M    M   4 18     19 240
================================================================================
SM 1845 1303        29  50  0.02     0.0  95.9          M       62
================================================================================
AV 76.9 54.3                               4.0 FASTST   M    M   3    MAX(MPH)
                                 MISC ---->  # 24 290               # 36  290
================================================================================
NOTES:
# LAST OF SEVERAL OCCURRENCES

COLUMN 17 PEAK WIND IN M.P.H.

PRELIMINARY LOCAL CLIMATOLOGICAL DATA (WS FORM: F-6) , PAGE 2

                                          STATION:  FULLERTON AIRPORT CA
                                          MONTH:    APRIL
                                          YEAR:     2018
                                          LATITUDE:   33 52 N
                                          LONGITUDE: 117 58 W

[TEMPERATURE DATA]      [PRECIPITATION DATA]       SYMBOLS USED IN COLUMN 16

AVERAGE MONTHLY: 65.6   TOTAL FOR MONTH:   0.02    1 = FOG OR MIST
DPTR FM NORMAL:   3.4   DPTR FM NORMAL:   -0.69    2 = FOG REDUCING VISIBILITY
HIGHEST:    97 ON  9    GRTST 24HR  0.02 ON 19-19      TO 1/4 MILE OR LESS
LOWEST:     45 ON 18                               3 = THUNDER
                        SNOW, ICE PELLETS, HAIL    4 = ICE PELLETS
                        TOTAL MONTH:   0.0 INCH    5 = HAIL
                        GRTST 24HR     0.0         6 = FREEZING RAIN OR DRIZZLE
                        GRTST DEPTH:   0           7 = DUSTSTORM OR SANDSTORM:
                                                       VSBY 1/2 MILE OR LESS
                                                   8 = SMOKE OR HAZE
[NO. OF DAYS WITH]      [WEATHER - DAYS WITH]      9 = BLOWING SNOW
                                                   X = TORNADO
MAX 32 OR BELOW:   0    0.01 INCH OR MORE:   1
MAX 90 OR ABOVE:   2    0.10 INCH OR MORE:   0
MIN 32 OR BELOW:   0    0.50 INCH OR MORE:   0
MIN  0 OR BELOW:   0    1.00 INCH OR MORE:   0

[HDD (BASE 65) ]
TOTAL THIS MO.    29    CLEAR  (SCALE 0-3)  14
DPTR FM NORMAL   -60    PTCLDY (SCALE 4-7)   9
TOTAL FM JUL 1   611    CLOUDY (SCALE 8-10)  1
DPTR FM NORMAL  -570

[CDD (BASE 65) ]
TOTAL THIS MO.    50
DPTR FM NORMAL    29    [PRESSURE DATA]
TOTAL FM JAN 1    90    HIGHEST SLP M ON M
DPTR FM NORMAL    47    LOWEST  SLP 29.79 ON M

[REMARKS]
