000
CXUS52 KMFL 281030
CF6FXE
PRELIMINARY LOCAL CLIMATOLOGICAL DATA (WS FORM: F-6)
STATION: FORT LAUDERDALE EXEC ARPT
MONTH: MARCH
YEAR: 2024
LATITUDE: 26 12 N
LONGITUDE: 80 11 W
TEMPERATURE IN F: :PCPN: SNOW: WIND :SUNSHINE: SKY :PK WND
================================================================================
1 2 3 4 5 6A 6B 7 8 9 10 11 12 13 14 15 16 17 18
12Z AVG MX 2MIN
DY MAX MIN AVG DEP HDD CDD WTR SNW DPTH SPD SPD DIR MIN PSBL S-S WX SPD DR
================================================================================
1 81 73 77 6 0 12 0.09 M M 12.1 23 110 M M 4 1 30 120
2 81 73 77 6 0 12 0.00 0.0 0 7.9 16 150 M M 3 22 130
3 84 69 77 6 0 12 1.18 M M 5.9 15 130 M M 6 13 21 130
4 83 69 76 5 0 11 0.02 M M 6.6 17 60 M M 4 1 21 60
5 83 69 76 5 0 11 0.00 M M 7.5 13 120 M M 3 22 130
6 84 71 78 7 0 13 0.35 0.0 0 5.3 14 150 M M 4 13 20 140
7 82 69 76 5 0 11 0.99 0.0 0 2.3 14 290 M M 5 13 18 290
8 85 69 77 5 0 12 0.00 0.0 0 5.6 17 150 M M 3 1 22 140
9 88 76 82 10 0 17 0.00 0.0 0 8.4 17 180 M M 3 25 160
10 88 70 79 7 0 14 T 0.0 0 8.1 22 240 M M 6 30 230
11 80 64 72 0 0 7 0.00 0.0 0 8.1 16 60 M M 1 22 70
12 80 65 73 1 0 8 0.00 0.0 0 6.8 17 90 M M 2 24 70
13 83 66 75 3 0 10 0.00 0.0 0 6.1 16 100 M M 4 21 100
14 83 67 75 3 0 10 0.00 0.0 0 7.1 15 80 M M 1 21 120
15 84 72 78 6 0 13 0.00 0.0 0 8.9 18 120 M M 2 25 140
16 88 68 78 6 0 13 0.00 0.0 0 5.2 13 140 M M 2 17 130
17 91 71 81 9 0 16 0.00 0.0 0 6.3 15 140 M M 3 21 190
18 93 73 83 11 0 18 0.00 0.0 0 9.0 21 230 M M 2 30 250
19 78 63 71 -1 0 6 0.02 0.0 0 9.2 17 320 M M 2 28 10
20 78 60 69 -3 0 4 0.00 M M 6.4 16 90 M M 3 23 80
21 81 66 74 1 0 9 0.00 0.0 0 9.7 21 110 M M 4 29 120
22 75 66 71 -2 0 6 2.20 0.0 0 11.3 22 120 M M 7 13 30 100
23 82 67 75 2 0 10 0.24 M M 8.6 22 120 M M 6 13 31 110
24 82 63 73 0 0 8 0.01 M M 10.7 20 70 M M 4 28 80
25 82 72 77 4 0 12 T M M 16.1 25 80 M M 4 35 90
26 83 73 78 5 0 13 0.00 0.0 0 12.4 21 120 M M 6 27 110
27 83 74 79 6 0 14 0.00 0.0 0 10.7 17 100 M M 4 24 120
================================================================================
SM 2245 1858 0 302 5.10 0.0 222.3 M 98
================================================================================
AV 83.1 68.8 8.2 FASTST M M 4 MAX(MPH)
MISC ----> 25 80 35 90
================================================================================
NOTES:
# LAST OF SEVERAL OCCURRENCES
COLUMN 17 PEAK WIND IN M.P.H.
PRELIMINARY LOCAL CLIMATOLOGICAL DATA (WS FORM: F-6) , PAGE 2
STATION: FORT LAUDERDALE EXEC ARPT
MONTH: MARCH
YEAR: 2024
LATITUDE: 26 12 N
LONGITUDE: 80 11 W
[TEMPERATURE DATA] [PRECIPITATION DATA] SYMBOLS USED IN COLUMN 16
AVERAGE MONTHLY: 76.0 TOTAL FOR MONTH: 5.10 1 = FOG OR MIST
DPTR FM NORMAL: 4.0 DPTR FM NORMAL: 2.46 2 = FOG REDUCING VISIBILITY
HIGHEST: 93 ON 18 GRTST 24HR 2.22 ON 22-23 TO 1/4 MILE OR LESS
LOWEST: 60 ON 20 3 = THUNDER
SNOW, ICE PELLETS, HAIL 4 = ICE PELLETS
TOTAL MONTH: 0.0 INCH 5 = HAIL
GRTST 24HR 0.0 6 = FREEZING RAIN OR DRIZZLE
GRTST DEPTH: 0 7 = DUSTSTORM OR SANDSTORM:
VSBY 1/2 MILE OR LESS
8 = SMOKE OR HAZE
[NO. OF DAYS WITH] [WEATHER - DAYS WITH] 9 = BLOWING SNOW
X = TORNADO
MAX 32 OR BELOW: 0 0.01 INCH OR MORE: 9
MAX 90 OR ABOVE: 2 0.10 INCH OR MORE: 5
MIN 32 OR BELOW: 0 0.50 INCH OR MORE: 3
MIN 0 OR BELOW: 0 1.00 INCH OR MORE: 2
[HDD (BASE 65) ]
TOTAL THIS MO. 0 CLEAR (SCALE 0-3) 12
DPTR FM NORMAL -9 PTCLDY (SCALE 4-7) 15
TOTAL FM JUL 1 55 CLOUDY (SCALE 8-10) 0
DPTR FM NORMAL -85
[CDD (BASE 65) ]
TOTAL THIS MO. 302
DPTR FM NORMAL 100 [PRESSURE DATA]
TOTAL FM JAN 1 599 HIGHEST SLP M ON M
DPTR FM NORMAL 97 LOWEST SLP 29.64 ON 23
[REMARKS]