000
CXUS53 KAPX 280730
CF6GLR
PRELIMINARY LOCAL CLIMATOLOGICAL DATA (WS FORM: F-6)
STATION: GAYLORD
MONTH: MARCH
YEAR: 2024
LATITUDE: 45 0 N
LONGITUDE: 84 42 W
TEMPERATURE IN F: :PCPN: SNOW: WIND :SUNSHINE: SKY :PK WND
================================================================================
1 2 3 4 5 6A 6B 7 8 9 10 11 12 13 14 15 16 17 18
12Z AVG MX 2MIN
DY MAX MIN AVG DEP HDD CDD WTR SNW DPTH SPD SPD DIR MIN PSBL S-S WX SPD DR
================================================================================
1 50 24 37 15 28 0 0.00 M M 10.4 18 210 M M 0 25 200
2 54 35 45 23 20 0 0.00 M M 5.6 13 200 M M 3 19 190
3 54 34 44 21 21 0 0.00 M M 11.7 23 150 M M 3 1 34 150
4 69 38 54 31 11 0 0.29 M M 8.0 20 150 M M 4 138 28 170
5 49 33 41 18 24 0 0.82 M M 7.2 14 40 M M 6 18 22 20
6 49 29 39 15 26 0 0.00 M M 6.9 17 40 M M 1 26 50
7 51 29 40 16 25 0 0.00 M M 6.0 14 120 M M 1 21 130
8 47 32 40 16 25 0 0.34 M M 5.2 12 50 M M 7 1 15 20
9 37 28 33 8 32 0 0.22 M M 8.2 15 290 M M 10 128 25 300
10 35 24 30 5 35 0 0.01 M M 9.0 20 320 M M 6 8 35 290
11 57 20 39 13 26 0 0.00 M M 6.3 18 230 M M 0 27 200
12 70 30 50 24 15 0 0.00 M M 7.8 28 230 M M 0 37 230
13 63 30 47 21 18 0 0.00 M M 3.4 9 330 M M 0 M M
14 51 31 41 14 24 0 0.00 M M 3.1 12 30 M M 3 17 50
15 43 29 36 9 29 0 0.00 M M 3.9 12 300 M M 3 18 300
16 50 33 42 14 23 0 0.01 M M 13.8 28 240 M M 9 41 240
17 34 23 29 1 36 0 0.05 M M 10.6 17 300 M M 10 8 31 300
18 30 24 27 -1 38 0 T M M 7.6 15 310 M M 10 1 26 280
19 36 20 28 -1 37 0 0.02 M M 11.2 22 250 M M 10 1 29 250
20 27 18 23 -6 42 0 0.05 M M 9.7 20 300 M M 9 8 37 320
21 28 11 20 -10 45 0 T M M 4.1 15 260 M M 7 23 250
22 30 17 24 -6 41 0 0.06 M M 3.2 9 140 M M 9 12 13 130
23 32 13 23 -7 42 0 T M M 3.1 13 290 M M 5 22 280
24 35 9 22 -9 43 0 T M M 9.4 22 130 M M 7 6 33 140
25 57 29 43 12 22 0 0.00 M M 11.2 20 130 M M 3 33 140
26 57 38 48 16 17 0 0.32 M M 16.0 33 220 M M 10 18 44 220
27 38 28 33 1 32 0 T M M 16.5 30 230 M M 10 8 40 220
================================================================================
SM 1233 709 777 0 2.19 M 219.1 M 146
================================================================================
AV 45.7 26.3 8.1 FASTST M M 5 MAX(MPH)
MISC ----> 33 220 44 220
================================================================================
NOTES:
# LAST OF SEVERAL OCCURRENCES
COLUMN 17 PEAK WIND IN M.P.H.
PRELIMINARY LOCAL CLIMATOLOGICAL DATA (WS FORM: F-6) , PAGE 2
STATION: GAYLORD
MONTH: MARCH
YEAR: 2024
LATITUDE: 45 0 N
LONGITUDE: 84 42 W
[TEMPERATURE DATA] [PRECIPITATION DATA] SYMBOLS USED IN COLUMN 16
AVERAGE MONTHLY: 36.0 TOTAL FOR MONTH: 2.19 1 = FOG OR MIST
DPTR FM NORMAL: 9.1 DPTR FM NORMAL: 1.01 2 = FOG REDUCING VISIBILITY
HIGHEST: 70 ON 12 GRTST 24HR 1.11 ON 4- 5 TO 1/4 MILE OR LESS
LOWEST: 9 ON 24 3 = THUNDER
SNOW, ICE PELLETS, HAIL 4 = ICE PELLETS
TOTAL MONTH: M 5 = HAIL
GRTST 24HR M ON M 6 = FREEZING RAIN OR DRIZZLE
GRTST DEPTH: M ON M 7 = DUSTSTORM OR SANDSTORM:
VSBY 1/2 MILE OR LESS
8 = SMOKE OR HAZE
[NO. OF DAYS WITH] [WEATHER - DAYS WITH] 9 = BLOWING SNOW
X = TORNADO
MAX 32 OR BELOW: 5 0.01 INCH OR MORE: 11
MAX 90 OR ABOVE: 0 0.10 INCH OR MORE: 5
MIN 32 OR BELOW: 21 0.50 INCH OR MORE: 1
MIN 0 OR BELOW: 0 1.00 INCH OR MORE: 0
[HDD (BASE 65) ]
TOTAL THIS MO. 777 CLEAR (SCALE 0-3) 11
DPTR FM NORMAL -252 PTCLDY (SCALE 4-7) 7
TOTAL FM JUL 1 5515 CLOUDY (SCALE 8-10) 9
DPTR FM NORMAL -1460
[CDD (BASE 65) ]
TOTAL THIS MO. 0
DPTR FM NORMAL 0 [PRESSURE DATA]
TOTAL FM JAN 1 0 HIGHEST SLP M ON M
DPTR FM NORMAL 0 LOWEST SLP 29.44 ON 26
[REMARKS]