000
CXUS52 KJAX 220800
CF6GNV
PRELIMINARY LOCAL CLIMATOLOGICAL DATA (WS FORM: F-6)

                                          STATION:   GAINESVILLE FL
                                          MONTH:     APRIL
                                          YEAR:      2018
                                          LATITUDE:   29 40 N
                                          LONGITUDE:  82 16 W

  TEMPERATURE IN F:       :PCPN:    SNOW:  WIND      :SUNSHINE: SKY     :PK WND
================================================================================
1   2   3   4   5  6A  6B    7    8   9   10  11  12  13   14  15   16   17  18
                                     12Z  AVG MX 2MIN
DY MAX MIN AVG DEP HDD CDD  WTR  SNW DPTH SPD SPD DIR MIN PSBL S-S WX    SPD DR
================================================================================

 1  83  59  71   6   0   6 0.00  0.0    0  4.6 10 100   M    M   7 12     14  60
 2  86  57  72   7   0   7 0.00  0.0    0  2.7 13 190   M    M   3 12     16 190
 3  87  59  73   8   0   8    T  0.0    0  4.2 23 230   M    M   1 1      32 230
 4  86  61  74   9   0   9 0.03  0.0    0  5.6 20 270   M    M   4 18     25 320
 5  79  49  64  -2   1   0 0.00  0.0    0  7.7 16  30   M    M   0        22 100
 6  85  50  68   2   0   3 0.00  0.0    0  4.0 13 140   M    M   0 1      18 130
 7  83  59  71   5   0   6 0.35  0.0    0  8.6 28 240   M    M   5 13     36 230
 8  68  58  63  -3   2   0    T  0.0    0  8.1 13 110   M    M   9 18     17  70
 9  80  60  70   4   0   5 4.95  0.0    0  4.9 18  50   M    M  10 1238   23  40
10  65  57  61  -5   4   0 0.81  0.0    0  7.5 14  20   M    M  10 13     18  20
11  76  53  65  -2   0   0 0.00  0.0    0  6.0 13  30   M    M   4        20  10
12  79  49  64  -3   1   0 0.00  0.0    0  3.8 13 110   M    M   1        16 120
13  84  58  71   4   0   6 0.00  0.0    0  7.0 15 130   M    M   2 1      20 140
14  88  63  76   9   0  11 0.00  0.0    0  6.6 16 130   M    M   4        22 130
15  82  58  70   3   0   5 0.83  0.0    0 11.9 31 200   M    M   6 138    47 200
16  71  48  60  -8   5   0 0.00  0.0    0 12.3 24 310   M    M   2        31 320
17  78  44  61  -7   4   0 0.00  0.0    0  6.5 14 360   M    M   0        18 360
18  88  49  69   1   0   4 0.00  0.0    0  6.4 20 220   M    M   0        27 270
19  85  57  71   3   0   6 0.00  0.0    0 10.1 22 250   M    M   2 12     29 260
20  73  61  67  -1   0   2 0.00  0.0    0 10.8 21  50   M    M   7        26  30
21  82  62  72   3   0   7    T  0.0    0 11.4 22  70   M    M   9        28  70
================================================================================
SM 1688 1171        17  85  6.97     0.0 150.7          M       86
================================================================================
AV 80.4 55.8                               7.2 FASTST   M    M   4    MAX(MPH)
                                 MISC ---->  # 31 200               # 47  200
================================================================================
NOTES:
# LAST OF SEVERAL OCCURRENCES

COLUMN 17 PEAK WIND IN M.P.H.

PRELIMINARY LOCAL CLIMATOLOGICAL DATA (WS FORM: F-6) , PAGE 2

                                          STATION:  GAINESVILLE FL
                                          MONTH:    APRIL
                                          YEAR:     2018
                                          LATITUDE:   29 40 N
                                          LONGITUDE:  82 16 W

[TEMPERATURE DATA]      [PRECIPITATION DATA]       SYMBOLS USED IN COLUMN 16

AVERAGE MONTHLY: 68.1   TOTAL FOR MONTH:   6.97    1 = FOG OR MIST
DPTR FM NORMAL:   1.4   DPTR FM NORMAL:    4.99    2 = FOG REDUCING VISIBILITY
HIGHEST:    88 ON 18,14 GRTST 24HR  4.95 ON  9- 9      TO 1/4 MILE OR LESS
LOWEST:     44 ON 17                               3 = THUNDER
                        SNOW, ICE PELLETS, HAIL    4 = ICE PELLETS
                        TOTAL MONTH:   0.0 INCH    5 = HAIL
                        GRTST 24HR     0.0         6 = FREEZING RAIN OR DRIZZLE
                        GRTST DEPTH:   0           7 = DUSTSTORM OR SANDSTORM:
                                                       VSBY 1/2 MILE OR LESS
                                                   8 = SMOKE OR HAZE
[NO. OF DAYS WITH]      [WEATHER - DAYS WITH]      9 = BLOWING SNOW
                                                   X = TORNADO
MAX 32 OR BELOW:   0    0.01 INCH OR MORE:   5
MAX 90 OR ABOVE:   0    0.10 INCH OR MORE:   4
MIN 32 OR BELOW:   0    0.50 INCH OR MORE:   3
MIN  0 OR BELOW:   0    1.00 INCH OR MORE:   1

[HDD (BASE 65) ]
TOTAL THIS MO.    17    CLEAR  (SCALE 0-3)   9
DPTR FM NORMAL   -19    PTCLDY (SCALE 4-7)   8
TOTAL FM JUL 1  1104    CLOUDY (SCALE 8-10)  4
DPTR FM NORMAL  -103

[CDD (BASE 65) ]
TOTAL THIS MO.    85
DPTR FM NORMAL    13    [PRESSURE DATA]
TOTAL FM JAN 1   264    HIGHEST SLP M ON M
DPTR FM NORMAL   106    LOWEST  SLP 29.71 ON  7

[REMARKS]
