000
CXUS54 KFWD 250730
CF6GOP
PRELIMINARY LOCAL CLIMATOLOGICAL DATA (WS FORM: F-6)

                                          STATION:   GATESVILLE
                                          MONTH:     APRIL
                                          YEAR:      2018
                                          LATITUDE:   31 25 N
                                          LONGITUDE:  97 48 W

  TEMPERATURE IN F:       :PCPN:    SNOW:  WIND      :SUNSHINE: SKY     :PK WND
================================================================================
1   2   3   4   5  6A  6B    7    8   9   10  11  12  13   14  15   16   17  18
                                     12Z  AVG MX 2MIN
DY MAX MIN AVG DEP HDD CDD  WTR  SNW DPTH SPD SPD DIR MIN PSBL S-S WX    SPD DR
================================================================================

 1  79  52  66   6   0   1 0.00  0.0    0  6.0 10 190   M    M   5        17 170
 2  64  46  55  -5  10   0 0.00  0.0    0  2.3 10 140   M    M   6 1       M  M
 3  81  52  67   6   0   2 0.08  0.0    0  8.8 15 360   M    M   5 3      24 360
 4  64  43  54  -7  11   0 0.00  0.0    0  5.3 10  60   M    M   0        15 360
 5  79  46  63   2   2   0 0.00  0.0    0  7.3 16 150   M    M   3        22 170
 6  86  57  72  10   0   7 0.04  0.0    0  8.7 17 340   M    M   5 3      24 200
 7  55  36  46 -16  19   0 0.00  0.0    0  0.8 14 340   M    M   9 1      24   0
 8  61  37  49 -13  16   0 0.00  0.0    0  0.0  M   M   M    M   6         M  M
 9  64  50  57  -5   8   0 0.00  0.0    0  0.0  M   M   M    M   6 1       M  M
10  72  43  58  -5   7   0 0.00  0.0    0  0.0  M   M   M    M   0         M  M
11  82  43  63   0   2   0 0.00  0.0    0  3.1 16 190   M    M   0        21 160
12  84  61  73  10   0   8 0.00  0.0    0  8.6 18 150   M    M   2        27 150
13  86  61  74  10   0   9 0.38  0.0    0 10.6 21 150   M    M   4 3      28 310
14  66  46  56  -8   9   0 0.00  0.0    0 11.6 23 300   M    M   0        36 320
15  70  36  53 -11  12   0 0.00  0.0    0  6.0 13 340   M    M   0        18 300
16  82  41  62  -2   3   0 0.00  0.0    0  8.5 18 160   M    M   0        24 180
17  86  57  72   7   0   7 0.00  0.0    0 12.5 22 190   M    M   0        30 190
18  79  54  67   2   0   2 0.00  0.0    0  8.8 17 360   M    M   1        24 360
19  72  46  59  -6   6   0 0.00  0.0    0  5.4 14  50   M    M   0        21  50
20  70  48  59  -7   6   0 0.00  0.0    0  5.8 12 140   M    M   1        18 100
21  75  55  65  -1   0   0 0.05  0.0    0  8.6 16 330   M    M   6 1      27 330
22  72  48  60  -6   5   0 0.00  0.0    0  9.3 16 340   M    M   3        20 330
23  79  45  62  -4   3   0 0.00  0.0    0  4.5 15 310   M    M   0        21 310
24  84  50  67   0   0   2 0.00  0.0    0  2.0 10 180   M    M   0        16  99
================================================================================
SM 1792 1153       119  38  0.55     0.0 144.5          M       62
================================================================================
AV 74.7 48.0                               6.0 FASTST   M    M   3    MAX(MPH)
                                 MISC ---->  # 23 300               # 36  320
================================================================================
NOTES:
# LAST OF SEVERAL OCCURRENCES

COLUMN 17 PEAK WIND IN M.P.H.

PRELIMINARY LOCAL CLIMATOLOGICAL DATA (WS FORM: F-6) , PAGE 2

                                          STATION:  GATESVILLE
                                          MONTH:    APRIL
                                          YEAR:     2018
                                          LATITUDE:   31 25 N
                                          LONGITUDE:  97 48 W

[TEMPERATURE DATA]      [PRECIPITATION DATA]       SYMBOLS USED IN COLUMN 16

AVERAGE MONTHLY: 61.4   TOTAL FOR MONTH:   0.55    1 = FOG OR MIST
DPTR FM NORMAL:  -2.1   DPTR FM NORMAL:       M    2 = FOG REDUCING VISIBILITY
HIGHEST:    86 ON 17,13 GRTST 24HR  0.38 ON 13-13      TO 1/4 MILE OR LESS
LOWEST:     36 ON 15, 7                            3 = THUNDER
                        SNOW, ICE PELLETS, HAIL    4 = ICE PELLETS
                        TOTAL MONTH:   0.0 INCH    5 = HAIL
                        GRTST 24HR     0.0         6 = FREEZING RAIN OR DRIZZLE
                        GRTST DEPTH:   0           7 = DUSTSTORM OR SANDSTORM:
                                                       VSBY 1/2 MILE OR LESS
                                                   8 = SMOKE OR HAZE
[NO. OF DAYS WITH]      [WEATHER - DAYS WITH]      9 = BLOWING SNOW
                                                   X = TORNADO
MAX 32 OR BELOW:   0    0.01 INCH OR MORE:   4
MAX 90 OR ABOVE:   0    0.10 INCH OR MORE:   1
MIN 32 OR BELOW:   0    0.50 INCH OR MORE:   0
MIN  0 OR BELOW:   0    1.00 INCH OR MORE:   0

[HDD (BASE 65) ]
TOTAL THIS MO.   119    CLEAR  (SCALE 0-3)  13
DPTR FM NORMAL    26    PTCLDY (SCALE 4-7)  10
TOTAL FM JUL 1  2073    CLOUDY (SCALE 8-10)  1
DPTR FM NORMAL  -362

[CDD (BASE 65) ]
TOTAL THIS MO.    38
DPTR FM NORMAL   -16    [PRESSURE DATA]
TOTAL FM JAN 1   124    HIGHEST SLP M ON M
DPTR FM NORMAL    48    LOWEST  SLP M ON M

[REMARKS]
