000
CXUS53 KGID 260730
CF6GRI
PRELIMINARY LOCAL CLIMATOLOGICAL DATA (WS FORM: F-6)

                                          STATION:   GRAND ISLAND NE
                                          MONTH:     MAY
                                          YEAR:      2018
                                          LATITUDE:   40 58 N
                                          LONGITUDE:  98 19 W

  TEMPERATURE IN F:       :PCPN:    SNOW:  WIND      :SUNSHINE: SKY     :PK WND
================================================================================
1   2   3   4   5  6A  6B    7    8   9   10  11  12  13   14  15   16   17  18
                                     12Z  AVG MX 2MIN
DY MAX MIN AVG DEP HDD CDD  WTR  SNW DPTH SPD SPD DIR MIN PSBL S-S WX    SPD DR
================================================================================

 1  77  54  66  10   0   1 0.01  0.0    0 10.8 25 180   M    M   7 3      37 160
 2  58  49  54  -2  11   0 0.06  0.0    0 11.9 21  60   M    M   8 13     28  70
 3  58  48  53  -4  12   0 1.12  0.0    0 13.0 25  30   M    M   9 3      35  20
 4  79  46  63   6   2   0 0.00  0.0    0  8.4 17 330   M    M   1        23 350
 5  86  48  67   9   0   2    T  0.0    0  8.0 22 280   M    M   1        32 290
 6  80  53  67   9   0   2 0.00  0.0    0  7.8 17  30   M    M   1        25  60
 7  84  54  69  11   0   4 0.00  0.0    0 12.7 21 160   M    M   0        27 130
 8  82  60  71  13   0   6 0.00  0.0    0 10.1 18 350   M    M   0        31 360
 9  85  52  69  10   0   4 0.00  0.0    0 10.6 24 340   M    M   0        35 340
10  85  50  68   9   0   3 0.00  0.0    0 12.9 45 320   M    M   1 8      63 310
11  64  47  56  -4   9   0 0.28  0.0    0 16.0 46 330   M    M   9 138    64 340
12  54  48  51  -9  14   0 0.01  0.0    0 13.2 23  50   M    M  10 13     31  50
13  61  49  55  -5  10   0 0.02  0.0    0  8.1 16 350   M    M  10 128    21 350
14  73  54  64   4   1   0 0.29  0.0    0  8.4 25 270   M    M   8 13     34 280
15  77  54  66   5   0   1 0.00  0.0    0  4.8 13 100   M    M   4 1      17 100
16  85  54  70   9   0   5 0.00  0.0    0  4.3 13 130   M    M   0 18     19 140
17  85  56  71   9   0   6 0.00  0.0    0 11.3 20 150   M    M   1        29 140
18  69  60  65   3   0   0 0.63  0.0    0  8.9 26 120   M    M   8 13     38 120
19  64  51  58  -4   7   0 0.79  0.0    0 12.9 25  30   M    M  10 13     33  30
20  58  51  55  -7  10   0 0.28  0.0    0  9.2 16  10   M    M  10 1      21  10
21  75  45  60  -3   5   0 0.00  0.0    0  4.9 14 200   M    M   4 12     20 210
22  87  63  75  12   0  10 0.00  0.0    0 12.7 18 170   M    M   1 3      27 190
23  88  65  77  13   0  12    T  0.0    0 13.8 25 170   M    M   1        34 150
24  87  65  76  12   0  11 0.00  0.0    0 12.7 23 180   M    M   0 3      32 210
25  95  60  78  14   0  13 0.00  0.0    0  6.9 15 200   M    M   0        23 210
================================================================================
SM 1896 1336        81  80  3.49     0.0 254.3          M      104
================================================================================
AV 75.8 53.4                              10.2 FASTST   M    M   4    MAX(MPH)
                                 MISC ---->  # 46 330               # 64  340
================================================================================
NOTES:
# LAST OF SEVERAL OCCURRENCES

COLUMN 17 PEAK WIND IN M.P.H.

PRELIMINARY LOCAL CLIMATOLOGICAL DATA (WS FORM: F-6) , PAGE 2

                                          STATION:  GRAND ISLAND NE
                                          MONTH:    MAY
                                          YEAR:     2018
                                          LATITUDE:   40 58 N
                                          LONGITUDE:  98 19 W

[TEMPERATURE DATA]      [PRECIPITATION DATA]       SYMBOLS USED IN COLUMN 16

AVERAGE MONTHLY: 64.6   TOTAL FOR MONTH:   3.49    1 = FOG OR MIST
DPTR FM NORMAL:   4.5   DPTR FM NORMAL:   -0.02    2 = FOG REDUCING VISIBILITY
HIGHEST:    95 ON 25    GRTST 24HR  1.12 ON  3- 3      TO 1/4 MILE OR LESS
LOWEST:     45 ON 21                               3 = THUNDER
                        SNOW, ICE PELLETS, HAIL    4 = ICE PELLETS
                        TOTAL MONTH:   0.0 INCH    5 = HAIL
                        GRTST 24HR     0.0         6 = FREEZING RAIN OR DRIZZLE
                        GRTST DEPTH:   0           7 = DUSTSTORM OR SANDSTORM:
                                                       VSBY 1/2 MILE OR LESS
                                                   8 = SMOKE OR HAZE
[NO. OF DAYS WITH]      [WEATHER - DAYS WITH]      9 = BLOWING SNOW
                                                   X = TORNADO
MAX 32 OR BELOW:   0    0.01 INCH OR MORE:  10
MAX 90 OR ABOVE:   1    0.10 INCH OR MORE:   6
MIN 32 OR BELOW:   0    0.50 INCH OR MORE:   3
MIN  0 OR BELOW:   0    1.00 INCH OR MORE:   1

[HDD (BASE 65) ]
TOTAL THIS MO.    81    CLEAR  (SCALE 0-3)  13
DPTR FM NORMAL   -75    PTCLDY (SCALE 4-7)   5
TOTAL FM JUL 1  6277    CLOUDY (SCALE 8-10)  7
DPTR FM NORMAL   119

[CDD (BASE 65) ]
TOTAL THIS MO.    80
DPTR FM NORMAL    44    [PRESSURE DATA]
TOTAL FM JAN 1    88    HIGHEST SLP M ON M
DPTR FM NORMAL    41    LOWEST  SLP 29.59 ON  1

[REMARKS]
