000
CXUS53 KUNR 250945
CF6IEN
PRELIMINARY LOCAL CLIMATOLOGICAL DATA (WS FORM: F-6)

                                          STATION:   PINE RIDGE SD
                                          MONTH:     APRIL
                                          YEAR:      2018
                                          LATITUDE:   43  1 N
                                          LONGITUDE: 102 31 W

  TEMPERATURE IN F:       :PCPN:    SNOW:  WIND      :SUNSHINE: SKY     :PK WND
================================================================================
1   2   3   4   5  6A  6B    7    8   9   10  11  12  13   14  15   16   17  18
                                     12Z  AVG MX 2MIN
DY MAX MIN AVG DEP HDD CDD  WTR  SNW DPTH SPD SPD DIR MIN PSBL S-S WX    SPD DR
================================================================================

 1  42  12  27 -15  38   0    T    M    M 13.3 30 180   M    M   4 1      41 180
 2  52  22  37  -5  28   0 0.16    M    M 11.5 29 180   M    M   4 1      38 180
 3  29  14  22 -20  43   0 0.01    M    M  8.2 22 350   M    M   6 18     28 360
 4  58  15  37  -5  28   0 0.00    M    M  6.7 14 200   M    M   1        22 200
 5  45  21  33 -10  32   0    T    M    M  8.7 20  20   M    M   M 1      23  20
 6  26  14  20 -23  45   0 0.10    M    M  8.1 21  20   M    M   5 1      25  20
 7  40  16  28 -15  37   0 0.00    M    M 11.1 28 170   M    M   6        41 170
 8  53  27  40  -3  25   0 0.00    M    M  9.3 22  30   M    M   3        31 190
 9  57  25  41  -3  24   0 0.00    M    M  6.4 18 310   M    M   M        24 320
10  69  26  48   4  17   0 0.00    M    M  6.9 23 300   M    M   0        32 290
11  80  38  59  15   6   0 0.00    M    M  9.5 36 280   M    M   2        52 260
12  65  36  51   7  14   0 0.08    M    M 13.1 28 110   M    M   2 1      37 100
13  42  21  32 -13  33   0 0.73    M    M 17.2 32 360   M    M  10 12     43 360
14  31  11  21 -24  44   0 0.00    M    M  8.7 21 340   M    M   M        26 340
15  44   8  26 -19  39   0 0.00    M    M  3.8 12 100   M    M   M        14  70
16  55  26  41  -5  24   0 0.00    M    M 12.0 33 170   M    M   M        45 170
17  57  35  46   0  19   0 0.12    M    M 12.3 24 150   M    M   7 1      31 170
18  59  31  45  -1  20   0    T    M    M 11.2 26 350   M    M   6        36 350
19  62  26  44  -2  21   0 0.00    M    M 10.0 21 140   M    M   0        30 130
20  50  39  45  -2  20   0 0.11    M    M  9.6 20 150   M    M   6 1      27 150
21  47  34  41  -6  24   0 0.07    M    M  7.3 16 180   M    M   7 1      20 180
22  68  35  52   5  13   0 0.00    M    M  9.3 20 190   M    M   1        25 190
23  71  39  55   7  10   0 0.07    M    M 12.2 24 250   M    M   3 1      32 250
24  46  30  38 -10  27   0    T    M    M 11.7 24 350   M    M  10 18     34 350
================================================================================
SM 1248  601       631   0  1.45    M    238.1          M       83
================================================================================
AV 52.0 25.0                               9.9 FASTST   M    M   4    MAX(MPH)
                                 MISC ---->  # 36 280               # 52  260
================================================================================
NOTES:
# LAST OF SEVERAL OCCURRENCES

COLUMN 17 PEAK WIND IN M.P.H.

PRELIMINARY LOCAL CLIMATOLOGICAL DATA (WS FORM: F-6) , PAGE 2

                                          STATION:  PINE RIDGE SD
                                          MONTH:    APRIL
                                          YEAR:     2018
                                          LATITUDE:   43  1 N
                                          LONGITUDE: 102 31 W

[TEMPERATURE DATA]      [PRECIPITATION DATA]       SYMBOLS USED IN COLUMN 16

AVERAGE MONTHLY: 38.5   TOTAL FOR MONTH:   1.45    1 = FOG OR MIST
DPTR FM NORMAL:  -6.1   DPTR FM NORMAL:   -0.01    2 = FOG REDUCING VISIBILITY
HIGHEST:    80 ON 11    GRTST 24HR  0.73 ON 13-13      TO 1/4 MILE OR LESS
LOWEST:      8 ON 15                               3 = THUNDER
                        SNOW, ICE PELLETS, HAIL    4 = ICE PELLETS
                        TOTAL MONTH:    M          5 = HAIL
                        GRTST 24HR    M  ON   M    6 = FREEZING RAIN OR DRIZZLE
                        GRTST DEPTH:  M  ON   M    7 = DUSTSTORM OR SANDSTORM:
                                                       VSBY 1/2 MILE OR LESS
                                                   8 = SMOKE OR HAZE
[NO. OF DAYS WITH]      [WEATHER - DAYS WITH]      9 = BLOWING SNOW
                                                   X = TORNADO
MAX 32 OR BELOW:   3    0.01 INCH OR MORE:   9
MAX 90 OR ABOVE:   0    0.10 INCH OR MORE:   5
MIN 32 OR BELOW:  17    0.50 INCH OR MORE:   1
MIN  0 OR BELOW:   0    1.00 INCH OR MORE:   0

[HDD (BASE 65) ]
TOTAL THIS MO.   631    CLEAR  (SCALE 0-3)   8
DPTR FM NORMAL   143    PTCLDY (SCALE 4-7)   9
TOTAL FM JUL 1  6789    CLOUDY (SCALE 8-10)  2
DPTR FM NORMAL    63

[CDD (BASE 65) ]
TOTAL THIS MO.     0
DPTR FM NORMAL     0    [PRESSURE DATA]
TOTAL FM JAN 1     0    HIGHEST SLP M ON M
DPTR FM NORMAL     0    LOWEST  SLP 29.27 ON  8

[REMARKS]
