000
CXUS53 KILX 240900
CF6ILX
PRELIMINARY LOCAL CLIMATOLOGICAL DATA (WS FORM: F-6)

                                          STATION:   LINCOLN IL
                                          MONTH:     APRIL
                                          YEAR:      2018
                                          LATITUDE:   40  9 N
                                          LONGITUDE:  89 20 W

  TEMPERATURE IN F:       :PCPN:    SNOW:  WIND      :SUNSHINE: SKY     :PK WND
================================================================================
1   2   3   4   5  6A  6B    7    8   9   10  11  12  13   14  15   16   17  18
                                     12Z  AVG MX 2MIN
DY MAX MIN AVG DEP HDD CDD  WTR  SNW DPTH SPD SPD DIR MIN PSBL S-S WX    SPD DR
================================================================================

 1  32   6  19 -28  46   0 0.40  4.7    0   M   M   M   M    M   M 12      M  M
 2  41  -1  20 -27  45   0 0.03  0.0    5   M   M   M   M    M   M 12      M  M
 3  59  33  46  -2  19   0 0.16  0.0    0   M   M   M   M    M   M 123     M  M
 4  38  23  31 -17  34   0    T    T    0   M   M   M   M    M   M         M  M
 5  52  24  38 -10  27   0    T  0.0    0   M   M   M   M    M   M         M  M
 6  41  25  33 -16  32   0 0.00  0.0    0   M   M   M   M    M   M         M  M
 7  40  18  29 -20  36   0 0.00  0.0    0   M   M   M   M    M   M         M  M
 8  39  22  31 -19  34   0 0.34  2.4    0   M   M   M   M    M   M 1       M  M
 9  39  28  34 -16  31   0    T    T    2   M   M   M   M    M   M 1       M  M
10  46  28  37 -13  28   0    T    T    0   M   M   M   M    M   M 1       M  M
11  70  33  52   1  13   0 0.00  0.0    0   M   M   M   M    M   M         M  M
12  80  53  67  16   0   2 0.00  0.0    0   M   M   M   M    M   M         M  M
13  74  59  67  16   0   2 0.89  0.0    0   M   M   M   M    M   M 3       M  M
14  63  44  54   2  11   0 0.46  0.0    0   M   M   M   M    M   M 1       M  M
15  44  30  37 -15  28   0 0.09    T    0   M   M   M   M    M   M 1       M  M
16  37  27  32 -21  33   0    T    T    0   M   M   M   M    M   M         M  M
17  52  27  40 -13  25   0 0.00  0.0    0   M   M   M   M    M   M         M  M
18  50  33  42 -11  23   0    T    T    0   M   M   M   M    M   M         M  M
19  56  33  45  -9  20   0    T    T    0   M   M   M   M    M   M         M  M
20  62  27  45  -9  20   0 0.00  0.0    0   M   M   M   M    M   M         M  M
21  64  36  50  -4  15   0 0.00  0.0    0   M   M   M   M    M   M         M  M
22  70  45  58   3   7   0 0.00  0.0    0   M   M   M   M    M   M         M  M
23  66  45  56   1   9   0 0.14  0.0    0   M   M   M   M    M   M         M  M
================================================================================
SM 1215  698       536   4  2.51     7.1     M          M        M
================================================================================
AV 52.8 30.4                                 M FASTST   M    M   5    MAX(MPH)
                                 MISC ---->     M   M                  M    M
================================================================================
NOTES:
# LAST OF SEVERAL OCCURRENCES

COLUMN 17 PEAK WIND IN M.P.H.

PRELIMINARY LOCAL CLIMATOLOGICAL DATA (WS FORM: F-6) , PAGE 2

                                          STATION:  LINCOLN IL
                                          MONTH:    APRIL
                                          YEAR:     2018
                                          LATITUDE:   40  9 N
                                          LONGITUDE:  89 20 W

[TEMPERATURE DATA]      [PRECIPITATION DATA]       SYMBOLS USED IN COLUMN 16

AVERAGE MONTHLY: 41.6   TOTAL FOR MONTH:   2.51    1 = FOG OR MIST
DPTR FM NORMAL:  -9.5   DPTR FM NORMAL:   -0.19    2 = FOG REDUCING VISIBILITY
HIGHEST:    80 ON 12    GRTST 24HR  0.89 ON 13-13      TO 1/4 MILE OR LESS
LOWEST:     -1 ON  2                               3 = THUNDER
                        SNOW, ICE PELLETS, HAIL    4 = ICE PELLETS
                        TOTAL MONTH:   7.1 INCHES  5 = HAIL
                        GRTST 24HR   4.7 ON  1- 1  6 = FREEZING RAIN OR DRIZZLE
                        GRTST DEPTH:   5 ON  2     7 = DUSTSTORM OR SANDSTORM:
                                                       VSBY 1/2 MILE OR LESS
                                                   8 = SMOKE OR HAZE
[NO. OF DAYS WITH]      [WEATHER - DAYS WITH]      9 = BLOWING SNOW
                                                   X = TORNADO
MAX 32 OR BELOW:   1    0.01 INCH OR MORE:   8
MAX 90 OR ABOVE:   0    0.10 INCH OR MORE:   6
MIN 32 OR BELOW:  13    0.50 INCH OR MORE:   1
MIN  0 OR BELOW:   1    1.00 INCH OR MORE:   0

[HDD (BASE 65) ]
TOTAL THIS MO.   536    CLEAR  (SCALE 0-3)   0
DPTR FM NORMAL   208    PTCLDY (SCALE 4-7)   0
TOTAL FM JUL 1  5763    CLOUDY (SCALE 8-10)  0
DPTR FM NORMAL   271

[CDD (BASE 65) ]
TOTAL THIS MO.     4
DPTR FM NORMAL    -2    [PRESSURE DATA]
TOTAL FM JAN 1     4    HIGHEST SLP M ON M
DPTR FM NORMAL    -4    LOWEST  SLP M ON M

[REMARKS]
