000
CXUS53 KSGF 250800
CF6JLN
PRELIMINARY LOCAL CLIMATOLOGICAL DATA (WS FORM: F-6)

                                          STATION:   JOPLIN MO
                                          MONTH:     APRIL
                                          YEAR:      2018
                                          LATITUDE:   37 10 N
                                          LONGITUDE:  94 30 W

  TEMPERATURE IN F:       :PCPN:    SNOW:  WIND      :SUNSHINE: SKY     :PK WND
================================================================================
1   2   3   4   5  6A  6B    7    8   9   10  11  12  13   14  15   16   17  18
                                     12Z  AVG MX 2MIN
DY MAX MIN AVG DEP HDD CDD  WTR  SNW DPTH SPD SPD DIR MIN PSBL S-S WX    SPD DR
================================================================================

 1  41  29  35 -19  30   0 0.24    M    M 10.7 20  60   M    M   8 136    29  40
 2  61  30  46  -8  19   0 0.02    M    M  8.0 25 180   M    M  10 1      37 180
 3  69  30  50  -4  15   0 0.03    M    M 19.0 36 200   M    M   7 1      51 200
 4  49  25  37 -18  28   0 0.00    M    M  6.4 16 340   M    M   0        21 330
 5  67  38  53  -2  12   0 0.00    M    M 10.3 20 200   M    M   2        26 180
 6  56  26  41 -15  24   0 0.07    M    M 13.7 26  10   M    M   4 16     42  10
 7  45  23  34 -22  31   0 0.01    M    M 10.0 22  20   M    M   4 1      30  10
 8  49  27  38 -18  27   0    T    M    M  7.3 16 160   M    M   6        21 120
 9  55  33  44 -12  21   0 0.00    M    M  7.7 18 350   M    M   2        25 350
10  63  28  46 -11  19   0 0.00    M    M  5.9 20 190   M    M   0 1      29 200
11  78  54  66   9   0   1 0.00    M    M 19.9 32 210   M    M   0        44 220
12  83  62  73  16   0   8 0.00    M    M 22.7 33 190   M    M   0        49 180
13  77  59  68  10   0   3 0.05    M    M 20.7 36 190   M    M   3 1      49 140
14  59  34  47 -11  18   0 0.00    M    M 18.2 28 290   M    M   9        37 250
15  40  29  35 -23  30   0    T    M    M 16.7 24 320   M    M  10 1      35 320
16  59  29  44 -15  21   0 0.00    M    M  6.9 20 320   M    M   3        26 310
17  80  43  62   3   3   0 0.00    M    M 12.5 25 190   M    M   0        36 200
18  71  40  56  -3   9   0 0.00    M    M 18.1 33 220   M    M   2 8      49 220
19  57  32  45 -15  20   0 0.00    M    M  7.7 20 360   M    M   1        27 360
20  65  36  51  -9  14   0 0.00    M    M 10.4 22 110   M    M   0        29 110
21  65  48  57  -3   8   0 0.32    M    M  7.6 14 100   M    M   4 1      21 120
22  61  49  55  -5  10   0 0.34    M    M  9.4 18  40   M    M  10 1      26  40
23  72  49  61   0   4   0    T    M    M  9.3 23 350   M    M   5        31 360
24  75  42  59  -2   6   0 0.00    M    M  4.9 15 360   M    M   0        21 360
================================================================================
SM 1497  895       369  12  1.08    M    284.0          M       90
================================================================================
AV 62.4 37.3                              11.8 FASTST   M    M   4    MAX(MPH)
                                 MISC ---->  # 36 200               # 51  200
================================================================================
NOTES:
# LAST OF SEVERAL OCCURRENCES

COLUMN 17 PEAK WIND IN M.P.H.

PRELIMINARY LOCAL CLIMATOLOGICAL DATA (WS FORM: F-6) , PAGE 2

                                          STATION:  JOPLIN MO
                                          MONTH:    APRIL
                                          YEAR:     2018
                                          LATITUDE:   37 10 N
                                          LONGITUDE:  94 30 W

[TEMPERATURE DATA]      [PRECIPITATION DATA]       SYMBOLS USED IN COLUMN 16

AVERAGE MONTHLY: 49.8   TOTAL FOR MONTH:   1.08    1 = FOG OR MIST
DPTR FM NORMAL:  -7.7   DPTR FM NORMAL:   -2.30    2 = FOG REDUCING VISIBILITY
HIGHEST:    83 ON 12    GRTST 24HR  0.34 ON 22-22      TO 1/4 MILE OR LESS
LOWEST:     23 ON  7                               3 = THUNDER
                        SNOW, ICE PELLETS, HAIL    4 = ICE PELLETS
                        TOTAL MONTH:    M          5 = HAIL
                        GRTST 24HR    M  ON   M    6 = FREEZING RAIN OR DRIZZLE
                        GRTST DEPTH:  M  ON   M    7 = DUSTSTORM OR SANDSTORM:
                                                       VSBY 1/2 MILE OR LESS
                                                   8 = SMOKE OR HAZE
[NO. OF DAYS WITH]      [WEATHER - DAYS WITH]      9 = BLOWING SNOW
                                                   X = TORNADO
MAX 32 OR BELOW:   0    0.01 INCH OR MORE:   8
MAX 90 OR ABOVE:   0    0.10 INCH OR MORE:   3
MIN 32 OR BELOW:  11    0.50 INCH OR MORE:   0
MIN  0 OR BELOW:   0    1.00 INCH OR MORE:   0

[HDD (BASE 65) ]
TOTAL THIS MO.   369    CLEAR  (SCALE 0-3)  13
DPTR FM NORMAL   158    PTCLDY (SCALE 4-7)   7
TOTAL FM JUL 1  4049    CLOUDY (SCALE 8-10)  4
DPTR FM NORMAL    76

[CDD (BASE 65) ]
TOTAL THIS MO.    12
DPTR FM NORMAL   -20    [PRESSURE DATA]
TOTAL FM JAN 1    12    HIGHEST SLP M ON M
DPTR FM NORMAL   -30    LOWEST  SLP 29.45 ON 13

[REMARKS]
