000
CXUS54 KHGX 191415
CF6LBX
PRELIMINARY LOCAL CLIMATOLOGICAL DATA (WS FORM: F-6)

                                          STATION:   ANGLETON/LAKE_JACKS
                                          MONTH:     APRIL
                                          YEAR:      2018
                                          LATITUDE:   29  6 N
                                          LONGITUDE:  95 28 W

  TEMPERATURE IN F:       :PCPN:    SNOW:  WIND      :SUNSHINE: SKY     :PK WND
================================================================================
1   2   3   4   5  6A  6B    7    8   9   10  11  12  13   14  15   16   17  18
                                     12Z  AVG MX 2MIN
DY MAX MIN AVG DEP HDD CDD  WTR  SNW DPTH SPD SPD DIR MIN PSBL S-S WX    SPD DR
================================================================================

 1  81  63  72   7   0   7 0.00  0.0    0 10.3 18 190   M    M   6        23 170
 2  82  72  77  11   0  12 0.00  0.0    0 13.8 22 170   M    M   9        29 170
 3  83  71  77  11   0  12    T  0.0    0 12.7 26 180   M    M   7 3      34 170
 4  74  58  66   0   0   1 0.01  0.0    0 12.5 24  40   M    M   6 3      33  10
 5  76  56  66   0   0   1 0.22  0.0    0  8.0 16 150   M    M   5 13     20 140
 6  80  72  76  10   0  11    T  0.0    0 15.7 26 190   M    M  10        34 180
 7  74  48  61  -6   4   0 0.01  0.0    0 10.7 22 360   M    M  10 1      30 330
 8  60  48  54 -13  11   0    T  0.0    0  6.9 14  20   M    M  10 18     18  20
 9  62  58  60  -7   5   0 0.03  0.0    0  9.3 16  40   M    M  10 18     21  40
10  79  53  66  -1   0   1    T  0.0    0  7.5 21  40   M    M   1        28  40
11  79  49  64  -4   1   0 0.00  0.0    0  5.2 16 160   M    M   0 1      21 140
12  81  60  71   3   0   6 0.00  0.0    0 14.7 25 160   M    M   4        32 190
13  83  73  78  10   0  13 0.00  0.0    0 20.8 33 180   M    M  10        40 180
14  76  45  61  -7   4   0 0.51  0.0    0  9.6 25 340   M    M   6 13     36 350
15  71  44  58 -10   7   0 0.00  0.0    0  6.4 20 330   M    M   0        28 330
16  77  43  60  -9   5   0 0.00  0.0    0  7.2 17 170   M    M   0        21 160
17  80  60  70   1   0   5 0.00  0.0    0 14.2 25 170   M    M   2        30 180
18  84  65  75   6   0  10    T  0.0    0  8.5 20 190   M    M   8 1      26 190
================================================================================
SM 1382 1038        37  79  0.78     0.0 194.0          M      104
================================================================================
AV 76.8 57.7                              10.8 FASTST   M    M   6    MAX(MPH)
                                 MISC ---->  # 33 180               # 40  180
================================================================================
NOTES:
# LAST OF SEVERAL OCCURRENCES

COLUMN 17 PEAK WIND IN M.P.H.

PRELIMINARY LOCAL CLIMATOLOGICAL DATA (WS FORM: F-6) , PAGE 2

                                          STATION:  ANGLETON/LAKE_JACKS
                                          MONTH:    APRIL
                                          YEAR:     2018
                                          LATITUDE:   29  6 N
                                          LONGITUDE:  95 28 W

[TEMPERATURE DATA]      [PRECIPITATION DATA]       SYMBOLS USED IN COLUMN 16

AVERAGE MONTHLY: 67.2   TOTAL FOR MONTH:   0.78    1 = FOG OR MIST
DPTR FM NORMAL:   0.0   DPTR FM NORMAL:   -0.73    2 = FOG REDUCING VISIBILITY
HIGHEST:    84 ON 18    GRTST 24HR  0.51 ON 14-14      TO 1/4 MILE OR LESS
LOWEST:     43 ON 16                               3 = THUNDER
                        SNOW, ICE PELLETS, HAIL    4 = ICE PELLETS
                        TOTAL MONTH:   0.0 INCH    5 = HAIL
                        GRTST 24HR     0.0         6 = FREEZING RAIN OR DRIZZLE
                        GRTST DEPTH:   0           7 = DUSTSTORM OR SANDSTORM:
                                                       VSBY 1/2 MILE OR LESS
                                                   8 = SMOKE OR HAZE
[NO. OF DAYS WITH]      [WEATHER - DAYS WITH]      9 = BLOWING SNOW
                                                   X = TORNADO
MAX 32 OR BELOW:   0    0.01 INCH OR MORE:   5
MAX 90 OR ABOVE:   0    0.10 INCH OR MORE:   2
MIN 32 OR BELOW:   0    0.50 INCH OR MORE:   1
MIN  0 OR BELOW:   0    1.00 INCH OR MORE:   0

[HDD (BASE 65) ]
TOTAL THIS MO.    37    CLEAR  (SCALE 0-3)   5
DPTR FM NORMAL     3    PTCLDY (SCALE 4-7)   7
TOTAL FM JUL 1  1082    CLOUDY (SCALE 8-10)  6
DPTR FM NORMAL  -225

[CDD (BASE 65) ]
TOTAL THIS MO.    79
DPTR FM NORMAL     4    [PRESSURE DATA]
TOTAL FM JAN 1   341    HIGHEST SLP M ON M
DPTR FM NORMAL   174    LOWEST  SLP 29.59 ON 13

[REMARKS]
