000
CXUS55 KLOX 231655
CF6LGB
PRELIMINARY LOCAL CLIMATOLOGICAL DATA (WS FORM: F-6)

                                          STATION:   LONG BEACH AIRPORT CA
                                          MONTH:     APRIL
                                          YEAR:      2018
                                          LATITUDE:   33 49 N
                                          LONGITUDE: 118  9 W

  TEMPERATURE IN F:       :PCPN:    SNOW:  WIND      :SUNSHINE: SKY     :PK WND
================================================================================
1   2   3   4   5  6A  6B    7    8   9   10  11  12  13   14  15   16   17  18
                                     12Z  AVG MX 2MIN
DY MAX MIN AVG DEP HDD CDD  WTR  SNW DPTH SPD SPD DIR MIN PSBL S-S WX    SPD DR
================================================================================

 1  65  56  61   0   4   0 0.00  0.0    0  4.6 12 210   M    M   5 18     16 230
 2  68  58  63   2   2   0 0.00  0.0    0  5.2 13 200   M    M   7        16 190
 3  71  57  64   3   1   0 0.00  0.0    0  4.9 16 290   M    M   4        19 300
 4  66  56  61   0   4   0 0.00  0.0    0  5.0 14 290   M    M   6 18     16 290
 5  68  58  63   2   2   0 0.00  0.0    0  4.6 10 190   M    M   6 18     14 190
 6  72  56  64   3   1   0 0.00  0.0    0  5.0 15 300   M    M   1        21 290
 7  71  59  65   4   0   0 0.00  0.0    0  5.3 16 290   M    M   6        18 300
 8  76  55  66   4   0   1 0.00  0.0    0  4.3 16 290   M    M   0 1      21 290
 9  96  56  76  14   0  11 0.00  0.0    0  4.7 16 280   M    M   0        20 290
10  88  61  75  13   0  10 0.00  0.0    0  4.2 17 290   M    M   0 8      20 290
11  75  59  67   5   0   2 0.00  0.0    0  5.7 21 280   M    M   0        27 290
12  73  57  65   3   0   0 0.00  0.0    0 13.8 26 300   M    M   0        34 290
13  83  53  68   6   0   3 0.00  0.0    0  5.6 22 290   M    M   0        25 290
14  87  54  71   9   0   6 0.00  0.0    0  5.2 15 290   M    M   0        19 300
15  76  54  65   3   0   0 0.00  0.0    0  5.4 13 290   M    M   0        18 170
16  68  55  62   0   3   0 0.00  0.0    0 13.5 28 280   M    M   0        37 290
17  74  53  64   1   1   0 0.00  0.0    0  9.8 24 310   M    M   0        30 320
18  75  51  63   0   2   0 0.00  0.0    0  5.9 16 290   M    M   0        20 300
19  67  53  60  -3   5   0 0.04  0.0    0  6.7 20 290   M    M   3        24 290
20  75  52  64   1   1   0 0.00  0.0    0  5.6 18 300   M    M   2        22 290
21  85  54  70   7   0   5 0.00  0.0    0  5.1 18 300   M    M   0        21 300
22  84  56  70   7   0   5 0.00  0.0    0  5.2 13 290   M    M   0 1      16 290
================================================================================
SM 1663 1223        26  43  0.04     0.0 135.3          M       40
================================================================================
AV 75.6 55.6                               6.2 FASTST   M    M   2    MAX(MPH)
                                 MISC ---->  # 28 280               # 37  290
================================================================================
NOTES:
# LAST OF SEVERAL OCCURRENCES

COLUMN 17 PEAK WIND IN M.P.H.

PRELIMINARY LOCAL CLIMATOLOGICAL DATA (WS FORM: F-6) , PAGE 2

                                          STATION:  LONG BEACH AIRPORT CA
                                          MONTH:    APRIL
                                          YEAR:     2018
                                          LATITUDE:   33 49 N
                                          LONGITUDE: 118  9 W

[TEMPERATURE DATA]      [PRECIPITATION DATA]       SYMBOLS USED IN COLUMN 16

AVERAGE MONTHLY: 65.6   TOTAL FOR MONTH:   0.04    1 = FOG OR MIST
DPTR FM NORMAL:   3.6   DPTR FM NORMAL:   -0.45    2 = FOG REDUCING VISIBILITY
HIGHEST:    96 ON  9    GRTST 24HR  0.04 ON 19-19      TO 1/4 MILE OR LESS
LOWEST:     51 ON 18                               3 = THUNDER
                        SNOW, ICE PELLETS, HAIL    4 = ICE PELLETS
                        TOTAL MONTH:   0.0 INCH    5 = HAIL
                        GRTST 24HR     0.0         6 = FREEZING RAIN OR DRIZZLE
                        GRTST DEPTH:   0           7 = DUSTSTORM OR SANDSTORM:
                                                       VSBY 1/2 MILE OR LESS
                                                   8 = SMOKE OR HAZE
[NO. OF DAYS WITH]      [WEATHER - DAYS WITH]      9 = BLOWING SNOW
                                                   X = TORNADO
MAX 32 OR BELOW:   0    0.01 INCH OR MORE:   1
MAX 90 OR ABOVE:   1    0.10 INCH OR MORE:   0
MIN 32 OR BELOW:   0    0.50 INCH OR MORE:   0
MIN  0 OR BELOW:   0    1.00 INCH OR MORE:   0

[HDD (BASE 65) ]
TOTAL THIS MO.    26    CLEAR  (SCALE 0-3)  16
DPTR FM NORMAL   -59    PTCLDY (SCALE 4-7)   6
TOTAL FM JUL 1   577    CLOUDY (SCALE 8-10)  0
DPTR FM NORMAL  -578

[CDD (BASE 65) ]
TOTAL THIS MO.    43
DPTR FM NORMAL    21    [PRESSURE DATA]
TOTAL FM JAN 1    84    HIGHEST SLP M ON M
DPTR FM NORMAL    44    LOWEST  SLP 29.79 ON  2

[REMARKS]
