000
CXUS53 KMKX 230659
CF6LNR
PRELIMINARY LOCAL CLIMATOLOGICAL DATA (WS FORM: F-6)

                                          STATION:   LONE ROCK WI
                                          MONTH:     APRIL
                                          YEAR:      2018
                                          LATITUDE:   43 12 N
                                          LONGITUDE:  90 11 W

  TEMPERATURE IN F:       :PCPN:    SNOW:  WIND      :SUNSHINE: SKY     :PK WND
================================================================================
1   2   3   4   5  6A  6B    7    8   9   10  11  12  13   14  15   16   17  18
                                     12Z  AVG MX 2MIN
DY MAX MIN AVG DEP HDD CDD  WTR  SNW DPTH SPD SPD DIR MIN PSBL S-S WX    SPD DR
================================================================================

 1  37  16  27 -14  38   0 0.00  0.0    0  7.8 18 290   M    M   0        26 280
 2  41  14  28 -14  37   0 0.00  0.0    0  5.3 14 130   M    M   4        20 140
 3  36  28  32 -10  33   0 0.10    M    0 11.5 22  70   M    M  10 168    30  80
 4  32  20  26 -17  39   0 0.01    M    0 11.3 21 280   M    M   5 18     32 330
 5  44  15  30 -13  35   0 0.00  0.0    0  3.2 15 190   M    M   6        20 190
 6  35  19  27 -17  38   0    T    M    0 15.8 30 290   M    M   4        43 280
 7  36  13  25 -19  40   0 0.00  0.0    0  9.0 20 280   M    M   1        27 300
 8  40  10  25 -19  40   0 0.00  0.0    0  3.9 15  30   M    M   3        20  60
 9  39  23  31 -14  34   0    T    M    0  5.0 12 280   M    M   8 1      16 300
10  42  20  31 -14  34   0    T    M    0  6.0 17 280   M    M   5 1      22 250
11  61  30  46   0  19   0 0.10    M    0  5.8 15 100   M    M   5 1      19 100
12  59  36  48   2  17   0    T    M    0  9.1 22  80   M    M   6 128    28  80
13  45  35  40  -6  25   0 0.67    M    0 15.6 30 320   M    M  10 13     44 300
14  36  26  31 -16  34   0 0.52    M    0 22.0 36  70   M    M  10 168    53  60
15  29  25  27 -20  38   0 0.08    M    0 12.6 26  20   M    M  10 128    37  40
16  34  25  30 -18  35   0    T    M    M 11.6 21 300   M    M  10 1      29 310
17  43  27  35 -13  30   0 0.00  0.0    0  8.2 17 350   M    M   3        26 330
18  35  24  30 -19  35   0 0.46    M    0  8.1 21  60   M    M   7 12     30  70
19  50  19  35 -14  30   0 0.00  0.0    0  5.6 17 280   M    M   0        22 290
20  59  21  40  -9  25   0 0.00  0.0    0  2.1  9 110   M    M   0        14  90
21  58  31  45  -5  20   0 0.00  0.0    0  2.8 14 200   M    M   5        18 250
22  65  32  49  -1  16   0 0.00  0.0    0  5.0 14  90   M    M   1 1      22  70
================================================================================
SM  956  509       692   0  1.94     0.0 187.3          M      113
================================================================================
AV 43.5 23.1                               8.5 FASTST   M    M   5    MAX(MPH)
                                 MISC ---->  # 36  70               # 53   60
================================================================================
NOTES:
# LAST OF SEVERAL OCCURRENCES

COLUMN 17 PEAK WIND IN M.P.H.

PRELIMINARY LOCAL CLIMATOLOGICAL DATA (WS FORM: F-6) , PAGE 2

                                          STATION:  LONE ROCK WI
                                          MONTH:    APRIL
                                          YEAR:     2018
                                          LATITUDE:   43 12 N
                                          LONGITUDE:  90 11 W

[TEMPERATURE DATA]      [PRECIPITATION DATA]       SYMBOLS USED IN COLUMN 16

AVERAGE MONTHLY: 33.3   TOTAL FOR MONTH:   1.94    1 = FOG OR MIST
DPTR FM NORMAL: -12.5   DPTR FM NORMAL:   -0.44    2 = FOG REDUCING VISIBILITY
HIGHEST:    65 ON 22    GRTST 24HR  0.67 ON 13-13      TO 1/4 MILE OR LESS
LOWEST:     10 ON  8                               3 = THUNDER
                        SNOW, ICE PELLETS, HAIL    4 = ICE PELLETS
                        TOTAL MONTH:   0.0 INCH    5 = HAIL
                        GRTST 24HR     0.0         6 = FREEZING RAIN OR DRIZZLE
                        GRTST DEPTH:   0           7 = DUSTSTORM OR SANDSTORM:
                                                       VSBY 1/2 MILE OR LESS
                                                   8 = SMOKE OR HAZE
[NO. OF DAYS WITH]      [WEATHER - DAYS WITH]      9 = BLOWING SNOW
                                                   X = TORNADO
MAX 32 OR BELOW:   2    0.01 INCH OR MORE:   7
MAX 90 OR ABOVE:   0    0.10 INCH OR MORE:   5
MIN 32 OR BELOW:  20    0.50 INCH OR MORE:   2
MIN  0 OR BELOW:   0    1.00 INCH OR MORE:   0

[HDD (BASE 65) ]
TOTAL THIS MO.   692    CLEAR  (SCALE 0-3)   6
DPTR FM NORMAL   269    PTCLDY (SCALE 4-7)  11
TOTAL FM JUL 1  6993    CLOUDY (SCALE 8-10)  5
DPTR FM NORMAL    79

[CDD (BASE 65) ]
TOTAL THIS MO.     0
DPTR FM NORMAL     0    [PRESSURE DATA]
TOTAL FM JAN 1     0    HIGHEST SLP M ON M
DPTR FM NORMAL     0    LOWEST  SLP 29.54 ON 12

[REMARKS]
