000
CXUS56 KMFR 251000
CF6MHS
PRELIMINARY LOCAL CLIMATOLOGICAL DATA (WS FORM: F-6)

                                          STATION:   MT SHASTA CITY CA
                                          MONTH:     APRIL
                                          YEAR:      2018
                                          LATITUDE:   41 19 N
                                          LONGITUDE: 122 19 W

  TEMPERATURE IN F:       :PCPN:    SNOW:  WIND      :SUNSHINE: SKY     :PK WND
================================================================================
1   2   3   4   5  6A  6B    7    8   9   10  11  12  13   14  15   16   17  18
                                     12Z  AVG MX 2MIN
DY MAX MIN AVG DEP HDD CDD  WTR  SNW DPTH SPD SPD DIR MIN PSBL S-S WX    SPD DR
================================================================================

 1  65  38  52   7  13   0 0.00    M    M  5.2 13 320   M    M   0        22 310
 2  54  28  41  -4  24   0 0.00    M    M  5.8 16 300   M    M   1        28 280
 3  67  24  46   1  19   0 0.00    M    M  1.9  8 340   M    M   2        14 340
 4  68  44  56  11   9   0    T    M    M  0.5  9  90   M    M   9        17  80
 5  52  42  47   2  18   0 0.11    M    M  2.3  8  90   M    M   9        14  90
 6  50  42  46   1  19   0 0.78    M    M  2.9 12  90   M    M  10 1      19  90
 7  56  41  49   3  16   0 0.33    M    M  3.3 13 200   M    M   9 1      23 200
 8  61  37  49   3  16   0 0.00    M    M  2.8  8 310   M    M   2        14 300
 9  74  31  53   7  12   0 0.00    M    M  2.4  9 300   M    M   0        16 140
10  57  35  46   0  19   0 0.08    M    M  2.7 12 100   M    M   5 1      21 100
11  50  32  41  -5  24   0 0.55    M    M  2.4  8 130   M    M   8 12     22 140
12  48  27  38  -8  27   0 0.01    M    M  1.7 12 340   M    M   5 18     19 360
13  59  32  46   0  19   0 0.00    M    M  1.6  9 320   M    M   8        13 290
14  65  34  50   3  15   0 0.00    M    M  1.9  8 130   M    M   2        15 140
15  49  33  41  -6  24   0 0.25    M    M  2.1 12  90   M    M  10 1      24  80
16  47  31  39  -8  26   0 0.04    M    M  1.4  8  10   M    M   9 18     16 360
17  52  25  39  -8  26   0 0.00    M    M  0.3  7 220   M    M   2        12 210
18  50  32  41  -7  24   0    T    M    M  1.7  9  90   M    M   7        19  90
19  57  35  46  -2  19   0 0.00    M    M  6.8 17 310   M    M   1        33 310
20  70  32  51   3  14   0 0.00    M    M  3.0 10 300   M    M   0        17 330
21  72  46  59  11   6   0 0.00    M    M  5.0 10 300   M    M   0        17 310
22  69  40  55   7  10   0 0.00    M    M  5.2 13 300   M    M   0        24 330
23  75  35  55   6  10   0 0.00    M    M  1.9  7 300   M    M   0        12 330
24  77  36  57   8   8   0 0.00    M    M  1.2  9 220   M    M   0        16 220
================================================================================
SM 1444  832       417   0  2.15    M     66.0          M       99
================================================================================
AV 60.2 34.7                               2.8 FASTST   M    M   4    MAX(MPH)
                                 MISC ---->  # 17 310               # 33  310
================================================================================
NOTES:
# LAST OF SEVERAL OCCURRENCES

COLUMN 17 PEAK WIND IN M.P.H.

PRELIMINARY LOCAL CLIMATOLOGICAL DATA (WS FORM: F-6) , PAGE 2

                                          STATION:  MT SHASTA CITY CA
                                          MONTH:    APRIL
                                          YEAR:     2018
                                          LATITUDE:   41 19 N
                                          LONGITUDE: 122 19 W

[TEMPERATURE DATA]      [PRECIPITATION DATA]       SYMBOLS USED IN COLUMN 16

AVERAGE MONTHLY: 47.4   TOTAL FOR MONTH:   2.15    1 = FOG OR MIST
DPTR FM NORMAL:   0.8   DPTR FM NORMAL:   -0.30    2 = FOG REDUCING VISIBILITY
HIGHEST:    77 ON 24    GRTST 24HR  0.78 ON  6- 6      TO 1/4 MILE OR LESS
LOWEST:     24 ON  3                               3 = THUNDER
                        SNOW, ICE PELLETS, HAIL    4 = ICE PELLETS
                        TOTAL MONTH:    M          5 = HAIL
                        GRTST 24HR    M  ON   M    6 = FREEZING RAIN OR DRIZZLE
                        GRTST DEPTH:  M  ON   M    7 = DUSTSTORM OR SANDSTORM:
                                                       VSBY 1/2 MILE OR LESS
                                                   8 = SMOKE OR HAZE
[NO. OF DAYS WITH]      [WEATHER - DAYS WITH]      9 = BLOWING SNOW
                                                   X = TORNADO
MAX 32 OR BELOW:   0    0.01 INCH OR MORE:   8
MAX 90 OR ABOVE:   0    0.10 INCH OR MORE:   5
MIN 32 OR BELOW:  10    0.50 INCH OR MORE:   2
MIN  0 OR BELOW:   0    1.00 INCH OR MORE:   0

[HDD (BASE 65) ]
TOTAL THIS MO.   417    CLEAR  (SCALE 0-3)  13
DPTR FM NORMAL   -27    PTCLDY (SCALE 4-7)   5
TOTAL FM JUL 1  4791    CLOUDY (SCALE 8-10)  6
DPTR FM NORMAL  -332

[CDD (BASE 65) ]
TOTAL THIS MO.     0
DPTR FM NORMAL     0    [PRESSURE DATA]
TOTAL FM JAN 1     0    HIGHEST SLP M ON M
DPTR FM NORMAL     0    LOWEST  SLP  0.00 ON  7

[REMARKS]
