000
CXUS53 KIND 230600
CF6MIE
PRELIMINARY LOCAL CLIMATOLOGICAL DATA (WS FORM: F-6)
STATION: MUNCIE IN
MONTH: APRIL
YEAR: 2024
LATITUDE: 40 13 N
LONGITUDE: 85 23 W
TEMPERATURE IN F: :PCPN: SNOW: WIND :SUNSHINE: SKY :PK WND
================================================================================
1 2 3 4 5 6A 6B 7 8 9 10 11 12 13 14 15 16 17 18
12Z AVG MX 2MIN
DY MAX MIN AVG DEP HDD CDD WTR SNW DPTH SPD SPD DIR MIN PSBL S-S WX SPD DR
================================================================================
1 53 45 49 1 16 0 0.55 M M 10.7 25 10 M M 9 13 31 360
2 69 40 55 7 10 0 1.41 M M 12.0 26 260 M M 9 138 46 280
3 44 35 40 -8 25 0 0.15 M M 14.7 25 240 M M 10 1 38 240
4 45 34 40 -9 25 0 0.08 M M 13.2 28 320 M M 10 1 38 320
5 48 36 42 -7 23 0 0.03 M M 8.3 20 20 M M 8 1 25 10
6 57 29 43 -7 22 0 0.00 M M 4.3 13 10 M M 1 19 20
7 62 32 47 -3 18 0 0.05 M M 10.4 25 130 M M 5 3 32 140
8 75 51 63 12 2 0 0.00 M M 7.2 17 150 M M 1 25 160
9 73 58 66 15 0 1 0.12 M M 9.5 20 220 M M 6 13 32 220
10 62 53 58 7 7 0 0.95 M M 6.9 14 80 M M 10 18 17 70
11 63 48 56 4 9 0 1.98 M M 11.5 26 320 M M 10 1 35 330
12 58 47 53 1 12 0 0.06 M M 13.5 31 310 M M 8 13 45 310
13 66 42 54 1 11 0 0.00 M M 9.6 21 290 M M 0 27 290
14 82 57 70 17 0 5 0.00 M M 13.3 23 260 M M 0 36 240
15 77 54 66 13 0 1 0.00 M M 6.3 17 40 M M 0 21 50
16 83 50 67 13 0 2 0.04 M M 10.0 26 200 M M 1 3 48 200
17 74 57 66 12 0 1 0.05 M M 15.9 33 280 M M 8 3 46 270
18 75 45 60 5 5 0 0.04 M M 4.7 26 190 M M 1 41 190
19 63 49 56 1 9 0 0.22 M M 12.5 23 340 M M 5 13 31 220
20 51 41 46 -9 19 0 0.00 M M 12.9 23 300 M M 4 37 300
21 54 36 45 -11 20 0 0.00 M M 8.3 17 310 M M 5 23 340
22 64 35 50 -6 15 0 0.00 M M 7.6 17 220 M M 0 21 210
================================================================================
SM 1398 974 248 10 5.73 M 223.3 M 111
================================================================================
AV 63.5 44.3 10.2 FASTST M M 5 MAX(MPH)
MISC ----> 33 280 48 200
================================================================================
NOTES:
# LAST OF SEVERAL OCCURRENCES
COLUMN 17 PEAK WIND IN M.P.H.
PRELIMINARY LOCAL CLIMATOLOGICAL DATA (WS FORM: F-6) , PAGE 2
STATION: MUNCIE IN
MONTH: APRIL
YEAR: 2024
LATITUDE: 40 13 N
LONGITUDE: 85 23 W
[TEMPERATURE DATA] [PRECIPITATION DATA] SYMBOLS USED IN COLUMN 16
AVERAGE MONTHLY: 53.9 TOTAL FOR MONTH: 5.73 1 = FOG OR MIST
DPTR FM NORMAL: 2.0 DPTR FM NORMAL: 2.92 2 = FOG REDUCING VISIBILITY
HIGHEST: 83 ON 16 GRTST 24HR 2.75 ON 10-11 TO 1/4 MILE OR LESS
LOWEST: 29 ON 6 3 = THUNDER
SNOW, ICE PELLETS, HAIL 4 = ICE PELLETS
TOTAL MONTH: M 5 = HAIL
GRTST 24HR M ON M 6 = FREEZING RAIN OR DRIZZLE
GRTST DEPTH: M ON M 7 = DUSTSTORM OR SANDSTORM:
VSBY 1/2 MILE OR LESS
8 = SMOKE OR HAZE
[NO. OF DAYS WITH] [WEATHER - DAYS WITH] 9 = BLOWING SNOW
X = TORNADO
MAX 32 OR BELOW: 0 0.01 INCH OR MORE: 14
MAX 90 OR ABOVE: 0 0.10 INCH OR MORE: 7
MIN 32 OR BELOW: 2 0.50 INCH OR MORE: 4
MIN 0 OR BELOW: 0 1.00 INCH OR MORE: 2
[HDD (BASE 65) ]
TOTAL THIS MO. 248 CLEAR (SCALE 0-3) 8
DPTR FM NORMAL -49 PTCLDY (SCALE 4-7) 7
TOTAL FM JUL 1 4165 CLOUDY (SCALE 8-10) 7
DPTR FM NORMAL -893
[CDD (BASE 65) ]
TOTAL THIS MO. 10
DPTR FM NORMAL 3 [PRESSURE DATA]
TOTAL FM JAN 1 11 HIGHEST SLP M ON M
DPTR FM NORMAL 1 LOWEST SLP 29.26 ON 2
[REMARKS]