000
CXUS53 KMKX 250900
CF6MKE
PRELIMINARY LOCAL CLIMATOLOGICAL DATA (WS FORM: F-6)

                                          STATION:   MILWAUKEE  WI
                                          MONTH:     APRIL
                                          YEAR:      2018
                                          LATITUDE:   42 57 N
                                          LONGITUDE:  87 54 W

  TEMPERATURE IN F:       :PCPN:    SNOW:  WIND      :SUNSHINE: SKY     :PK WND
================================================================================
1   2   3   4   5  6A  6B    7    8   9   10  11  12  13   14  15   16   17  18
                                     12Z  AVG MX 2MIN
DY MAX MIN AVG DEP HDD CDD  WTR  SNW DPTH SPD SPD DIR MIN PSBL S-S WX    SPD DR
================================================================================

 1  37  22  30 -10  35   0 0.00  0.0    0  8.6 20 300   M    M   6        26 290
 2  39  23  31 -10  34   0 0.00  0.0    0  8.3 21 140   M    M   6        26 110
 3  37  28  33  -8  32   0 0.34  0.9    0 14.8 26 330   M    M  10 148    35 330
 4  35  24  30 -12  35   0 0.05  0.6    1 13.8 25 310   M    M   6 189    39 320
 5  45  20  33  -9  32   0 0.00  0.0    T  8.4 18 220   M    M   6 18     28 220
 6  37  24  31 -11  34   0    T  0.2    0 14.3 25 300   M    M   5 18     38 300
 7  36  19  28 -14  37   0 0.00  0.0    0  9.5 17 280   M    M   1        26 290
 8  37  23  30 -13  35   0 0.00  0.0    0  7.3 15 130   M    M   5        24 160
 9  37  29  33 -10  32   0 0.03  0.5    T  6.3 13 360   M    M   8 1      18  30
10  46  30  38  -6  27   0    T    T    0  9.0 17 250   M    M   5        23 240
11  58  38  48   4  17   0 0.19    T    0  9.6 16 110   M    M   8 1      23 220
12  63  38  51   7  14   0 0.02  0.0    0 12.4 21  50   M    M   7 1      29 300
13  40  37  39  -6  26   0 0.26  0.0    0 17.5 29  40   M    M  10 13     43  20
14  37  32  35 -10  30   0 0.73  0.5    0 24.5 33  60   M    M  10 16     46  60
15  34  28  31 -14  34   0 0.83  3.2    1 16.4 31  60   M    M  10 14     40  60
16  35  27  31 -15  34   0 0.04  0.9    4 12.9 21 300   M    M  10 1      29 290
17  39  28  34 -12  31   0 0.00  0.0    4  9.4 20 350   M    M   6        29 340
18  36  33  35 -11  30   0 0.43  3.2    2 12.6 25  50   M    M  10 12348  33  50
19  50  31  41  -6  24   0 0.00  0.0    4  9.1 17  10   M    M   2        27  10
20  53  30  42  -5  23   0 0.00  0.0    1  4.2 13 120   M    M   4        15 120
21  56  31  44  -4  21   0 0.00  0.0    T  2.1  8 120   M    M   7        11  60
22  57  33  45  -3  20   0 0.00  0.0    0  4.5 13  50   M    M   7        17  50
23  59  38  49   1  16   0 0.00  0.0    0  8.4 18  10   M    M   7        26  30
24  61  43  52   3  13   0 0.00  0.0    0  8.2 26  10   M    M   7        39  20
================================================================================
SM 1064  709       666   0  2.92    10.0 252.1          M      163
================================================================================
AV 44.3 29.5                              10.5 FASTST   M    M   7    MAX(MPH)
                                 MISC ---->  # 33  60               # 46   60
================================================================================
NOTES:
# LAST OF SEVERAL OCCURRENCES

COLUMN 17 PEAK WIND IN M.P.H.

PRELIMINARY LOCAL CLIMATOLOGICAL DATA (WS FORM: F-6) , PAGE 2

                                          STATION:  MILWAUKEE  WI
                                          MONTH:    APRIL
                                          YEAR:     2018
                                          LATITUDE:   42 57 N
                                          LONGITUDE:  87 54 W

[TEMPERATURE DATA]      [PRECIPITATION DATA]       SYMBOLS USED IN COLUMN 16

AVERAGE MONTHLY: 36.9   TOTAL FOR MONTH:   2.92    1 = FOG OR MIST
DPTR FM NORMAL:  -7.6   DPTR FM NORMAL:    0.05    2 = FOG REDUCING VISIBILITY
HIGHEST:    63 ON 12    GRTST 24HR  0.83 ON 15-15      TO 1/4 MILE OR LESS
LOWEST:     19 ON  7                               3 = THUNDER
                        SNOW, ICE PELLETS, HAIL    4 = ICE PELLETS
                        TOTAL MONTH:  10.0 INCHES  5 = HAIL
                        GRTST 24HR   3.2 ON 18-18  6 = FREEZING RAIN OR DRIZZLE
                        GRTST DEPTH:   4 ON 19,17  7 = DUSTSTORM OR SANDSTORM:
                                                       VSBY 1/2 MILE OR LESS
                                                   8 = SMOKE OR HAZE
[NO. OF DAYS WITH]      [WEATHER - DAYS WITH]      9 = BLOWING SNOW
                                                   X = TORNADO
MAX 32 OR BELOW:   0    0.01 INCH OR MORE:  10
MAX 90 OR ABOVE:   0    0.10 INCH OR MORE:   6
MIN 32 OR BELOW:  17    0.50 INCH OR MORE:   2
MIN  0 OR BELOW:   0    1.00 INCH OR MORE:   0

[HDD (BASE 65) ]
TOTAL THIS MO.   666    CLEAR  (SCALE 0-3)   2
DPTR FM NORMAL   170    PTCLDY (SCALE 4-7)  15
TOTAL FM JUL 1  6202    CLOUDY (SCALE 8-10)  7
DPTR FM NORMAL  -203

[CDD (BASE 65) ]
TOTAL THIS MO.     0
DPTR FM NORMAL     0    [PRESSURE DATA]
TOTAL FM JAN 1     0    HIGHEST SLP M ON M
DPTR FM NORMAL     0    LOWEST  SLP 29.54 ON 12

[REMARKS]
