000
CXUS53 KMPX 221000
CF6MSP
PRELIMINARY LOCAL CLIMATOLOGICAL DATA (WS FORM: F-6)

                                          STATION:   TWIN CITIES MN
                                          MONTH:     APRIL
                                          YEAR:      2018
                                          LATITUDE:   44 52 N
                                          LONGITUDE:  93 13 W

  TEMPERATURE IN F:       :PCPN:    SNOW:  WIND      :SUNSHINE: SKY     :PK WND
================================================================================
1   2   3   4   5  6A  6B    7    8   9   10  11  12  13   14  15   16   17  18
                                     12Z  AVG MX 2MIN
DY MAX MIN AVG DEP HDD CDD  WTR  SNW DPTH SPD SPD DIR MIN PSBL S-S WX    SPD DR
================================================================================

 1  31  12  22 -18  43   0 0.00  0.0    1 10.2 18 270   M    M   1        23 300
 2  34  21  28 -13  37   0 0.14  1.5    T  8.0 18 180   M    M   8 1      23 180
 3  30  18  24 -17  41   0 0.57  7.5    4 13.0 23 330   M    M  10 1      30 340
 4  30   8  19 -23  46   0 0.00  0.0    6  8.5 16 240   M    M   2 8      23 240
 5  40  13  27 -15  38   0 0.00  0.0    5  7.1 24 320   M    M   4 8      29 310
 6  26  14  20 -23  45   0    T    T    3 18.6 33 310   M    M   2        40 300
 7  32  12  22 -21  43   0 0.00  0.0    3  9.3 20 310   M    M   1        27 300
 8  32  16  24 -20  41   0 0.11  1.2    2  5.7 13 160   M    M   7 1      16 140
 9  38  22  30 -14  35   0    T  0.1    3  8.0 16 280   M    M   8 1      19 280
10  41  31  36  -9  29   0    T    T    2  7.8 16 230   M    M   9 1      20 220
11  48  28  38  -7  27   0 0.03  0.0    1  7.8 15  90   M    M   7 1      20  80
12  52  32  42  -4  23   0 0.00  0.0    T  8.1 17  60   M    M   7        23  20
13  41  30  36 -10  29   0 0.31  1.1    0 17.3 31  50   M    M  10 134    39  60
14  30  22  26 -21  39   0 0.79 11.1    1 20.0 33  50   M    M  10 12389  45  30
15  28  22  25 -22  40   0 0.22  3.5   10 15.0 23  30   M    M  10 12     30  20
16  36  22  29 -19  36   0    T  0.1   11 14.2 22 300   M    M   9 19     26 330
17  43  23  33 -15  32   0 0.00  0.0    9  8.8 20  80   M    M   2        24  80
18  40  30  35 -14  30   0    T    T    7  9.7 18  70   M    M   8 1      26  30
19  53  25  39 -10  26   0 0.00  0.0    5  4.6 13 320   M    M   2        17  10
20  53  28  41  -9  24   0 0.00  0.0    3  2.5 10 140   M    M   6        14 160
21  60  36  48  -2  17   0 0.00  0.0    1  3.2  9 280   M    M   4        13 280
================================================================================
SM  818  465       721   0  2.17    26.1 207.4          M      127
================================================================================
AV 39.0 22.1                               9.9 FASTST   M    M   6    MAX(MPH)
                                 MISC ---->  # 33 310               # 45   30
================================================================================
NOTES:
# LAST OF SEVERAL OCCURRENCES

COLUMN 17 PEAK WIND IN M.P.H.

PRELIMINARY LOCAL CLIMATOLOGICAL DATA (WS FORM: F-6) , PAGE 2

                                          STATION:  TWIN CITIES MN
                                          MONTH:    APRIL
                                          YEAR:     2018
                                          LATITUDE:   44 52 N
                                          LONGITUDE:  93 13 W

[TEMPERATURE DATA]      [PRECIPITATION DATA]       SYMBOLS USED IN COLUMN 16

AVERAGE MONTHLY: 30.6   TOTAL FOR MONTH:   2.17    1 = FOG OR MIST
DPTR FM NORMAL: -14.7   DPTR FM NORMAL:    0.44    2 = FOG REDUCING VISIBILITY
HIGHEST:    60 ON 21    GRTST 24HR  0.79 ON 14-14      TO 1/4 MILE OR LESS
LOWEST:      8 ON  4                               3 = THUNDER
                        SNOW, ICE PELLETS, HAIL    4 = ICE PELLETS
                        TOTAL MONTH:  26.1 INCHES  5 = HAIL
                        GRTST 24HR  11.1 ON 14-14  6 = FREEZING RAIN OR DRIZZLE
                        GRTST DEPTH:  11 ON 16     7 = DUSTSTORM OR SANDSTORM:
                                                       VSBY 1/2 MILE OR LESS
                                                   8 = SMOKE OR HAZE
[NO. OF DAYS WITH]      [WEATHER - DAYS WITH]      9 = BLOWING SNOW
                                                   X = TORNADO
MAX 32 OR BELOW:   8    0.01 INCH OR MORE:   7
MAX 90 OR ABOVE:   0    0.10 INCH OR MORE:   6
MIN 32 OR BELOW:  20    0.50 INCH OR MORE:   2
MIN  0 OR BELOW:   0    1.00 INCH OR MORE:   0

[HDD (BASE 65) ]
TOTAL THIS MO.   721    CLEAR  (SCALE 0-3)   6
DPTR FM NORMAL   306    PTCLDY (SCALE 4-7)   8
TOTAL FM JUL 1  7414    CLOUDY (SCALE 8-10)  7
DPTR FM NORMAL   211

[CDD (BASE 65) ]
TOTAL THIS MO.     0
DPTR FM NORMAL     0    [PRESSURE DATA]
TOTAL FM JAN 1     0    HIGHEST SLP M ON M
DPTR FM NORMAL     0    LOWEST  SLP 29.66 ON 12

[REMARKS]
