000
CXUS54 KLZK 251130
CF6PBF
PRELIMINARY LOCAL CLIMATOLOGICAL DATA (WS FORM: F-6)

                                          STATION:   Pine Bluff
                                          MONTH:     MAY
                                          YEAR:      2018
                                          LATITUDE:   34 10 N
                                          LONGITUDE:  91 56 W

  TEMPERATURE IN F:       :PCPN:    SNOW:  WIND      :SUNSHINE: SKY     :PK WND
================================================================================
1   2   3   4   5  6A  6B    7    8   9   10  11  12  13   14  15   16   17  18
                                     12Z  AVG MX 2MIN
DY MAX MIN AVG DEP HDD CDD  WTR  SNW DPTH SPD SPD DIR MIN PSBL S-S WX    SPD DR
================================================================================

 1  83  59  71   4   0   6 0.00  0.0    0  9.8 22 160   M    M   3        26 170
 2  87  62  75   7   0  10 0.00  0.0    0 10.3 22 190   M    M   5 1      30 190
 3  82  68  75   7   0  10 0.00  0.0    0 11.3 23 170   M    M   4        28 180
 4  76  65  71   3   0   6 0.06  0.0    0  6.2 15 250   M    M   6 1      20 260
 5  81  61  71   3   0   6 0.03  0.0    0  5.1 15  20   M    M   5        19  10
 6  86  60  73   4   0   8 0.22  0.0    0  7.9 32  30   M    M   1 38     48  40
 7  88  59  74   5   0   9 0.00  0.0    0  3.5 14  20   M    M   0        17  20
 8  90  63  77   8   0  12 0.00  0.0    0  5.0 14 200   M    M   1        18 190
 9  88  67  78   8   0  13 0.00  0.0    0  8.9 25 220   M    M   0        34 220
10  88  63  76   6   0  11 0.00  0.0    0  6.3 15 190   M    M   0        19 200
11  88  64  76   6   0  11 0.00  0.0    0 10.4 20 180   M    M   0        26 210
12  88  65  77   7   0  12 0.00  0.0    0  8.7 16 150   M    M   0        24 200
13  90  68  79   8   0  14 0.00  0.0    0  5.5 13 200   M    M   1        18 170
14  92  69  81  10   0  16 0.00  0.0    0  5.3 16 180   M    M   0        21 180
15  87  68  78   7   0  13    T  0.0    0  4.0 17 330   M    M   0 1      20 330
16  89  66  78   6   0  13 0.06  0.0    0  5.7 32 300   M    M   1 3      43 300
17  83  67  75   3   0  10 0.00  0.0    0  6.4 13 340   M    M   4        19  20
18  87  64  76   4   0  11 0.00  0.0    0  2.8 12 290   M    M   2 18     14 300
19  92  70  81   9   0  16 0.00  0.0    0  6.3 15 200   M    M   0        19 190
20  91  70  81   8   0  16 0.14  0.0    0  5.8 15 200   M    M   1 3      18 200
21  87  68  78   5   0  13 1.65  0.0    0  6.7 38 300   M    M   1 123    57 300
22  88  67  78   5   0  13 0.11  0.0    0  3.2 16 200   M    M   1 13     18 190
23  89  69  79   5   0  14 0.00  0.0    0  3.3 24  90   M    M   1 138    29  90
24  89  68  79   5   0  14    T  0.0    0  3.5 15 210   M    M   3 138    18 210
================================================================================
SM 2089 1570         0 277  2.27     0.0 151.9          M       40
================================================================================
AV 87.0 65.4                               6.3 FASTST   M    M   2    MAX(MPH)
                                 MISC ---->  # 38 300               # 57  300
================================================================================
NOTES:
# LAST OF SEVERAL OCCURRENCES

COLUMN 17 PEAK WIND IN M.P.H.

PRELIMINARY LOCAL CLIMATOLOGICAL DATA (WS FORM: F-6) , PAGE 2

                                          STATION:  Pine Bluff
                                          MONTH:    MAY
                                          YEAR:     2018
                                          LATITUDE:   34 10 N
                                          LONGITUDE:  91 56 W

[TEMPERATURE DATA]      [PRECIPITATION DATA]       SYMBOLS USED IN COLUMN 16

AVERAGE MONTHLY: 76.2   TOTAL FOR MONTH:   2.27    1 = FOG OR MIST
DPTR FM NORMAL:   5.6   DPTR FM NORMAL:   -1.69    2 = FOG REDUCING VISIBILITY
HIGHEST:    92 ON 19,14 GRTST 24HR  1.65 ON 21-21      TO 1/4 MILE OR LESS
LOWEST:     59 ON  7, 1                            3 = THUNDER
                        SNOW, ICE PELLETS, HAIL    4 = ICE PELLETS
                        TOTAL MONTH:   0.0 INCH    5 = HAIL
                        GRTST 24HR     0.0         6 = FREEZING RAIN OR DRIZZLE
                        GRTST DEPTH:   0           7 = DUSTSTORM OR SANDSTORM:
                                                       VSBY 1/2 MILE OR LESS
                                                   8 = SMOKE OR HAZE
[NO. OF DAYS WITH]      [WEATHER - DAYS WITH]      9 = BLOWING SNOW
                                                   X = TORNADO
MAX 32 OR BELOW:   0    0.01 INCH OR MORE:   7
MAX 90 OR ABOVE:   5    0.10 INCH OR MORE:   4
MIN 32 OR BELOW:   0    0.50 INCH OR MORE:   1
MIN  0 OR BELOW:   0    1.00 INCH OR MORE:   1

[HDD (BASE 65) ]
TOTAL THIS MO.     0    CLEAR  (SCALE 0-3)  18
DPTR FM NORMAL   -15    PTCLDY (SCALE 4-7)   6
TOTAL FM JUL 1  2900    CLOUDY (SCALE 8-10)  0
DPTR FM NORMAL    21

[CDD (BASE 65) ]
TOTAL THIS MO.   277
DPTR FM NORMAL   126    [PRESSURE DATA]
TOTAL FM JAN 1   333    HIGHEST SLP M ON M
DPTR FM NORMAL    95    LOWEST  SLP 29.79 ON 18

[REMARKS]
ALL SNOWFALL DATA IS FROM THE PINE BLUFF WATER PLANT SITE
