000
CXUS56 KSTO 261425
CF6RDD
PRELIMINARY LOCAL CLIMATOLOGICAL DATA (WS FORM: F-6)

                                          STATION:   REDDING AIRPORT CA
                                          MONTH:     APRIL
                                          YEAR:      2018
                                          LATITUDE:   40 30 N
                                          LONGITUDE: 122 18 W

  TEMPERATURE IN F:       :PCPN:    SNOW:  WIND      :SUNSHINE: SKY     :PK WND
================================================================================
1   2   3   4   5  6A  6B    7    8   9   10  11  12  13   14  15   16   17  18
                                     12Z  AVG MX 2MIN
DY MAX MIN AVG DEP HDD CDD  WTR  SNW DPTH SPD SPD DIR MIN PSBL S-S WX    SPD DR
================================================================================

 1  80  45  63   8   2   0 0.00  0.0    0  3.3 15 150   M    M   0        19 150
 2  74  51  63   7   2   0 0.00  0.0    0  7.8 23  10   M    M   0        29  20
 3  76  47  62   6   3   0 0.00  0.0    0  5.6 13 150   M    M   0        18 350
 4  77  54  66  10   0   1 0.00  0.0    0  2.4  9 140   M    M   2        13 170
 5  62  51  57   1   8   0 0.35  0.0    0  3.2  8 170   M    M   7 1      10 170
 6  56  51  54  -2  11   0 2.60  0.0    0  4.6  9 340   M    M  10 1      12 300
 7  69  50  60   4   5   0 0.74  0.0    0  9.9 23 250   M    M   5 1      29 240
 8  68  48  58   2   7   0 0.00  0.0    0  3.8 12 190   M    M   2        14 170
 9  80  48  64   7   1   0 0.00  0.0    0  6.7 15 180   M    M   0        19  10
10  69  57  63   6   2   0 0.02  0.0    0  5.8 20 160   M    M   5        24 180
11  59  40  50  -7  15   0 0.16    M    0  9.0 32 170   M    M   8 13     44 180
12  61  36  49  -8  16   0    T    M    0  4.6 16 210   M    M   3        22 230
13  73  37  55  -2  10   0 0.00  0.0    0  3.9 10  20   M    M   0        14  20
14  74  45  60   2   5   0 0.00  0.0    0  4.3 16 190   M    M   0        22 210
15  63  41  52  -6  13   0 0.15    M    0  7.2 28 180   M    M   4 1      37 180
16  58  43  51  -7  14   0 0.03    M    0  5.5 18 160   M    M   6 3      22 220
17  63  35  49  -9  16   0 0.00  0.0    0  2.2  8 340   M    M   1        11 350
18  63  43  53  -6  12   0 0.00  0.0    0  2.5  9 140   M    M   4        14 190
19  74  39  57  -2   8   0 0.00  0.0    0  6.8 18  30   M    M   0        28  10
20  82  46  64   5   1   0 0.00  0.0    0  4.3 15 350   M    M   0        19 360
21  86  46  66   7   0   1 0.00  0.0    0  3.2 13 360   M    M   0        17  20
22  86  50  68   8   0   3 0.00  0.0    0  6.2 16 350   M    M   0        21 350
23  88  55  72  12   0   7 0.00  0.0    0  9.0 23  20   M    M   0        28  10
24  86  50  68   8   0   3 0.00  0.0    0  2.8 10 350   M    M   0        14 350
25  87  51  69   8   0   4 0.00  0.0    0  2.2  9 110   M    M   0        11  60
================================================================================
SM 1814 1159       151  19  4.05     0.0 126.8          M       57
================================================================================
AV 72.6 46.4                               5.1 FASTST   M    M   2    MAX(MPH)
                                 MISC ---->  # 32 170               # 44  180
================================================================================
NOTES:
# LAST OF SEVERAL OCCURRENCES

COLUMN 17 PEAK WIND IN M.P.H.

PRELIMINARY LOCAL CLIMATOLOGICAL DATA (WS FORM: F-6) , PAGE 2

                                          STATION:  REDDING AIRPORT CA
                                          MONTH:    APRIL
                                          YEAR:     2018
                                          LATITUDE:   40 30 N
                                          LONGITUDE: 122 18 W

[TEMPERATURE DATA]      [PRECIPITATION DATA]       SYMBOLS USED IN COLUMN 16

AVERAGE MONTHLY: 59.5   TOTAL FOR MONTH:   4.05    1 = FOG OR MIST
DPTR FM NORMAL:   1.8   DPTR FM NORMAL:    1.94    2 = FOG REDUCING VISIBILITY
HIGHEST:    88 ON 23    GRTST 24HR  2.60 ON  6- 6      TO 1/4 MILE OR LESS
LOWEST:     35 ON 17                               3 = THUNDER
                        SNOW, ICE PELLETS, HAIL    4 = ICE PELLETS
                        TOTAL MONTH:   0.0 INCH    5 = HAIL
                        GRTST 24HR     0.0         6 = FREEZING RAIN OR DRIZZLE
                        GRTST DEPTH:   0           7 = DUSTSTORM OR SANDSTORM:
                                                       VSBY 1/2 MILE OR LESS
                                                   8 = SMOKE OR HAZE
[NO. OF DAYS WITH]      [WEATHER - DAYS WITH]      9 = BLOWING SNOW
                                                   X = TORNADO
MAX 32 OR BELOW:   0    0.01 INCH OR MORE:   7
MAX 90 OR ABOVE:   0    0.10 INCH OR MORE:   5
MIN 32 OR BELOW:   0    0.50 INCH OR MORE:   2
MIN  0 OR BELOW:   0    1.00 INCH OR MORE:   1

[HDD (BASE 65) ]
TOTAL THIS MO.   151    CLEAR  (SCALE 0-3)  17
DPTR FM NORMAL   -49    PTCLDY (SCALE 4-7)   6
TOTAL FM JUL 1  2290    CLOUDY (SCALE 8-10)  2
DPTR FM NORMAL  -424

[CDD (BASE 65) ]
TOTAL THIS MO.    19
DPTR FM NORMAL     4    [PRESSURE DATA]
TOTAL FM JAN 1    33    HIGHEST SLP M ON M
DPTR FM NORMAL    15    LOWEST  SLP 29.65 ON  7

[REMARKS]
