000
CXUS51 KPHI 230800
CF6RDG
PRELIMINARY LOCAL CLIMATOLOGICAL DATA (WS FORM: F-6)

                                          STATION:   READING PA
                                          MONTH:     MAY
                                          YEAR:      2018
                                          LATITUDE:   40 22 N
                                          LONGITUDE:  75 58 W

  TEMPERATURE IN F:       :PCPN:    SNOW:  WIND      :SUNSHINE: SKY     :PK WND
================================================================================
1   2   3   4   5  6A  6B    7    8   9   10  11  12  13   14  15   16   17  18
                                     12Z  AVG MX 2MIN
DY MAX MIN AVG DEP HDD CDD  WTR  SNW DPTH SPD SPD DIR MIN PSBL S-S WX    SPD DR
================================================================================

 1  80  37  59   2   6   0 0.00    M    M  5.9 18 290   M    M   0        24 290
 2  87  50  69  12   0   4 0.00    M    M  6.4 22 220   M    M   0        33 220
 3  90  61  76  19   0  11 0.00    M    M  7.2 25 350   M    M   1        31  10
 4  85  63  74  16   0   9    T    M    M  9.3 30 320   M    M   4 1      37 320
 5  73  58  66   8   0   1    T    M    M  7.8 18 330   M    M   3        25 310
 6  66  55  61   3   4   0 0.23    M    M  4.0 13 100   M    M   8 1      18 100
 7  74  48  61   3   4   0 0.00    M    M  4.0 15 320   M    M   3 12     18 320
 8  77  55  66   7   0   1 0.00    M    M  4.1 12 160   M    M   M        15 160
 9  80  50  65   6   0   0 0.00    M    M  3.1 12 160   0    0   M        16 150
10  77  51  64   5   1   0 0.03    M    M  5.2 15 230   M    M   3        20 220
11  76  56  66   6   0   1 0.09    M    M  5.9 16 300   M    M   4 1      21 320
12  67  50  59  -1   6   0 0.56    M    M  5.2 17  30   M    M   9 13     22  20
13  56  51  54  -6  11   0 0.66    M    M  4.5 10 140   M    M  10 1      14 160
14  78  54  66   6   0   1 0.00    M    M  3.9 13 220   M    M   7 1      16 270
15  90  63  77  16   0  12 0.60    M    M  6.5 41 290   M    M   2 13     53 300
16  64  59  62   1   3   0 0.31    M    M  4.5  9  60   M    M  10 1      12  70
17  71  59  65   4   0   0 0.28    M    M  2.6  9  20   M    M   9 1      11  10
18  69  52  61  -1   4   0 0.01    M    M  8.6 16  90   M    M   8 12     23 100
19  59  49  54  -8  11   0 1.35    M    M  3.7 13  60   M    M  10 1      18  70
20  81  59  70   8   0   5 0.01    M    M  5.4 18 290   M    M   6 1      24 290
21  79  55  67   4   0   2 0.00    M    M  3.6 14  10   M    M   0        16  10
22  65  60  63   0   2   0 0.49    M    M  3.3  9 150   M    M   9 1      13 140
================================================================================
SM 1644 1195        52  47  4.62    M    114.7            0    106
================================================================================
AV 74.7 54.3                               5.2 FASTST    0   0   5    MAX(MPH)
                                 MISC ---->  # 41 290               # 53  300
================================================================================
NOTES:
# LAST OF SEVERAL OCCURRENCES

COLUMN 17 PEAK WIND IN M.P.H.

PRELIMINARY LOCAL CLIMATOLOGICAL DATA (WS FORM: F-6) , PAGE 2

                                          STATION:  READING PA
                                          MONTH:    MAY
                                          YEAR:     2018
                                          LATITUDE:   40 22 N
                                          LONGITUDE:  75 58 W

[TEMPERATURE DATA]      [PRECIPITATION DATA]       SYMBOLS USED IN COLUMN 16

AVERAGE MONTHLY: 64.5   TOTAL FOR MONTH:   4.62    1 = FOG OR MIST
DPTR FM NORMAL:   4.8   DPTR FM NORMAL:    1.90    2 = FOG REDUCING VISIBILITY
HIGHEST:    90 ON 15, 3 GRTST 24HR  1.35 ON 19-19      TO 1/4 MILE OR LESS
LOWEST:     37 ON  1                               3 = THUNDER
                        SNOW, ICE PELLETS, HAIL    4 = ICE PELLETS
                        TOTAL MONTH:    M          5 = HAIL
                        GRTST 24HR    M  ON   M    6 = FREEZING RAIN OR DRIZZLE
                        GRTST DEPTH:  M  ON   M    7 = DUSTSTORM OR SANDSTORM:
                                                       VSBY 1/2 MILE OR LESS
                                                   8 = SMOKE OR HAZE
[NO. OF DAYS WITH]      [WEATHER - DAYS WITH]      9 = BLOWING SNOW
                                                   X = TORNADO
MAX 32 OR BELOW:   0    0.01 INCH OR MORE:  12
MAX 90 OR ABOVE:   2    0.10 INCH OR MORE:   8
MIN 32 OR BELOW:   0    0.50 INCH OR MORE:   4
MIN  0 OR BELOW:   0    1.00 INCH OR MORE:   1

[HDD (BASE 65) ]
TOTAL THIS MO.    52    CLEAR  (SCALE 0-3)   6
DPTR FM NORMAL   -89    PTCLDY (SCALE 4-7)   8
TOTAL FM JUL 1  5179    CLOUDY (SCALE 8-10)  6
DPTR FM NORMAL  -160

[CDD (BASE 65) ]
TOTAL THIS MO.    47
DPTR FM NORMAL    18    [PRESSURE DATA]
TOTAL FM JAN 1    58    HIGHEST SLP M ON M
DPTR FM NORMAL    20    LOWEST  SLP 29.80 ON 15

[REMARKS]
